

{"id":4976,"date":"2025-08-29T10:15:29","date_gmt":"2025-08-29T08:15:29","guid":{"rendered":"https:\/\/copernicus.chmi.cz\/?page_id=4976"},"modified":"2025-10-14T14:42:06","modified_gmt":"2025-10-14T12:42:06","slug":"czech-user-forum-copernicus-and-remote-sensing-2025","status":"publish","type":"page","link":"https:\/\/copernicus.chmi.cz\/index.php\/czech-user-forum-copernicus-and-remote-sensing-2025\/","title":{"rendered":"Czech User Forum Copernicus and Remote Sensing 2025"},"content":{"rendered":"\t\t<div data-elementor-type=\"wp-page\" data-elementor-id=\"4976\" class=\"elementor elementor-4976\">\n\t\t\t\t<div class=\"elementor-element elementor-element-f2dda81 e-flex e-con-boxed e-con e-parent\" data-id=\"f2dda81\" data-element_type=\"container\">\n\t\t\t\t\t<div class=\"e-con-inner\">\n\t\t\t\t<div class=\"elementor-element elementor-element-8ad32a2 elementor-align-right elementor-widget elementor-widget-button\" data-id=\"8ad32a2\" data-element_type=\"widget\" data-widget_type=\"button.default\">\n\t\t\t\t\t\t\t\t\t\t<a class=\"elementor-button elementor-button-link elementor-size-sm\" href=\"https:\/\/copernicus.chmi.cz\/index.php\/forumcopernicus2025\/\">\n\t\t\t\t\t\t<span class=\"elementor-button-content-wrapper\">\n\t\t\t\t\t\t<span class=\"elementor-button-icon\">\n\t\t\t\t<svg aria-hidden=\"true\" class=\"e-font-icon-svg e-fas-language\" viewBox=\"0 0 640 512\" xmlns=\"http:\/\/www.w3.org\/2000\/svg\"><path d=\"M152.1 236.2c-3.5-12.1-7.8-33.2-7.8-33.2h-.5s-4.3 21.1-7.8 33.2l-11.1 37.5H163zM616 96H336v320h280c13.3 0 24-10.7 24-24V120c0-13.3-10.7-24-24-24zm-24 120c0 6.6-5.4 12-12 12h-11.4c-6.9 23.6-21.7 47.4-42.7 69.9 8.4 6.4 17.1 12.5 26.1 18 5.5 3.4 7.3 10.5 4.1 16.2l-7.9 13.9c-3.4 5.9-10.9 7.8-16.7 4.3-12.6-7.8-24.5-16.1-35.4-24.9-10.9 8.7-22.7 17.1-35.4 24.9-5.8 3.5-13.3 1.6-16.7-4.3l-7.9-13.9c-3.2-5.6-1.4-12.8 4.2-16.2 9.3-5.7 18-11.7 26.1-18-7.9-8.4-14.9-17-21-25.7-4-5.7-2.2-13.6 3.7-17.1l6.5-3.9 7.3-4.3c5.4-3.2 12.4-1.7 16 3.4 5 7 10.8 14 17.4 20.9 13.5-14.2 23.8-28.9 30-43.2H412c-6.6 0-12-5.4-12-12v-16c0-6.6 5.4-12 12-12h64v-16c0-6.6 5.4-12 12-12h16c6.6 0 12 5.4 12 12v16h64c6.6 0 12 5.4 12 12zM0 120v272c0 13.3 10.7 24 24 24h280V96H24c-13.3 0-24 10.7-24 24zm58.9 216.1L116.4 167c1.7-4.9 6.2-8.1 11.4-8.1h32.5c5.1 0 9.7 3.3 11.4 8.1l57.5 169.1c2.6 7.8-3.1 15.9-11.4 15.9h-22.9a12 12 0 0 1-11.5-8.6l-9.4-31.9h-60.2l-9.1 31.8c-1.5 5.1-6.2 8.7-11.5 8.7H70.3c-8.2 0-14-8.1-11.4-15.9z\"><\/path><\/svg>\t\t\t<\/span>\n\t\t\t\t\t\t\t\t\t<span class=\"elementor-button-text\">\u010desky<\/span>\n\t\t\t\t\t<\/span>\n\t\t\t\t\t<\/a>\n\t\t\t\t\t\t\t\t<\/div>\n\t\t\t\t\t<\/div>\n\t\t\t\t<\/div>\n\t\t<div class=\"elementor-element elementor-element-b72491f e-flex e-con-boxed e-con e-parent\" data-id=\"b72491f\" data-element_type=\"container\">\n\t\t\t\t\t<div class=\"e-con-inner\">\n\t\t<div class=\"elementor-element elementor-element-17d0c3c e-con-full e-flex e-con e-child\" data-id=\"17d0c3c\" data-element_type=\"container\">\n\t\t\t\t<div class=\"elementor-element elementor-element-d18ced0 elementor-widget elementor-widget-heading\" data-id=\"d18ced0\" data-element_type=\"widget\" data-widget_type=\"heading.default\">\n\t\t\t\t\t<h1 class=\"elementor-heading-title elementor-size-default\">Czech User Forum Copernicus and Remote Sensing 2025<\/h1>\t\t\t\t<\/div>\n\t\t\t\t<\/div>\n\t\t<div class=\"elementor-element elementor-element-a3c5864 e-con-full e-flex e-con e-child\" data-id=\"a3c5864\" data-element_type=\"container\">\n\t\t<div class=\"elementor-element elementor-element-7776550 e-flex e-con-boxed e-con e-child\" data-id=\"7776550\" data-element_type=\"container\">\n\t\t\t\t\t<div class=\"e-con-inner\">\n\t\t\t\t<div class=\"elementor-element elementor-element-b737b0c elementor-widget elementor-widget-text-editor\" data-id=\"b737b0c\" data-element_type=\"widget\" data-widget_type=\"text-editor.default\">\n\t\t\t\t\t\t\t\t\t<p>The Copernicus programme agenda, coordinated for the second year by the Czech Hydrometeorological Institute, builds on previous editions and once again brings you the Czech User Forum Copernicus and Remote Sensing Conference, held as part of Czech Space Week 2025. The conference programme has been prepared in cooperation with the Ministry of Transport and the Faculty of Science, Charles University.<\/p><p>On the first day of the conference, a workshop organized by the Copernicus Climate Change Service will take place at the City Conference Center. The programme is divided into two levels \u2013 for beginner and advanced data users \u2013 so everyone can find what suits them. Participants will learn how to work practically with climate data, receive tips for data analysis, and see examples of real-world applications. The workshop is an ideal opportunity to connect theory with practice and enhance your skills. The workshop will be conducted in English.<\/p>\t\t\t\t\t\t\t\t<\/div>\n\t\t\t\t\t<\/div>\n\t\t\t\t<\/div>\n\t\t<div class=\"elementor-element elementor-element-7357e96 e-con-full e-flex e-con e-child\" data-id=\"7357e96\" data-element_type=\"container\">\n\t\t\t\t<div class=\"elementor-element elementor-element-9c5f40b elementor-widget elementor-widget-image\" data-id=\"9c5f40b\" data-element_type=\"widget\" data-widget_type=\"image.default\">\n\t\t\t\t\t\t\t\t\t\t\t\t\t\t\t<img fetchpriority=\"high\" decoding=\"async\" width=\"1024\" height=\"1024\" src=\"https:\/\/copernicus.chmi.cz\/wp-content\/uploads\/2025\/08\/Banner_Squared-1024x1024.png\" class=\"attachment-large size-large wp-image-4923\" alt=\"\" srcset=\"https:\/\/copernicus.chmi.cz\/wp-content\/uploads\/2025\/08\/Banner_Squared-1024x1024.png 1024w, https:\/\/copernicus.chmi.cz\/wp-content\/uploads\/2025\/08\/Banner_Squared-300x300.png 300w, https:\/\/copernicus.chmi.cz\/wp-content\/uploads\/2025\/08\/Banner_Squared-150x150.png 150w, https:\/\/copernicus.chmi.cz\/wp-content\/uploads\/2025\/08\/Banner_Squared-768x768.png 768w, https:\/\/copernicus.chmi.cz\/wp-content\/uploads\/2025\/08\/Banner_Squared-1232x1232.png 1232w, https:\/\/copernicus.chmi.cz\/wp-content\/uploads\/2025\/08\/Banner_Squared-1080x1080.png 1080w, https:\/\/copernicus.chmi.cz\/wp-content\/uploads\/2025\/08\/Banner_Squared.png 1536w\" sizes=\"(max-width: 1024px) 100vw, 1024px\" \/>\t\t\t\t\t\t\t\t\t\t\t\t\t\t\t<\/div>\n\t\t\t\t<\/div>\n\t\t\t\t<\/div>\n\t\t<div class=\"elementor-element elementor-element-0e5b29d e-con-full e-flex e-con e-child\" data-id=\"0e5b29d\" data-element_type=\"container\" data-settings=\"{&quot;background_background&quot;:&quot;classic&quot;}\">\n\t\t<div class=\"elementor-element elementor-element-a848c5e e-con-full e-flex e-con e-child\" data-id=\"a848c5e\" data-element_type=\"container\">\n\t\t\t\t<div class=\"elementor-element elementor-element-c1fcdec elementor-widget elementor-widget-text-editor\" data-id=\"c1fcdec\" data-element_type=\"widget\" data-widget_type=\"text-editor.default\">\n\t\t\t\t\t\t\t\t\t<div class=\"gridContainer\"><p><b>Conference Agenda<br \/><\/b><\/p><\/div>\t\t\t\t\t\t\t\t<\/div>\n\t\t\t\t<div class=\"elementor-element elementor-element-7acc242 elementor-align-center elementor-widget elementor-widget-button\" data-id=\"7acc242\" data-element_type=\"widget\" data-widget_type=\"button.default\">\n\t\t\t\t\t\t\t\t\t\t<a class=\"elementor-button elementor-button-link elementor-size-sm\" href=\"https:\/\/copernicus.chmi.cz\/wp-content\/uploads\/2025\/10\/copernicus_program_2025-1.pdf\">\n\t\t\t\t\t\t<span class=\"elementor-button-content-wrapper\">\n\t\t\t\t\t\t<span class=\"elementor-button-icon\">\n\t\t\t\t<svg aria-hidden=\"true\" class=\"e-font-icon-svg e-fas-file-signature\" viewBox=\"0 0 576 512\" xmlns=\"http:\/\/www.w3.org\/2000\/svg\"><path d=\"M218.17 424.14c-2.95-5.92-8.09-6.52-10.17-6.52s-7.22.59-10.02 6.19l-7.67 15.34c-6.37 12.78-25.03 11.37-29.48-2.09L144 386.59l-10.61 31.88c-5.89 17.66-22.38 29.53-41 29.53H80c-8.84 0-16-7.16-16-16s7.16-16 16-16h12.39c4.83 0 9.11-3.08 10.64-7.66l18.19-54.64c3.3-9.81 12.44-16.41 22.78-16.41s19.48 6.59 22.77 16.41l13.88 41.64c19.75-16.19 54.06-9.7 66 14.16 1.89 3.78 5.49 5.95 9.36 6.26v-82.12l128-127.09V160H248c-13.2 0-24-10.8-24-24V0H24C10.7 0 0 10.7 0 24v464c0 13.3 10.7 24 24 24h336c13.3 0 24-10.7 24-24v-40l-128-.11c-16.12-.31-30.58-9.28-37.83-23.75zM384 121.9c0-6.3-2.5-12.4-7-16.9L279.1 7c-4.5-4.5-10.6-7-17-7H256v128h128v-6.1zm-96 225.06V416h68.99l161.68-162.78-67.88-67.88L288 346.96zm280.54-179.63l-31.87-31.87c-9.94-9.94-26.07-9.94-36.01 0l-27.25 27.25 67.88 67.88 27.25-27.25c9.95-9.94 9.95-26.07 0-36.01z\"><\/path><\/svg>\t\t\t<\/span>\n\t\t\t\t\t\t\t\t\t<span class=\"elementor-button-text\">Agenda<\/span>\n\t\t\t\t\t<\/span>\n\t\t\t\t\t<\/a>\n\t\t\t\t\t\t\t\t<\/div>\n\t\t\t\t<\/div>\n\t\t<div class=\"elementor-element elementor-element-a9be122 e-con-full e-flex e-con e-child\" data-id=\"a9be122\" data-element_type=\"container\">\n\t\t\t\t<div class=\"elementor-element elementor-element-79f7c75 elementor-widget elementor-widget-text-editor\" data-id=\"79f7c75\" data-element_type=\"widget\" data-widget_type=\"text-editor.default\">\n\t\t\t\t\t\t\t\t\t<div class=\"gridContainer\"><p><b>C3S User Interaction Session<br \/><\/b><\/p><\/div>\t\t\t\t\t\t\t\t<\/div>\n\t\t\t\t<div class=\"elementor-element elementor-element-9158fa8 elementor-align-center elementor-widget elementor-widget-button\" data-id=\"9158fa8\" data-element_type=\"widget\" data-widget_type=\"button.default\">\n\t\t\t\t\t\t\t\t\t\t<a class=\"elementor-button elementor-button-link elementor-size-sm\" href=\"https:\/\/copernicus.chmi.cz\/wp-content\/uploads\/2025\/10\/CZ-UIS-Agenda-1.pdf\">\n\t\t\t\t\t\t<span class=\"elementor-button-content-wrapper\">\n\t\t\t\t\t\t<span class=\"elementor-button-icon\">\n\t\t\t\t<svg aria-hidden=\"true\" class=\"e-font-icon-svg e-fas-file-signature\" viewBox=\"0 0 576 512\" xmlns=\"http:\/\/www.w3.org\/2000\/svg\"><path d=\"M218.17 424.14c-2.95-5.92-8.09-6.52-10.17-6.52s-7.22.59-10.02 6.19l-7.67 15.34c-6.37 12.78-25.03 11.37-29.48-2.09L144 386.59l-10.61 31.88c-5.89 17.66-22.38 29.53-41 29.53H80c-8.84 0-16-7.16-16-16s7.16-16 16-16h12.39c4.83 0 9.11-3.08 10.64-7.66l18.19-54.64c3.3-9.81 12.44-16.41 22.78-16.41s19.48 6.59 22.77 16.41l13.88 41.64c19.75-16.19 54.06-9.7 66 14.16 1.89 3.78 5.49 5.95 9.36 6.26v-82.12l128-127.09V160H248c-13.2 0-24-10.8-24-24V0H24C10.7 0 0 10.7 0 24v464c0 13.3 10.7 24 24 24h336c13.3 0 24-10.7 24-24v-40l-128-.11c-16.12-.31-30.58-9.28-37.83-23.75zM384 121.9c0-6.3-2.5-12.4-7-16.9L279.1 7c-4.5-4.5-10.6-7-17-7H256v128h128v-6.1zm-96 225.06V416h68.99l161.68-162.78-67.88-67.88L288 346.96zm280.54-179.63l-31.87-31.87c-9.94-9.94-26.07-9.94-36.01 0l-27.25 27.25 67.88 67.88 27.25-27.25c9.95-9.94 9.95-26.07 0-36.01z\"><\/path><\/svg>\t\t\t<\/span>\n\t\t\t\t\t\t\t\t\t<span class=\"elementor-button-text\">Agenda<\/span>\n\t\t\t\t\t<\/span>\n\t\t\t\t\t<\/a>\n\t\t\t\t\t\t\t\t<\/div>\n\t\t\t\t<\/div>\n\t\t\t\t<\/div>\n\t\t<div class=\"elementor-element elementor-element-e6b2e4d e-con-full e-flex e-con e-child\" data-id=\"e6b2e4d\" data-element_type=\"container\">\n\t\t\t\t<div class=\"elementor-element elementor-element-88c3bd3 elementor-widget elementor-widget-text-editor\" data-id=\"88c3bd3\" data-element_type=\"widget\" data-widget_type=\"text-editor.default\">\n\t\t\t\t\t\t\t\t\t<p>On the second day, the conference dedicated to the Copernicus programme and the use of remote sensing data will take place in the representative premises of the Mayor of Prague\u2019s Residence. You can expect a full day of engaging presentations on the use of Copernicus data in the Czech Republic and more general applications of Earth observation data, complemented by practical examples and discussions with experts. The conference will feature lectures by specialists from public administration, academia, and the private sector. Participants will learn about current trends, research, and practical applications of data in various fields. The conference will also include a poster session, providing participants with the opportunity to present their projects. The conference will be held in Czech.<\/p>\t\t\t\t\t\t\t\t<\/div>\n\t\t\t\t<div class=\"elementor-element elementor-element-49da5e4 elementor-widget elementor-widget-image\" data-id=\"49da5e4\" data-element_type=\"widget\" data-widget_type=\"image.default\">\n\t\t\t\t\t\t\t\t\t\t\t\t\t\t\t<img decoding=\"async\" width=\"1024\" height=\"585\" src=\"https:\/\/copernicus.chmi.cz\/wp-content\/uploads\/2025\/07\/SaveTheDate-1024x585.jpg\" class=\"attachment-large size-large wp-image-4906\" alt=\"\" srcset=\"https:\/\/copernicus.chmi.cz\/wp-content\/uploads\/2025\/07\/SaveTheDate-1024x585.jpg 1024w, https:\/\/copernicus.chmi.cz\/wp-content\/uploads\/2025\/07\/SaveTheDate-300x171.jpg 300w, https:\/\/copernicus.chmi.cz\/wp-content\/uploads\/2025\/07\/SaveTheDate-768x439.jpg 768w, https:\/\/copernicus.chmi.cz\/wp-content\/uploads\/2025\/07\/SaveTheDate-1536x878.jpg 1536w, https:\/\/copernicus.chmi.cz\/wp-content\/uploads\/2025\/07\/SaveTheDate-2048x1171.jpg 2048w, https:\/\/copernicus.chmi.cz\/wp-content\/uploads\/2025\/07\/SaveTheDate-1232x704.jpg 1232w, https:\/\/copernicus.chmi.cz\/wp-content\/uploads\/2025\/07\/SaveTheDate-1890x1080.jpg 1890w\" sizes=\"(max-width: 1024px) 100vw, 1024px\" \/>\t\t\t\t\t\t\t\t\t\t\t\t\t\t\t<\/div>\n\t\t\t\t<\/div>\n\t\t<div class=\"elementor-element elementor-element-e8c2c4b e-con-full e-flex e-con e-child\" data-id=\"e8c2c4b\" data-element_type=\"container\">\n\t\t\t\t<div class=\"elementor-element elementor-element-3135a48 elementor-widget elementor-widget-heading\" data-id=\"3135a48\" data-element_type=\"widget\" data-widget_type=\"heading.default\">\n\t\t\t\t\t<h3 class=\"elementor-heading-title elementor-size-default\">How to get to the conference<\/h3>\t\t\t\t<\/div>\n\t\t\t\t<\/div>\n\t\t<div class=\"elementor-element elementor-element-e33db72 e-con-full e-flex e-con e-child\" data-id=\"e33db72\" data-element_type=\"container\">\n\t\t<div class=\"elementor-element elementor-element-8dd43a8 e-con-full e-flex e-con e-child\" data-id=\"8dd43a8\" data-element_type=\"container\">\n\t\t\t\t<div class=\"elementor-element elementor-element-6c9c4a0 elementor-widget elementor-widget-text-editor\" data-id=\"6c9c4a0\" data-element_type=\"widget\" data-widget_type=\"text-editor.default\">\n\t\t\t\t\t\t\t\t\t<p>Rezidence prim\u00e1tora hlavn\u00edho m\u011bsta Prahy<\/p><p><a href=\"https:\/\/www.google.com\/maps\/place\/data=!4m2!3m1!1s0x470b957d4ce43ceb:0x32181325ef9165a6?sa=X&amp;ved=1t:8290&amp;ictx=111\">Mari\u00e1nsk\u00e9 n\u00e1m. 1, 110 00 Star\u00e9 M\u011bsto<\/a><\/p><p>The residence is located in the building of the Municipal Library of Prague. It has a separate entrance at the corner of Platn\u00e9\u0159sk\u00e1 and \u017dateck\u00e1 streets.<\/p><p><strong>Subway<\/strong><\/p><p>Get off at Starom\u011bstsk\u00e1 station (line A \u2013 green). From there, it&#8217;s about a 3-minute walk to Mari\u00e1nsk\u00e9 Square.<\/p><p><strong>Tram<\/strong><\/p><p>The nearest stop is Starom\u011bstsk\u00e1 (lines 2, 17, 18). After getting off, it&#8217;s approximately a 4-minute walk toward Mari\u00e1nsk\u00e9 Square.<\/p>\t\t\t\t\t\t\t\t<\/div>\n\t\t\t\t<\/div>\n\t\t\t\t<div class=\"elementor-element elementor-element-93bc86e elementor-widget elementor-widget-google_maps\" data-id=\"93bc86e\" data-element_type=\"widget\" data-widget_type=\"google_maps.default\">\n\t\t\t\t\t\t\t<div class=\"elementor-custom-embed\">\n\t\t\t<iframe loading=\"lazy\"\n\t\t\t\t\tsrc=\"https:\/\/maps.google.com\/maps?q=Mari%C3%A1nsk%C3%A9%20n%C3%A1m.%201%2C%20110%2000%20Star%C3%A9%20M%C4%9Bsto%2C%20Praha&#038;t=m&#038;z=16&#038;output=embed&#038;iwloc=near\"\n\t\t\t\t\ttitle=\"Mari\u00e1nsk\u00e9 n\u00e1m. 1, 110 00 Star\u00e9 M\u011bsto, Praha\"\n\t\t\t\t\taria-label=\"Mari\u00e1nsk\u00e9 n\u00e1m. 1, 110 00 Star\u00e9 M\u011bsto, Praha\"\n\t\t\t><\/iframe>\n\t\t<\/div>\n\t\t\t\t\t\t<\/div>\n\t\t\t\t<\/div>\n\t\t<div class=\"elementor-element elementor-element-a0d4cb5 e-con-full e-flex e-con e-child\" data-id=\"a0d4cb5\" data-element_type=\"container\">\n\t\t\t\t<div class=\"elementor-element elementor-element-166fca5 elementor-widget elementor-widget-heading\" data-id=\"166fca5\" data-element_type=\"widget\" data-widget_type=\"heading.default\">\n\t\t\t\t\t<h3 class=\"elementor-heading-title elementor-size-default\">How to get to the workshop<\/h3>\t\t\t\t<\/div>\n\t\t\t\t<\/div>\n\t\t<div class=\"elementor-element elementor-element-35097bd e-con-full e-flex e-con e-child\" data-id=\"35097bd\" data-element_type=\"container\">\n\t\t<div class=\"elementor-element elementor-element-b483909 e-con-full e-flex e-con e-child\" data-id=\"b483909\" data-element_type=\"container\">\n\t\t\t\t<div class=\"elementor-element elementor-element-4b0b399 elementor-widget elementor-widget-text-editor\" data-id=\"4b0b399\" data-element_type=\"widget\" data-widget_type=\"text-editor.default\">\n\t\t\t\t\t\t\t\t\t<p><strong>City Conference Center (CCC)<\/strong><\/p><p>Na Str\u017ei\u00a065\/1702<br \/>140 00 Praha 4<\/p><p><strong>Tram<\/strong><\/p><p>The nearest stop is the final stop Pankr\u00e1c (line 19). CCC is located approximately 250 meters from the stop.<\/p>\t\t\t\t\t\t\t\t<\/div>\n\t\t\t\t<\/div>\n\t\t\t\t<div class=\"elementor-element elementor-element-9d92e0c elementor-widget elementor-widget-google_maps\" data-id=\"9d92e0c\" data-element_type=\"widget\" data-widget_type=\"google_maps.default\">\n\t\t\t\t\t\t\t<div class=\"elementor-custom-embed\">\n\t\t\t<iframe loading=\"lazy\"\n\t\t\t\t\tsrc=\"https:\/\/maps.google.com\/maps?q=Konferen%C4%8Dn%C3%AD%20centrum%20city&#038;t=m&#038;z=16&#038;output=embed&#038;iwloc=near\"\n\t\t\t\t\ttitle=\"Konferen\u010dn\u00ed centrum city\"\n\t\t\t\t\taria-label=\"Konferen\u010dn\u00ed centrum city\"\n\t\t\t><\/iframe>\n\t\t<\/div>\n\t\t\t\t\t\t<\/div>\n\t\t\t\t<\/div>\n\t\t\t\t\t<\/div>\n\t\t\t\t<\/div>\n\t\t\t\t<\/div>\n\t\t","protected":false},"excerpt":{"rendered":"<p>\u010desky Czech User Forum Copernicus and Remote Sensing 2025 The Copernicus programme agenda, coordinated for the second year by the Czech Hydrometeorological Institute, builds on previous editions and once again&nbsp;&hellip;<\/p>\n","protected":false},"author":12,"featured_media":0,"parent":0,"menu_order":0,"comment_status":"closed","ping_status":"closed","template":"","meta":{"footnotes":""},"class_list":["post-4976","page","type-page","status-publish","hentry"],"_links":{"self":[{"href":"https:\/\/copernicus.chmi.cz\/index.php\/wp-json\/wp\/v2\/pages\/4976","targetHints":{"allow":["GET"]}}],"collection":[{"href":"https:\/\/copernicus.chmi.cz\/index.php\/wp-json\/wp\/v2\/pages"}],"about":[{"href":"https:\/\/copernicus.chmi.cz\/index.php\/wp-json\/wp\/v2\/types\/page"}],"author":[{"embeddable":true,"href":"https:\/\/copernicus.chmi.cz\/index.php\/wp-json\/wp\/v2\/users\/12"}],"replies":[{"embeddable":true,"href":"https:\/\/copernicus.chmi.cz\/index.php\/wp-json\/wp\/v2\/comments?post=4976"}],"version-history":[{"count":19,"href":"https:\/\/copernicus.chmi.cz\/index.php\/wp-json\/wp\/v2\/pages\/4976\/revisions"}],"predecessor-version":[{"id":5021,"href":"https:\/\/copernicus.chmi.cz\/index.php\/wp-json\/wp\/v2\/pages\/4976\/revisions\/5021"}],"wp:attachment":[{"href":"https:\/\/copernicus.chmi.cz\/index.php\/wp-json\/wp\/v2\/media?parent=4976"}],"curies":[{"name":"wp","href":"https:\/\/api.w.org\/{rel}","templated":true}]}}