

{"id":3503,"date":"2022-04-13T13:17:16","date_gmt":"2022-04-13T11:17:16","guid":{"rendered":"https:\/\/copernicus.chmi.cz\/?page_id=3503"},"modified":"2023-03-22T08:50:32","modified_gmt":"2023-03-22T07:50:32","slug":"copernicus-2-0","status":"publish","type":"page","link":"https:\/\/copernicus.chmi.cz\/index.php\/copernicus-2-0\/","title":{"rendered":"Copernicus 2.0"},"content":{"rendered":"<div  data-label=\"Features\" data-id=\"features--1\" data-export-id=\"features-16\" data-category=\"features\" class=\"features-16 content-section content-section-spacing-large\" id=\"features-1\" style=\"background-color: rgb(255, 255, 255);\"><div  class=\"gridContainer\"> <div  class=\"row text-center\"><div  class=\"section-title-col\" data-type=\"column\"> <h2  class=\"\">Copernicus 2.0<\/h2> <p  class=\"lead\" style=\"text-align: center;\"><span  style=\"font-weight: 300;\">Start posledn\u00ed mise Sentinel-6 Michael Freilich zakon\u010dil jednu etapu programu Copernicus a v navazuj\u00edc\u00ed etap\u011b se budou zdokonalovat  slu\u017eby programu tak, aby co nejl\u00e9pe odpov\u00eddaly m\u011bn\u00edc\u00edm se po\u017eadavk\u016fm u\u017eivatel\u016f s d\u016frazem na klimatickou zm\u011bnu a digit\u00e1ln\u00ed transformaci. V programu Copernicus 2.0 jsou vyv\u00edjeny roz\u0161i\u0159uj\u00edc\u00ed mise kosmick\u00e9 komponenty programu, kter\u00e9 by tyto po\u017eadavky m\u011bly naplnit.<\/span><span  id=\"_mce_caret\" data-mce-bogus=\"1\" data-mce-type=\"format-caret\"><span  style=\"font-weight: 400;\">\ufeff<\/span><\/span><\/p><\/div> <\/div> <div  class=\"row spaced-cols\" data-type=\"row\"> <div  class=\"col-xs-12 col-sm-6 col-md-4 space-bottom\"> <img decoding=\"async\"  class=\"face mdc-elevation--z3\" src=\"https:\/\/copernicus.chmi.cz\/wp-content\/uploads\/2022\/04\/cropped-cropped-CHIME.jpg\"> <div  data-type=\"column\" class=\"col-padding-small col-padding-small-xs description-container\"> <h4  class=\"font-500\">CHIME: Mise pro hyperspektr\u00e1ln\u00ed monitorov\u00e1n\u00ed \u017eivotn\u00edho prost\u0159ed\u00ed<\/h4> <p  class=\"\">Jedn\u00e1 se o dopln\u011bk Sentinel-2, kter\u00fd bude prov\u00e1d\u011bt pravideln\u00e9 hyperspektr\u00e1ln\u00ed pozorov\u00e1n\u00ed s c\u00edlem vylep\u0161ovat slu\u017eby pro udr\u017eiteln\u00e9 zem\u011bd\u011blstv\u00ed, monitorov\u00e1n\u00ed biodiverzity a vlastnost\u00ed p\u016fd. O\u010dek\u00e1v\u00e1 se spektr\u00e1ln\u00ed rozsah mise od viditeln\u00e9ho sv\u011btla (400 nm) po kr\u00e1tkovlnn\u00e9 infra\u010derven\u00e9 (2500 nm).<\/p> <a class=\"read-more\" href=\"\/\/esamultimedia.esa.int\/docs\/EarthObservation\/Copernicus_CHIME_MRD_v3.0_Issued_21_01_2021.pdf\" target=\"_blank\" data-cp-link=\"1\" rel=\"noopener\">v\u00edce informac\u00ed<\/a><\/div> <\/div> <div  class=\"col-xs-12 col-sm-6 col-md-4 space-bottom\"> <img decoding=\"async\"  class=\"face mdc-elevation--z3\" src=\"https:\/\/copernicus.chmi.cz\/wp-content\/uploads\/2022\/04\/cropped-cropped-CIMR-scaled-2.jpg\"> <div  data-type=\"column\" class=\"col-padding-small col-padding-small-xs description-container\"> <h4  class=\"font-500\">CIMR: Mise pro monitorov\u00e1n\u00ed pomoc\u00ed mikrovlnn\u00e9ho radiometru<\/h4> <p  class=\"\">Tato mise se zam\u011b\u0159uje na monitorov\u00e1n\u00ed pol\u00e1rn\u00edch oblast\u00ed, konkr\u00e9tn\u011b bude pomoc\u00ed \u0161irokop\u00e1smov\u00e9ho v\u00edcefrekven\u010dn\u00edho mikrovlnn\u00e9ho radiometru sn\u00edmat teplotu hladiny mo\u0159e, koncentraci mo\u0159sk\u00e9ho ledu a slanost vod. Jedn\u00e1 se o reakci na po\u017eadavky u\u017eivatel\u016f vyu\u017e\u00edvaj\u00edc\u00edch data z arktick\u00fdch oblast\u00ed.<\/p> <a class=\"read-more\" href=\"\/\/esamultimedia.esa.int\/docs\/EarthObservation\/CIMR-MRD-v4.0-20201006_Issued.pdf\" target=\"_blank\" data-cp-link=\"1\" rel=\"noopener\">v\u00edce informac\u00ed<\/a><\/div> <\/div> <div  class=\"col-xs-12 col-sm-6 col-md-4 space-bottom\"> <img decoding=\"async\"  class=\"face mdc-elevation--z3\" src=\"https:\/\/copernicus.chmi.cz\/wp-content\/uploads\/2022\/04\/cropped-CO2M-scaled-1.jpg\"> <div  data-type=\"column\" class=\"col-padding-small col-padding-small-xs description-container\"> <h4  class=\"font-500\">CO2M: Mise pro monitorov\u00e1n\u00ed oxidu uhli\u010dit\u00e9ho z antropogenn\u00ed \u010dinnosti<\/h4> <p  class=\"\">Mise CO2M poskytne Evropsk\u00e9 unii nez\u00e1visl\u00fd zdroj informac\u00ed o mno\u017estv\u00ed oxidu uhli\u010dit\u00e9ho vyprodukovan\u00e9ho ze spalov\u00e1n\u00ed fosiln\u00edch paliv a pom\u016f\u017ee k napln\u011bn\u00ed c\u00edl\u016f politiky Zelen\u00e9 dohody. Mise p\u0159inese informace o stavu antropogenn\u00edch emis\u00ed CO2 a NO2 v r\u016fzn\u00fdch m\u011b\u0159\u00edtc\u00edch (m\u00edstn\u00ed, n\u00e1rodn\u00ed, region\u00e1ln\u00ed, kontinent\u00e1ln\u00ed a glob\u00e1ln\u00ed). Konkr\u00e9tn\u011b p\u0159isp\u011bje k detekci, monitorov\u00e1n\u00ed a kvantifikov\u00e1n\u00ed tzv. hotspot\u016f.<\/p> <a class=\"read-more\" href=\"\/\/esamultimedia.esa.int\/docs\/EarthObservation\/CO2M_MRD_v3.0_20201001_Issued.pdf\" target=\"_blank\" data-cp-link=\"1\" rel=\"noopener\">v\u00edce informac\u00ed<\/a><\/div> <\/div><div  class=\"col-xs-12 col-sm-6 col-md-4 space-bottom\"> <img decoding=\"async\"  class=\"face mdc-elevation--z3\" src=\"https:\/\/copernicus.chmi.cz\/wp-content\/uploads\/2022\/04\/cropped-CRISTAL-scaled-1.jpg\"> <div  data-type=\"column\" class=\"col-padding-small col-padding-small-xs description-container\"> <h4  class=\"font-500\">CRISTAL: Mise pro topografii pol\u00e1rn\u00edho ledu a sn\u011bhu<\/h4> <p  class=\"\">Stejn\u011b jako CIMR je i tato mise vyvinuta v nov\u00e9m HPCM s c\u00edlem monitorovat pol\u00e1rn\u00ed oblasti. Zat\u00edmco v\u0161ak mise CIMR vyv\u00edj\u00ed n\u00e1stroje pro monitorov\u00e1n\u00ed parametr\u016f povrchu mo\u0159sk\u00e9ho ledu, mise CRISTAL se zam\u011b\u0159uje na m\u011b\u0159en\u00ed tlou\u0161\u0165ky mo\u0159sk\u00e9ho ledu a nadmo\u0159sk\u00e9 v\u00fd\u0161ky pevniny. Tato mise ponese dvoufrekven\u010dn\u00ed radarov\u00fd v\u00fd\u0161kom\u011br a mikrovlnn\u00fd radiometr.<\/p> <a class=\"read-more\" href=\"\/\/esamultimedia.esa.int\/docs\/EarthObservation\/CRISTAL_MRD_v3_0_issued_20200529.pdf\" target=\"_blank\" data-cp-link=\"1\" rel=\"noopener\">v\u00edce informac\u00ed<\/a><\/div> <\/div><div  class=\"col-xs-12 col-sm-6 col-md-4 space-bottom\"> <img decoding=\"async\"  class=\"face mdc-elevation--z3\" src=\"https:\/\/copernicus.chmi.cz\/wp-content\/uploads\/2022\/04\/cropped-LSTM-scaled-1.jpg\"> <div  data-type=\"column\" class=\"col-padding-small col-padding-small-xs description-container\"> <h4  class=\"font-500\">LSTM: Mise pro monitorov\u00e1n\u00ed teploty povrchu Zem\u011b<\/h4> <p  class=\"\">S c\u00edlem doplnit existuj\u00edc\u00ed rodinu satelit\u016f Sentinel, mise LSTM sm\u011b\u0159uje k p\u0159\u00edm\u00e9 synergii se Sentinel-1, Sentinel-2 a Sentinel-3. Prim\u00e1rn\u00edm c\u00edlem mise je sledov\u00e1n\u00ed rychlosti evapotranspirace v evropsk\u00e9m m\u011b\u0159\u00edtku s pou\u017eit\u00edm prom\u011bnn\u00fdch teploty povrchu Zem\u011b (LST). Sekund\u00e1rn\u00edm c\u00edlem je podpora mapov\u00e1n\u00ed \u0161irok\u00e9 \u0161k\u00e1ly dal\u0161\u00edch slu\u017eeb, kter\u00e9 by data vysok\u00e9ho \u010dasoprostorov\u00e9ho rozli\u0161en\u00ed LTS mohla vyu\u017e\u00edvat. Tato mise ponese tepeln\u00fd infra\u010derven\u00fd senzor s vysok\u00fdm prostorov\u00fdm a \u010dasov\u00fdm rozli\u0161en\u00edm.<\/p> <a class=\"read-more\" href=\"\/\/esamultimedia.esa.int\/docs\/EarthObservation\/Copernicus_LSTM_MRD_v3.0_Issued_20210514.pdf\" target=\"_blank\" data-cp-link=\"1\" rel=\"noopener\">v\u00edce informac\u00ed<\/a><\/div> <\/div><div  class=\"col-xs-12 col-sm-6 col-md-4 space-bottom\"> <img decoding=\"async\"  class=\"face mdc-elevation--z3\" src=\"https:\/\/copernicus.chmi.cz\/wp-content\/uploads\/2022\/04\/cropped-ROSE-L.png\"> <div  data-type=\"column\" class=\"col-padding-small col-padding-small-xs description-container\"> <h4  class=\"font-500\">ROSE-L: Mise pro monitorov\u00e1n\u00ed pomoc\u00ed radaru se syntetickou aperturou skupiny L<\/h4> <p  class=\"\">Nyn\u00ed je na ob\u011b\u017en\u00e9 dr\u00e1ze SAR satelit Sentinel-1, kter\u00fd je mis\u00ed skupiny C. Jedn\u00e1 se o radar s vy\u0161\u0161\u00ed frekvenc\u00ed, pomoc\u00ed kter\u00e9ho nen\u00ed ale mo\u017en\u00e9 l\u00e9pe proniknout do mnoha p\u0159\u00edrodn\u00edch materi\u00e1l\u016f jako je stromov\u00e9 patro, such\u00fd sn\u00edh nebo led. To by m\u011bla ale pr\u00e1v\u011b tato nov\u00e1 dopl\u0148kov\u00e1 mise Sentinel-1 umo\u017enit a podpo\u0159it politiky lesn\u00edho hospod\u00e1\u0159stv\u00ed \u010di udr\u017eiteln\u00e9ho zem\u011bd\u011blstv\u00ed. M\u011bla by p\u0159isp\u011bt tak\u00e9 k monitorov\u00e1n\u00ed pol\u00e1rn\u00edch ledov\u00fdch p\u0159\u00edkrov\u016f a sez\u00f3nn\u00edho ledu.<\/p> <a class=\"read-more\" href=\"\/\/esamultimedia.esa.int\/docs\/EarthObservation\/Copernicus_L-band_SAR_mission_ROSE-L_MRD_v2.0_issued.pdf\" target=\"_blank\" data-cp-link=\"1\" rel=\"noopener\">v\u00edce informac\u00ed<\/a><\/div> <\/div><\/div> <\/div><\/div>","protected":false},"excerpt":{"rendered":"","protected":false},"author":6,"featured_media":0,"parent":0,"menu_order":0,"comment_status":"closed","ping_status":"closed","template":"pro\/page-templates\/full-width-page.php","meta":{"footnotes":""},"class_list":["post-3503","page","type-page","status-publish","hentry"],"_links":{"self":[{"href":"https:\/\/copernicus.chmi.cz\/index.php\/wp-json\/wp\/v2\/pages\/3503","targetHints":{"allow":["GET"]}}],"collection":[{"href":"https:\/\/copernicus.chmi.cz\/index.php\/wp-json\/wp\/v2\/pages"}],"about":[{"href":"https:\/\/copernicus.chmi.cz\/index.php\/wp-json\/wp\/v2\/types\/page"}],"author":[{"embeddable":true,"href":"https:\/\/copernicus.chmi.cz\/index.php\/wp-json\/wp\/v2\/users\/6"}],"replies":[{"embeddable":true,"href":"https:\/\/copernicus.chmi.cz\/index.php\/wp-json\/wp\/v2\/comments?post=3503"}],"version-history":[{"count":11,"href":"https:\/\/copernicus.chmi.cz\/index.php\/wp-json\/wp\/v2\/pages\/3503\/revisions"}],"predecessor-version":[{"id":3550,"href":"https:\/\/copernicus.chmi.cz\/index.php\/wp-json\/wp\/v2\/pages\/3503\/revisions\/3550"}],"wp:attachment":[{"href":"https:\/\/copernicus.chmi.cz\/index.php\/wp-json\/wp\/v2\/media?parent=3503"}],"curies":[{"name":"wp","href":"https:\/\/api.w.org\/{rel}","templated":true}]}}

<div  data-label="Features" data-id="features--1" data-export-id="features-16" data-category="features" class="features-16 content-section content-section-spacing-large" id="features-1" style="background-color: rgb(255, 255, 255);"><div  class="gridContainer"> <div  class="row text-center"><div  class="section-title-col" data-type="column"> <h2  class="">Copernicus 2.0</h2> <p  class="lead" style="text-align: center;"><span  style="font-weight: 300;">Start poslední mise Sentinel-6 Michael Freilich zakončil jednu etapu programu Copernicus a v navazující etapě se budou zdokonalovat  služby programu tak, aby co nejlépe odpovídaly měnícím se požadavkům uživatelů s důrazem na klimatickou změnu a digitální transformaci. V programu Copernicus 2.0 jsou vyvíjeny rozšiřující mise kosmické komponenty programu, které by tyto požadavky měly naplnit.</span><span  id="_mce_caret" data-mce-bogus="1" data-mce-type="format-caret"><span  style="font-weight: 400;">﻿</span></span></p></div> </div> <div  class="row spaced-cols" data-type="row"> <div  class="col-xs-12 col-sm-6 col-md-4 space-bottom"> <img decoding="async"  class="face mdc-elevation--z3" src="https://copernicus.chmi.cz/wp-content/uploads/2022/04/cropped-cropped-CHIME.jpg"> <div  data-type="column" class="col-padding-small col-padding-small-xs description-container"> <h4  class="font-500">CHIME: Mise pro hyperspektrální monitorování životního prostředí</h4> <p  class="">Jedná se o doplněk Sentinel-2, který bude provádět pravidelné hyperspektrální pozorování s cílem vylepšovat služby pro udržitelné zemědělství, monitorování biodiverzity a vlastností půd. Očekává se spektrální rozsah mise od viditelného světla (400 nm) po krátkovlnné infračervené (2500 nm).</p> <a class="read-more" href="//esamultimedia.esa.int/docs/EarthObservation/Copernicus_CHIME_MRD_v3.0_Issued_21_01_2021.pdf" target="_blank" data-cp-link="1" rel="noopener">více informací</a></div> </div> <div  class="col-xs-12 col-sm-6 col-md-4 space-bottom"> <img decoding="async"  class="face mdc-elevation--z3" src="https://copernicus.chmi.cz/wp-content/uploads/2022/04/cropped-cropped-CIMR-scaled-2.jpg"> <div  data-type="column" class="col-padding-small col-padding-small-xs description-container"> <h4  class="font-500">CIMR: Mise pro monitorování pomocí mikrovlnného radiometru</h4> <p  class="">Tato mise se zaměřuje na monitorování polárních oblastí, konkrétně bude pomocí širokopásmového vícefrekvenčního mikrovlnného radiometru snímat teplotu hladiny moře, koncentraci mořského ledu a slanost vod. Jedná se o reakci na požadavky uživatelů využívajících data z arktických oblastí.</p> <a class="read-more" href="//esamultimedia.esa.int/docs/EarthObservation/CIMR-MRD-v4.0-20201006_Issued.pdf" target="_blank" data-cp-link="1" rel="noopener">více informací</a></div> </div> <div  class="col-xs-12 col-sm-6 col-md-4 space-bottom"> <img decoding="async"  class="face mdc-elevation--z3" src="https://copernicus.chmi.cz/wp-content/uploads/2022/04/cropped-CO2M-scaled-1.jpg"> <div  data-type="column" class="col-padding-small col-padding-small-xs description-container"> <h4  class="font-500">CO2M: Mise pro monitorování oxidu uhličitého z antropogenní činnosti</h4> <p  class="">Mise CO2M poskytne Evropské unii nezávislý zdroj informací o množství oxidu uhličitého vyprodukovaného ze spalování fosilních paliv a pomůže k naplnění cílů politiky Zelené dohody. Mise přinese informace o stavu antropogenních emisí CO2 a NO2 v různých měřítcích (místní, národní, regionální, kontinentální a globální). Konkrétně přispěje k detekci, monitorování a kvantifikování tzv. hotspotů.</p> <a class="read-more" href="//esamultimedia.esa.int/docs/EarthObservation/CO2M_MRD_v3.0_20201001_Issued.pdf" target="_blank" data-cp-link="1" rel="noopener">více informací</a></div> </div><div  class="col-xs-12 col-sm-6 col-md-4 space-bottom"> <img decoding="async"  class="face mdc-elevation--z3" src="https://copernicus.chmi.cz/wp-content/uploads/2022/04/cropped-CRISTAL-scaled-1.jpg"> <div  data-type="column" class="col-padding-small col-padding-small-xs description-container"> <h4  class="font-500">CRISTAL: Mise pro topografii polárního ledu a sněhu</h4> <p  class="">Stejně jako CIMR je i tato mise vyvinuta v novém HPCM s cílem monitorovat polární oblasti. Zatímco však mise CIMR vyvíjí nástroje pro monitorování parametrů povrchu mořského ledu, mise CRISTAL se zaměřuje na měření tloušťky mořského ledu a nadmořské výšky pevniny. Tato mise ponese dvoufrekvenční radarový výškoměr a mikrovlnný radiometr.</p> <a class="read-more" href="//esamultimedia.esa.int/docs/EarthObservation/CRISTAL_MRD_v3_0_issued_20200529.pdf" target="_blank" data-cp-link="1" rel="noopener">více informací</a></div> </div><div  class="col-xs-12 col-sm-6 col-md-4 space-bottom"> <img decoding="async"  class="face mdc-elevation--z3" src="https://copernicus.chmi.cz/wp-content/uploads/2022/04/cropped-LSTM-scaled-1.jpg"> <div  data-type="column" class="col-padding-small col-padding-small-xs description-container"> <h4  class="font-500">LSTM: Mise pro monitorování teploty povrchu Země</h4> <p  class="">S cílem doplnit existující rodinu satelitů Sentinel, mise LSTM směřuje k přímé synergii se Sentinel-1, Sentinel-2 a Sentinel-3. Primárním cílem mise je sledování rychlosti evapotranspirace v evropském měřítku s použitím proměnných teploty povrchu Země (LST). Sekundárním cílem je podpora mapování široké škály dalších služeb, které by data vysokého časoprostorového rozlišení LTS mohla využívat. Tato mise ponese tepelný infračervený senzor s vysokým prostorovým a časovým rozlišením.</p> <a class="read-more" href="//esamultimedia.esa.int/docs/EarthObservation/Copernicus_LSTM_MRD_v3.0_Issued_20210514.pdf" target="_blank" data-cp-link="1" rel="noopener">více informací</a></div> </div><div  class="col-xs-12 col-sm-6 col-md-4 space-bottom"> <img decoding="async"  class="face mdc-elevation--z3" src="https://copernicus.chmi.cz/wp-content/uploads/2022/04/cropped-ROSE-L.png"> <div  data-type="column" class="col-padding-small col-padding-small-xs description-container"> <h4  class="font-500">ROSE-L: Mise pro monitorování pomocí radaru se syntetickou aperturou skupiny L</h4> <p  class="">Nyní je na oběžné dráze SAR satelit Sentinel-1, který je misí skupiny C. Jedná se o radar s vyšší frekvencí, pomocí kterého není ale možné lépe proniknout do mnoha přírodních materiálů jako je stromové patro, suchý sníh nebo led. To by měla ale právě tato nová doplňková mise Sentinel-1 umožnit a podpořit politiky lesního hospodářství či udržitelného zemědělství. Měla by přispět také k monitorování polárních ledových příkrovů a sezónního ledu.</p> <a class="read-more" href="//esamultimedia.esa.int/docs/EarthObservation/Copernicus_L-band_SAR_mission_ROSE-L_MRD_v2.0_issued.pdf" target="_blank" data-cp-link="1" rel="noopener">více informací</a></div> </div></div> </div></div>
