

{"id":3001,"date":"2021-10-20T14:59:56","date_gmt":"2021-10-20T12:59:56","guid":{"rendered":"https:\/\/copernicus.chmi.cz\/?page_id=3001"},"modified":"2021-11-08T09:24:09","modified_gmt":"2021-11-08T08:24:09","slug":"posterova-sekce","status":"publish","type":"page","link":"https:\/\/copernicus.chmi.cz\/index.php\/posterova-sekce\/","title":{"rendered":"Posterov\u00e1 sekce"},"content":{"rendered":"<!-- wp:paragraph {\"textColor\":\"white\"}--><div class=\"gridContainer\">\n<p class=\"has-white-color has-text-color\">Test<\/p>\n<\/div><!-- \/wp:paragraph-->\n\n<!-- wp:paragraph {\"textColor\":\"white\"}--><div class=\"gridContainer\">\n<p class=\"has-white-color has-text-color\">test<\/p>\n<\/div><!-- \/wp:paragraph-->\n\n<!-- wp:paragraph {\"textColor\":\"white\"}--><div class=\"gridContainer\">\n<p class=\"has-white-color has-text-color\">test<\/p>\n<\/div><!-- \/wp:paragraph-->\n\n<!-- wp:heading {\"textAlign\":\"center\"}--><div class=\"gridContainer\">\n<h2 class=\"has-text-align-center\">Posterov\u00e1 sekce<\/h2>\n<\/div><!-- \/wp:heading-->\n\n<!-- wp:table {\"align\":\"left\",\"textColor\":\"black\"}--><div class=\"gridContainer\">\n<figure class=\"wp-block-table alignleft\"><table class=\"has-black-color has-text-color\"><tbody><tr><td class=\"has-text-align-left\" data-align=\"left\"><a href=\"https:\/\/copernicus.chmi.cz\/wp-content\/uploads\/2021\/10\/Abstrakt_Matasovska_VUV.pdf\" data-type=\"URL\" data-id=\"https:\/\/copernicus.chmi.cz\/wp-content\/uploads\/2021\/10\/Abstrakt_Matasovska_VUV.pdf\" target=\"_blank\" rel=\"noreferrer noopener\"><strong><span style=\"color:#0071a1\" class=\"has-inline-color\">Koupac\u00ed vody pohledem dru\u017eic<\/span><\/strong> <span style=\"color:#0071a1\" class=\"has-inline-color\"><strong>\u25ba<\/strong><\/span> <\/a><br><em>V\u00e1clava Ma\u0165a\u0161ovsk\u00e1<\/em>, <em>V\u00fdzkumn\u00fd \u00fastav vodohospod\u00e1\u0159sk\u00fd T. G. Masaryka<\/em><\/td><\/tr><tr><td class=\"has-text-align-left\" data-align=\"left\"><a href=\"https:\/\/copernicus.chmi.cz\/wp-content\/uploads\/2021\/10\/Abstrakt_Seidlova_CENIA.pdf\" data-type=\"URL\" data-id=\"https:\/\/copernicus.chmi.cz\/wp-content\/uploads\/2021\/10\/Abstrakt_Seidlova_CENIA.pdf\" target=\"_blank\" rel=\"noreferrer noopener\"><strong><span style=\"color:#0071a1\" class=\"has-inline-color\">Anal\u00fdza teplotn\u00edch zm\u011bn povrchu po proveden\u00fdch ekologick\u00fdch opat\u0159en\u00edch (ATEZ)<\/span><\/strong> <span style=\"color:#0071a1\" class=\"has-inline-color\"><strong>\u25ba<\/strong><\/span> <\/a><br><em>Jana Seidlov\u00e1, Iva Batrlov\u00e1, Ji\u0159\u00ed Kvapil, Pavel Doubrava<\/em>, <em>CENIA<\/em><\/td><\/tr><tr><td class=\"has-text-align-left\" data-align=\"left\"><a href=\"https:\/\/copernicus.chmi.cz\/wp-content\/uploads\/2021\/10\/Abstrakt_Bublincova_SZIF.pdf\" data-type=\"URL\" data-id=\"https:\/\/copernicus.chmi.cz\/wp-content\/uploads\/2021\/10\/Abstrakt_Bublincova_SZIF.pdf\" target=\"_blank\" rel=\"noreferrer noopener\"><strong><span style=\"color:#0071a1\" class=\"has-inline-color\">V\u00fdhody evropsk\u00e9ho projektu Sen4CAP pro SZIF<\/span><\/strong> <span style=\"color:#0071a1\" class=\"has-inline-color\"><strong>\u25ba<\/strong><\/span> <\/a><br><em>Emilie Bublincov\u00e1, Ren\u00e1ta Bodn\u00e1rov\u00e1, Vladim\u00edr Hofman, Lucie \u0160avelkov\u00e1, Jakub Veverka<\/em>, <em>St\u00e1tn\u00ed zem\u011bd\u011blsk\u00fd interven\u010dn\u00ed fond<\/em><\/td><\/tr><tr><td class=\"has-text-align-left\" data-align=\"left\"><a href=\"https:\/\/copernicus.chmi.cz\/wp-content\/uploads\/2021\/10\/Abstrakt_Brovkina_AVCR.pdf\" data-type=\"URL\" data-id=\"https:\/\/copernicus.chmi.cz\/wp-content\/uploads\/2021\/10\/Abstrakt_Brovkina_AVCR.pdf\" target=\"_blank\" rel=\"noreferrer noopener\"><strong><span style=\"color:#0071a1\" class=\"has-inline-color\">Detailn\u00ed mapov\u00e1n\u00ed skl\u00e1dek komun\u00e1ln\u00edho odpadu s vyu\u017eit\u00edm leteck\u00e9ho d\u00e1lkov\u00e9ho pr\u016fzkumu<\/span><\/strong> <span style=\"color:#0071a1\" class=\"has-inline-color\"><strong>\u25ba<\/strong><\/span> <\/a><br><em>Brovkina, O., Kopk\u00e1n\u011b D., Fabi\u00e1nek T., Slez\u00e1k L., \u00dastav v\u00fdzkumu glob\u00e1ln\u00ed zm\u011bny AV \u010cR<\/em><\/td><\/tr><tr><td class=\"has-text-align-left\" data-align=\"left\"><a href=\"https:\/\/copernicus.chmi.cz\/wp-content\/uploads\/2021\/11\/Abstrakt_Gresko_AVCR.pdf\" data-type=\"URL\" data-id=\"https:\/\/copernicus.chmi.cz\/wp-content\/uploads\/2021\/11\/Abstrakt_Gresko_AVCR.pdf\" target=\"_blank\" rel=\"noreferrer noopener\"><strong><span style=\"color:#0071a1\" class=\"has-inline-color\">F\u00faze multimod\u00e1ln\u00edch dat v d\u00e1lkov\u00e9m pr\u016fzkumu Zem\u011b<\/span><\/strong> <span style=\"color:#0071a1\" class=\"has-inline-color\"><strong>\u25ba<\/strong><\/span> <\/a> <br><em>\u0160imon Gre\u0161ko<\/em>, <em>\u00dastav teorie informace a automatizace AV \u010cR, v.v.i.<\/em><\/td><\/tr><tr><td class=\"has-text-align-left\" data-align=\"left\"><span style=\"color:#0071a1\" class=\"has-inline-color\"><a href=\"https:\/\/copernicus.chmi.cz\/wp-content\/uploads\/2021\/10\/Abstrakt_Bartalos_GISAT.pdf\" data-type=\"URL\" data-id=\"https:\/\/copernicus.chmi.cz\/wp-content\/uploads\/2021\/10\/Abstrakt_Bartalos_GISAT.pdf\" target=\"_blank\" rel=\"noreferrer noopener\"><strong>Modelov\u00e1n\u00ed povodn\u00ed s vyu\u017eit\u00edm dat DPZ a strojov\u00e9ho u\u010den\u00ed (Bregava river, BiH)<\/strong> <strong>\u25ba<\/strong> <\/a><\/span><br><em>Tom\u00e1\u0161 Bartalo\u0161<\/em>, GISAT<\/td><\/tr><tr><td class=\"has-text-align-left\" data-align=\"left\"><strong><span style=\"color:#0071a1\" class=\"has-inline-color\"><a href=\"https:\/\/copernicus.chmi.cz\/wp-content\/uploads\/2021\/10\/Abstrakt_Batrlova_CENIA.pdf\" data-type=\"URL\" data-id=\"https:\/\/copernicus.chmi.cz\/wp-content\/uploads\/2021\/10\/Abstrakt_Batrlova_CENIA.pdf\" target=\"_blank\" rel=\"noreferrer noopener\">Tvorba interferogramu pomoc\u00ed radarov\u00fdch dat Sentinel-1 <\/a><\/span><strong><a href=\"https:\/\/copernicus.chmi.cz\/wp-content\/uploads\/2021\/10\/Abstrakt_Batrlova_CENIA.pdf\" data-type=\"URL\" data-id=\"https:\/\/copernicus.chmi.cz\/wp-content\/uploads\/2021\/10\/Abstrakt_Batrlova_CENIA.pdf\" target=\"_blank\" rel=\"noreferrer noopener\"><strong><span style=\"color: #0568a1;\" class=\"has-inline-color\">\u25ba<\/span><\/strong> <\/a><\/strong><\/strong><br><em>Iva Batrlov\u00e1, CENIA<\/em><\/td><\/tr><tr><td class=\"has-text-align-left\" data-align=\"left\"><span style=\"color:#0071a1\" class=\"has-inline-color\"><a href=\"https:\/\/copernicus.chmi.cz\/wp-content\/uploads\/2021\/10\/Abstrakt_Lukas_Mendelu.pdf\" data-type=\"URL\" data-id=\"https:\/\/copernicus.chmi.cz\/wp-content\/uploads\/2021\/10\/Abstrakt_Lukas_Mendelu.pdf\" target=\"_blank\" rel=\"noreferrer noopener\"><strong>Vyu\u017eit\u00ed sn\u00edmk\u016f Sentinel-2 pro hodnocen\u00ed stavu porost\u016f a c\u00edlenou aplikaci hnojiv v precizn\u00edm zem\u011bd\u011blstv\u00ed<\/strong>  <strong>\u25ba<\/strong><\/a><\/span><br><em>Vojt\u011bch Lukas, Jakub Elbl, Renata Duffkov\u00e1, Petr \u0160ir\u016f\u010dek, Ji\u0159\u00ed Mezera, Igor Hornia\u010dek, Lubom\u00edr Neudert, Mendelova univerzita, V\u00fdzkumn\u00fd \u00fastav meliorac\u00ed a ochrany p\u016fdy<\/em><\/td><\/tr><\/tbody><\/table><\/figure>\n<\/div><!-- \/wp:table-->\n\n<!-- wp:paragraph--><div class=\"gridContainer\">\n<p><\/p>\n<\/div><!-- \/wp:paragraph-->","protected":false},"excerpt":{"rendered":"<p>Test test test Posterov\u00e1 sekce Koupac\u00ed vody pohledem dru\u017eic \u25ba V\u00e1clava Ma\u0165a\u0161ovsk\u00e1, V\u00fdzkumn\u00fd \u00fastav vodohospod\u00e1\u0159sk\u00fd T. G. Masaryka Anal\u00fdza teplotn\u00edch zm\u011bn povrchu po proveden\u00fdch ekologick\u00fdch opat\u0159en\u00edch (ATEZ) \u25ba Jana Seidlov\u00e1,&nbsp;&hellip;<\/p>\n","protected":false},"author":6,"featured_media":0,"parent":0,"menu_order":0,"comment_status":"closed","ping_status":"closed","template":"","meta":{"footnotes":""},"class_list":["post-3001","page","type-page","status-publish","hentry"],"_links":{"self":[{"href":"https:\/\/copernicus.chmi.cz\/index.php\/wp-json\/wp\/v2\/pages\/3001","targetHints":{"allow":["GET"]}}],"collection":[{"href":"https:\/\/copernicus.chmi.cz\/index.php\/wp-json\/wp\/v2\/pages"}],"about":[{"href":"https:\/\/copernicus.chmi.cz\/index.php\/wp-json\/wp\/v2\/types\/page"}],"author":[{"embeddable":true,"href":"https:\/\/copernicus.chmi.cz\/index.php\/wp-json\/wp\/v2\/users\/6"}],"replies":[{"embeddable":true,"href":"https:\/\/copernicus.chmi.cz\/index.php\/wp-json\/wp\/v2\/comments?post=3001"}],"version-history":[{"count":5,"href":"https:\/\/copernicus.chmi.cz\/index.php\/wp-json\/wp\/v2\/pages\/3001\/revisions"}],"predecessor-version":[{"id":3052,"href":"https:\/\/copernicus.chmi.cz\/index.php\/wp-json\/wp\/v2\/pages\/3001\/revisions\/3052"}],"wp:attachment":[{"href":"https:\/\/copernicus.chmi.cz\/index.php\/wp-json\/wp\/v2\/media?parent=3001"}],"curies":[{"name":"wp","href":"https:\/\/api.w.org\/{rel}","templated":true}]}}