

{"id":20,"date":"2020-05-06T12:36:27","date_gmt":"2020-05-06T10:36:27","guid":{"rendered":"https:\/\/copernicus.chmi.cz\/?page_id=20"},"modified":"2025-03-25T12:42:21","modified_gmt":"2025-03-25T11:42:21","slug":"narodni-sekretariat","status":"publish","type":"page","link":"https:\/\/copernicus.chmi.cz\/index.php\/narodni-sekretariat\/","title":{"rendered":"N\u00e1rodn\u00ed sekretari\u00e1t GEO\/Copernicus"},"content":{"rendered":"<!-- wp:extendstudio\/materialis--><div  data-label=\"Content\" data-id=\"content--1\" data-export-id=\"content-6-materialis\" data-category=\"content\" class=\"content-6m content-section-spacing-large content-section dark-text\" id=\"content-1\" style=\"background-color: rgb(255, 255, 255);\"><div  class=\"gridContainer\"> <div  class=\"row\"><div  class=\"section-title-col large\" data-type=\"column\"> <h2  class=\"space-bottom\">N\u00e1rodn\u00ed sekretari\u00e1t GEO\/Copernicus<\/h2> <p  class=\"lead\" style=\"text-align: justify;\">Ministerstvo \u017eivotn\u00edho prost\u0159ed\u00ed \u010cR v souladu s&nbsp;<a  href=\"https:\/\/copernicus.chmi.cz\/wp-content\/uploads\/2020\/07\/usnesen\u00ed-303.pdf\" target=\"_blank\" data-mce-selected=\"inline-boundary\" rel=\"noopener noreferrer\" class=\"\">usnesen\u00edm vl\u00e1dy \u010cR \u010d. 303 ze dne 19. dubna 2017&nbsp;<\/a>ustanovilo a \u0159\u00edd\u00ed meziresortn\u00ed pracovn\u00ed org\u00e1n N\u00e1rodn\u00ed sekretari\u00e1t GEO\/Copernicus.&nbsp;Sekretari\u00e1t je st\u00e1l\u00fdm koordina\u010dn\u00edm, inicia\u010dn\u00edm a poradn\u00edm org\u00e1nem ministra \u017eivotn\u00edho prost\u0159ed\u00ed a \u010dlen\u016f Sekretari\u00e1tu pro oblast pozorov\u00e1n\u00ed Zem\u011b programu Evropsk\u00e9 unie Copernicus a jeho partner\u016f, a z\u00e1rove\u0148 mezin\u00e1rodn\u00ed iniciativy GEO a dal\u0161\u00edch souvisej\u00edc\u00edch kosmick\u00fdch aktivit.\nMand\u00e1t a hlavn\u00ed aktivity n\u00e1rodn\u00edho sekretari\u00e1tu ur\u010duje jeho&nbsp;<a  href=\"https:\/\/copernicus.chmi.cz\/wp-content\/uploads\/2020\/07\/Statut-N\u00e1rodn\u00edho-sekretari\u00e1tu-GEO_Copernicus.pdf\" target=\"_blank\" data-mce-selected=\"inline-boundary\" rel=\"noopener noreferrer\" class=\"\">Statut.<\/a><br >\n<br >\nHlavn\u00edm c\u00edlem N\u00e1rodn\u00edho sekretari\u00e1tu je koordinace aktivit GEO a Copernicus v \u010cR, zaji\u0161t\u011bn\u00ed implementace obou program\u016f a obecn\u00e1 podpora vyu\u017e\u00edv\u00e1n\u00ed dat a slu\u017eeb Copernicus v \u010cR.\n<br >\n<br ><b >Hlavn\u00ed \u00fakoly N\u00e1rodn\u00edho sekretari\u00e1tu:\n<\/b>\n<br >\n<br >1) koordinace, zaji\u0161t\u011bn\u00ed podp\u016frn\u00fdch aktivit a sledov\u00e1n\u00ed strategick\u00fdch sm\u011br\u016f na n\u00e1rodn\u00ed \u00farovni v r\u00e1mci programu Copernicus, resp. GEO a jejich partner\u016f,<br >2) koordinace, projedn\u00e1n\u00ed, zauj\u00edm\u00e1n\u00ed stanovisek a n\u00e1sledn\u00e9ho vypracov\u00e1n\u00ed a schvalov\u00e1n\u00ed instrukc\u00ed, mand\u00e1t\u016f, r\u00e1mcov\u00fdch pozic pro mezin\u00e1rodn\u00ed jedn\u00e1n\u00ed k zaji\u0161t\u011bn\u00ed programu Copernicus, GEO a dal\u0161\u00edch prioritn\u00edch oblast\u00ed,<br >3) koordinace zastoupen\u00ed \u010cR v souvisej\u00edc\u00edch v\u00fdborech EU a partnersk\u00fdch mezin\u00e1rodn\u00edch organizac\u00edch s p\u0159esahy programu Copernicus, resp. GEO,<br >4) doporu\u010den\u00ed k zapojen\u00ed \u010cR do nov\u00fdch iniciativ v n\u00e1vaznosti na trendy a implementaci programu Copernicus, resp. GEO,<br >\nosv\u011bty, propagace a prosazov\u00e1n\u00ed vyu\u017e\u00edv\u00e1n\u00ed dat a informac\u00ed z\u00edskan\u00fdch z programu Copernicus na n\u00e1rodn\u00ed \u00farovni v oblasti p\u016fsobnosti slo\u017eek st\u00e1tu a instituc\u00edch ve\u0159ejn\u00e9 spr\u00e1vy, ale i prost\u0159ednictv\u00edm zapojen\u00ed komer\u010dn\u00edho a akademick\u00e9ho sektoru,<br >5) p\u0159ed\u00e1v\u00e1n\u00ed informac\u00ed, sledov\u00e1n\u00ed a vyhodnocov\u00e1n\u00ed spole\u010dn\u00fdch pot\u0159eb jednotliv\u00fdch organiza\u010dn\u00edch slo\u017eek na n\u00e1rodn\u00ed \u00farovni ve vyu\u017eit\u00ed dat a informac\u00ed z pozorov\u00e1n\u00ed Zem\u011b,<br >6) organizov\u00e1n\u00ed konferenc\u00ed, semin\u00e1\u0159\u016f a dal\u0161\u00edch odborn\u00fdch osv\u011btov\u00fdch a propaga\u010dn\u00edch akc\u00ed na podporu programu Copernicus, resp. GEO a souvisej\u00edc\u00edch iniciativ s podm\u00ednkou zaji\u0161t\u011bn\u00ed odpov\u00eddaj\u00edc\u00edho finan\u010dn\u00edho kryt\u00ed osv\u011btov\u00fdch akc\u00ed,<br >7) reportingu o sv\u00e9 \u010dinnosti Koordina\u010dn\u00ed rad\u011b ministra dopravy pro kosmick\u00e9 aktivity Vl\u00e1dy \u010cR a dal\u0161\u00edm slo\u017ek\u00e1m st\u00e1tu dle p\u016fsobnosti.\n<br >\n<br ><b >\u010clenov\u00e9 N\u00e1rodn\u00edho sekretari\u00e1tu\n<\/b>\n<br >\n<br >Sekretari\u00e1t je tvo\u0159en p\u0159edsedou, m\u00edstop\u0159edsedou, tajemn\u00edkem, \u0159\u00e1dn\u00fdmi a mimo\u0159\u00e1dn\u00fdmi \u010dleny, p\u0159\u00edpadn\u011b hosty. Sch\u016fze \u0159\u00e1dn\u00fdch \u010dlen\u016f se kon\u00e1 m\u011bs\u00ed\u010dn\u011b, sch\u016fze mimo\u0159\u00e1dn\u00fdch \u010dlen\u016f potom kvart\u00e1ln\u011b. Od roku 2024 je Sekretari\u00e1t spravov\u00e1n \u010cesk\u00fdm hydrometeorologick\u00fdm \u00fa\u0159adem.&nbsp;<br ><br ><b >\n\u0158\u00e1dn\u00ed \u010dlenov\u00e9 jsou jmenovan\u00ed z\u00e1stupci:<\/b><br >\na) Ministerstva dopravy \u010cR, spolugestora programu Copernicus,<br >\nb) Ministerstva \u017eivotn\u00edho prost\u0159ed\u00ed<br >\nc) Ministerstva zem\u011bd\u011blstv\u00ed \u010cR,<br >\nd) \u010cesk\u00e9ho hydrometeorologick\u00e9ho \u00fastavu,<br >\ne) P\u0159\u00edrodov\u011bdeck\u00e9 fakulty University Karlovy,<br >\nf) Vzd\u011bl\u00e1vac\u00ed kancel\u00e1\u0159e ESA ESERO \u010cR,<br >\ng) Podnikatelsk\u00e9ho inkub\u00e1toru ESA BIC Czech Republic.\n\n<br >\n<br ><b >Mimo\u0159\u00e1dn\u00ed \u010dlenov\u00e9 jsou jmenovan\u00ed z\u00e1stupci dal\u0161\u00edch \u00fast\u0159edn\u00edch spr\u00e1vn\u00edch \u00fa\u0159ad\u016f:<\/b><br >\na) Ministerstva \u0161kolstv\u00ed, ml\u00e1de\u017ee a t\u011blov\u00fdchovy \u010cR,<br >\nb) Ministerstva vnitra \u010cR,<br >\nc) Ministerstva obrany \u010cR,<br >\nd) Ministerstva pr\u016fmyslu a obchodu \u010cR,<br >\ne) Ministerstva pro m\u00edstn\u00ed rozvoj \u010cR,<br >\nf) \u00da\u0159adu vl\u00e1dy \u010cR,<br >\ng) N\u00e1rodn\u00edho \u00fa\u0159adu pro kybernetickou bezpe\u010dnost,<br >\nh) \u010cesk\u00e9ho \u00fa\u0159adu zem\u011bm\u011b\u0159ick\u00e9ho a katastr\u00e1ln\u00edho,<br >\ni) \u010cesk\u00e9 geologick\u00e9 slu\u017eby,<br >\nj) St\u00e1tn\u00edho zem\u011bd\u011blsk\u00e9ho interven\u010dn\u00edho fondu,<br >\nk) Akademie v\u011bd \u010cR,\n<br >l) Fakulty \u017eivotn\u00edho prost\u0159ed\u00ed \u010cesk\u00e9 zem\u011bd\u011blsk\u00e9 univerzity,<br >m) P\u0159\u00edrodov\u011bdeck\u00e9 fakulty Univerzity Palack\u00e9ho v Olomouci,<br >n) Fakulty stavebn\u00ed \u010cesk\u00e9ho vysok\u00e9ho u\u010den\u00ed technick\u00e9ho\n<br >o) Fakulty zem\u011bd\u011blsk\u00e9 Jiho\u010desk\u00e9 univerzity v \u010cesk\u00fdch Bud\u011bjovic\u00edch\n<br >p) Fakulty \u017eivotn\u00edho prost\u0159ed\u00ed Univerzity J. E. Purkyn\u011b v \u00dast\u00ed nad Labem<br >q) z\u00e1stupci krajsk\u00fdch \u00fa\u0159ad\u016f.\n<br >\n<\/p><\/div> <\/div> <div  class=\"row\"> <div  class=\"col-xs-12 col-sm-8 col-sm-offset-2 space-bottom text-center\" data-type=\"column\"> <\/div> <div  class=\"col-xs-12 space-top text-center\" data-type=\"column\"><\/div> <\/div><\/div> <\/div><!-- \/wp:extendstudio\/materialis--><!-- wp:extendstudio\/materialis--><div  data-label=\"Overlappable\" data-id=\"overlappable--2\" data-export-id=\"overlappable-4\" data-category=\"overlappable\" class=\"overlappable-4 content-section content-section-spacing-large\" data-overlap=\"true\" id=\"overlappable-2\" style=\"background-color: rgb(255, 255, 255);\"><div  class=\"gridContainer\"> <div  data-type=\"row\" class=\"row spaced-cols text-center center-sm\"><div  class=\"col-xs-12 col-sm-4 \">  <div  data-type=\"column\" class=\"\">  <\/div> <\/div>  <\/div> <\/div><\/div><!-- \/wp:extendstudio\/materialis--><!-- wp:extendstudio\/materialis--><div  data-label=\"Content\" data-id=\"content--2\" data-export-id=\"content-6-materialis\" data-category=\"content\" class=\"content-6m content-section-spacing-large content-section dark-text\" id=\"content-2\" style=\"background-color: rgb(245, 250, 253);\"><div  class=\"gridContainer\"> <div  class=\"row\"><div  class=\"section-title-col large\" data-type=\"column\"> <h2  class=\"space-bottom\">\u0158\u00edzen\u00ed programu Copernicus<\/h2> <p  class=\"lead\" style=\"text-align: justify;\">Program Copernicus byl z\u0159\u00edzen jako n\u00e1stupce programu GMES Na\u0159\u00edzen\u00edm Evropsk\u00e9ho parlamentu a Rady \u010d. 377\/2014. Toto na\u0159\u00edzen\u00ed nastavuje principy \u0159\u00edzen\u00ed programu, resp. delegace pravomoc\u00ed, definuje z\u00e1kladn\u00ed komponenty programu a stanovuje maxim\u00e1ln\u00ed v\u00fd\u0161i financov\u00e1n\u00ed programu Copernicus pro obdob\u00ed 2014 a\u017e 2020.&nbsp;<br >\n<br >Na \u00farovni EU zaji\u0161\u0165uj\u00ed fungov\u00e1n\u00ed programu Copernicus Gener\u00e1ln\u00ed \u0159editelstv\u00ed pro obrann\u00fd pr\u016fmysl a vesm\u00edr \u2013 DG DEFIS, konkr\u00e9tn\u011b odd\u011blen\u00ed \u201eEarth Observation Unit\u201c.\nPro koordinaci v\u0161ech z\u00fa\u010dastn\u011bn\u00fdch stran v programu Copernicus a jako poradn\u00ed v\u00fdbor Evropsk\u00e9 komise byl z\u0159\u00edzen V\u00fdbor pro Copernicus (Copernicus Committee), kter\u00fd tvo\u0159\u00ed z\u00e1stupci jednotliv\u00fdch \u010dlensk\u00fdch st\u00e1t\u016f EU a zapojen\u00fdch evropsk\u00fdch i mezin\u00e1rodn\u00edch instituc\u00ed. V\u00fdbor se m\u016f\u017ee sch\u00e1zet v r\u016fzn\u00fdch formac\u00edch, jednou z nich je tzv. V\u00fdbor pro bezpe\u010dnost (Security Board), kter\u00fd \u0159e\u0161\u00ed bezpe\u010dnostn\u00ed aspekty programu Copernicus. V\u00fdboru pro Copernicus je n\u00e1pomocn\u00e9 F\u00f3rum u\u017eivatel\u016f (Copernicus User Forum), zejm\u00e9na p\u0159i shroma\u017e\u010fov\u00e1n\u00ed a zohled\u0148ov\u00e1n\u00ed u\u017eivatelsk\u00fdch po\u017eadavk\u016f na program Copernicus, ov\u011b\u0159ov\u00e1n\u00ed souladu slu\u017eeb Copernicus a koordinaci u\u017eivatel\u016f z ve\u0159ejn\u00e9ho sektoru.\n<br >\n<br >Cel\u00fd program koordinuje a spravuje Evropsk\u00e1 komise. Je prov\u00e1d\u011bn v partnerstv\u00ed s \u010dlensk\u00fdmi st\u00e1ty, Evropskou kosmickou agenturou (ESA), Evropskou organizac\u00ed pro vyu\u017e\u00edv\u00e1n\u00ed meteorologick\u00fdch dru\u017eic (EUMETSAT), Evropsk\u00fdm centrem pro st\u0159edn\u011bdob\u00e9 p\u0159edpov\u011bdi po\u010das\u00ed (ECMWF), agenturami EU a spole\u010dnost\u00ed Mercator Oc\u00e9an.<br >\n<\/p><\/div> <\/div> <div  class=\"row\"> <div  class=\"col-xs-12 col-sm-8 col-sm-offset-2 space-bottom text-center\" data-type=\"column\"> <\/div> <div  class=\"col-xs-12 space-top text-center\" data-type=\"column\"><\/div> <\/div><\/div> <\/div><!-- \/wp:extendstudio\/materialis--><!-- wp:extendstudio\/materialis--><div  data-label=\"Content\" data-id=\"content--3\" data-export-id=\"content-6-materialis\" data-category=\"content\" class=\"content-6m content-section-spacing-large content-section dark-text\" id=\"content-3\" style=\"background-color: rgb(255, 255, 255);\"><div  class=\"gridContainer\"> <div  class=\"row\"><div  class=\"section-title-col large\" data-type=\"column\"> <h2  class=\"space-bottom\">Historie Copernicus v \u010cR<\/h2> <p  class=\"lead\" style=\"text-align: justify;\">Vl\u00e1da \u010cesk\u00e9 republiky ve sv\u00e9m usnesen\u00ed&nbsp;<a  href=\"https:\/\/copernicus.chmi.cz\/wp-content\/uploads\/2020\/07\/Usneseni_vlady_CR_1469_20061220.pdf\" target=\"_blank\" data-mce-selected=\"inline-boundary\" rel=\"noopener noreferrer\" class=\"\">\u010d. 1469 z 20. prosince 2006\ufeff<\/a>&nbsp;vyj\u00e1d\u0159ila souhlas s \u00fa\u010dast\u00ed \u010cR v programu GMES\/Copernicus a se zapojen\u00edm \u010cR do budov\u00e1n\u00ed integrovan\u00e9ho a udr\u017eiteln\u00e9ho Glob\u00e1ln\u00edho pozorovac\u00edmu syst\u00e9mu Zem\u011b GEOSS. Hlavn\u00edm koordina\u010dn\u00edm org\u00e1nem \u010cR pro oblast Copernicus je od r. 2010 N\u00e1rodn\u00ed sekretari\u00e1t GEO\/Copernicus.<br >N\u00e1rodn\u00ed sekretari\u00e1t GEOSS\/GMES (NS) byl z\u0159\u00edzen P\u0159\u00edkazem ministryn\u011b \u017eivotn\u00edho prost\u0159ed\u00ed \u010d. 18\/2010 jako mezirezortn\u00ed org\u00e1n Ministerstva \u017eivotn\u00edho prost\u0159ed\u00ed a Ministerstva \u0161kolstv\u00ed, ml\u00e1de\u017ee a t\u011blov\u00fdchovy ke ka\u017edodenn\u00ed koordinaci odborn\u00fdch aktivit mezin\u00e1rodn\u00edch program\u016f GEOSS a GMES. N\u00e1rodn\u00ed sekretari\u00e1t zah\u00e1jil svou \u010dinnost v listopadu 2010. N\u00e1rodn\u00ed gesc\u00ed bylo pov\u011b\u0159eno Ministerstvo \u017eivotn\u00edho prost\u0159ed\u00ed ve spolupr\u00e1ci s Ministerstvem \u0161kolstv\u00ed, ml\u00e1de\u017ee a t\u011blov\u00fdchovy. Vedle z\u00e1stupc\u016f ges\u010dn\u00edch rezort\u016f se od po\u010d\u00e1tku vzniku NS jeho \u010dinnosti aktivn\u011b \u00fa\u010dastnili z\u00e1stupci CENIA a \u010cHM\u00da. Od r. 2011 se jedn\u00e1n\u00ed a \u010dinnosti N\u00e1rodn\u00edho sekretari\u00e1tu \u00fa\u010dastn\u00ed rovn\u011b\u017e z\u00e1stupce Ministerstva dopravy.<br >\nOd r. 2010 N\u00e1rodn\u00ed sekretari\u00e1t pravideln\u011b jednou za t\u0159i roky zpracov\u00e1v\u00e1 zpr\u00e1vu u zapojen\u00ed \u010cR do program\u016f GEO a Copernicus, kter\u00e1 je p\u0159edlo\u017eena a n\u00e1sledn\u011b schvalov\u00e1na usnesen\u00edm Vl\u00e1dy \u010cR.<br >\nSpolu s p\u0159ejmenov\u00e1n\u00edm programu z GMES na Copernicus a nov\u00fdm na\u0159\u00edzen\u00edm pro fungov\u00e1n\u00ed Copernicus pro obdob\u00ed 2014 \u2013 2020 do\u0161lo k transformaci NS GEOSS\/GMES na NS GEO\/Copernicus, jeho\u017e \u010dinnost je definov\u00e1na v jeho&nbsp;<a  href=\"https:\/\/copernicus.chmi.cz\/wp-content\/uploads\/2020\/07\/Statut-N\u00e1rodn\u00edho-sekretari\u00e1tu-GEO_Copernicus.pdf\" target=\"_blank\" data-mce-selected=\"inline-boundary\" rel=\"noopener noreferrer\" class=\"\">Statutu<\/a>. Usnesen\u00edm Vl\u00e1dy&nbsp;<a  href=\"https:\/\/copernicus.chmi.cz\/wp-content\/uploads\/2020\/07\/usnesen\u00ed2014.pdf\" target=\"_blank\" data-mce-selected=\"inline-boundary\" rel=\"noopener noreferrer\" class=\"\">\u010d. 103 z 19. 2. 2014<\/a>&nbsp;z\u00e1rove\u0148 do\u0161lo ke zm\u011bn\u011b gesce zainteresovan\u00fdch rezort\u016f \u2013 gestory programu Copernicus jsou nyn\u00ed Ministerstvo \u017eivotn\u00edho prost\u0159ed\u00ed a Ministerstvo dopravy. Gestory za oblast GEOSS jsou Ministerstvo \u017eivotn\u00edho prost\u0159ed\u00ed, Ministerstvo \u0161kolstv\u00ed, ml\u00e1de\u017ee a t\u011blov\u00fdchovy a Ministerstvo dopravy.<\/p><\/div> <\/div> <div  class=\"row\"> <div  class=\"col-xs-12 col-sm-8 col-sm-offset-2 space-bottom text-center\" data-type=\"column\"> <\/div> <div  class=\"col-xs-12 space-top text-center\" data-type=\"column\"><\/div> <\/div><\/div> <\/div><!-- \/wp:extendstudio\/materialis-->","protected":false},"excerpt":{"rendered":"<p>N\u00e1rodn\u00ed sekretari\u00e1t GEO\/Copernicus Ministerstvo \u017eivotn\u00edho prost\u0159ed\u00ed \u010cR v souladu s&nbsp;usnesen\u00edm vl\u00e1dy \u010cR \u010d. 303 ze dne 19. dubna 2017&nbsp;ustanovilo a \u0159\u00edd\u00ed meziresortn\u00ed pracovn\u00ed org\u00e1n N\u00e1rodn\u00ed sekretari\u00e1t GEO\/Copernicus.&nbsp;Sekretari\u00e1t je st\u00e1l\u00fdm koordina\u010dn\u00edm,&nbsp;&hellip;<\/p>\n","protected":false},"author":6,"featured_media":0,"parent":0,"menu_order":0,"comment_status":"closed","ping_status":"closed","template":"pro\/page-templates\/full-width-page.php","meta":{"footnotes":""},"class_list":["post-20","page","type-page","status-publish","hentry"],"_links":{"self":[{"href":"https:\/\/copernicus.chmi.cz\/index.php\/wp-json\/wp\/v2\/pages\/20","targetHints":{"allow":["GET"]}}],"collection":[{"href":"https:\/\/copernicus.chmi.cz\/index.php\/wp-json\/wp\/v2\/pages"}],"about":[{"href":"https:\/\/copernicus.chmi.cz\/index.php\/wp-json\/wp\/v2\/types\/page"}],"author":[{"embeddable":true,"href":"https:\/\/copernicus.chmi.cz\/index.php\/wp-json\/wp\/v2\/users\/6"}],"replies":[{"embeddable":true,"href":"https:\/\/copernicus.chmi.cz\/index.php\/wp-json\/wp\/v2\/comments?post=20"}],"version-history":[{"count":27,"href":"https:\/\/copernicus.chmi.cz\/index.php\/wp-json\/wp\/v2\/pages\/20\/revisions"}],"predecessor-version":[{"id":4830,"href":"https:\/\/copernicus.chmi.cz\/index.php\/wp-json\/wp\/v2\/pages\/20\/revisions\/4830"}],"wp:attachment":[{"href":"https:\/\/copernicus.chmi.cz\/index.php\/wp-json\/wp\/v2\/media?parent=20"}],"curies":[{"name":"wp","href":"https:\/\/api.w.org\/{rel}","templated":true}]}}