

{"id":19,"date":"2020-05-06T12:36:27","date_gmt":"2020-05-06T10:36:27","guid":{"rendered":"https:\/\/copernicus.chmi.cz\/?page_id=19"},"modified":"2023-01-02T09:47:38","modified_gmt":"2023-01-02T08:47:38","slug":"novinky","status":"publish","type":"page","link":"https:\/\/copernicus.chmi.cz\/index.php\/novinky\/","title":{"rendered":"Novinky"},"content":{"rendered":"<div  data-label=\"Content\" data-id=\"content--2\" data-export-id=\"content-5-materialis\" data-category=\"content\" class=\"content-5m content-section-spacing-large content-section\" id=\"content-2\" style=\"background-color: rgb(245, 250, 253); background-image: none;\"><div  class=\"gridContainer\"> <div  class=\"row\"><div  class=\"col-xs-12 col-sm-8 col-sm-offset-2 space-bottom text-center col-padding-small-xs\" data-type=\"column\"> <\/div> <div  class=\"col-xs-12 text-center large\" data-type=\"column\"><h2  class=\"space-bottom\">Novinky<\/h2>  <\/div> <\/div><\/div> <\/div><!-- CloudPress Companion Preview Data START --><div  data-label=\"Latest-news\" data-id=\"latest_news--1\" data-export-id=\"latest-news-1-materialis\" data-category=\"latest_news\" class=\"latest-news-1-materialis content-section content-section-spacing-large\" id=\"latest_news-1\" style=\"background-color: rgb(245, 250, 253); background-image: none;\"><div  class=\"gridContainer\"> <div  class=\"row\"><div  data-type=\"column\" class=\"section-title-col\">  <\/div> <\/div> <div  class=\"row content-left-sm\"> <div  data-type=\"row\" data-dynamic-columns=\"handled\" data-content-shortcode=\"materialis_latest_news posts=&quot;6&quot; \" data-max-items=\"4\">\t\t<div class=\"row materialis-latest-news\">\n\t\t\t\t\t<div id=\"post-4913\" class=\"col-sm-6 col-md-4 space-bottom space-bottom-xs\">\n\t\t\t\t\t<div class=\"post-content no-padding  mdc-card overflow-hidden mdc-elevation--z2 latest-news-layout-cards\">\n\t\t\t\t\t<div class=\"\">\n\t\t\t\t    <div class=\"post-thumbnail\">\n        <a href=\"https:\/\/copernicus.chmi.cz\/index.php\/2025\/07\/25\/cams-general-assembly2025\/\" class=\"post-list-item-thumb \">\n            <img fetchpriority=\"high\" decoding=\"async\" width=\"1232\" height=\"645\" src=\"https:\/\/copernicus.chmi.cz\/wp-content\/uploads\/2025\/07\/cams-1232x645.jpg\" class=\"attachment-post-thumbnail size-post-thumbnail wp-post-image\" alt=\"\" srcset=\"https:\/\/copernicus.chmi.cz\/wp-content\/uploads\/2025\/07\/cams-1232x645.jpg 1232w, https:\/\/copernicus.chmi.cz\/wp-content\/uploads\/2025\/07\/cams-300x157.jpg 300w, https:\/\/copernicus.chmi.cz\/wp-content\/uploads\/2025\/07\/cams-1024x536.jpg 1024w, https:\/\/copernicus.chmi.cz\/wp-content\/uploads\/2025\/07\/cams-768x402.jpg 768w, https:\/\/copernicus.chmi.cz\/wp-content\/uploads\/2025\/07\/cams-1536x804.jpg 1536w, https:\/\/copernicus.chmi.cz\/wp-content\/uploads\/2025\/07\/cams-1920x1005.jpg 1920w, https:\/\/copernicus.chmi.cz\/wp-content\/uploads\/2025\/07\/cams.jpg 2048w\" sizes=\"(max-width: 1232px) 100vw, 1232px\" \/>        <\/a>\n    <\/div>\n    \t\t\t<\/div>\n\t\t\n\t\t<div class=\"post-content-body col-padding  \">\n\t\t\t\t\t\t\t<div class=\"space-bottom-small\">\n\t\t\t\t\t<a href=\"https:\/\/copernicus.chmi.cz\/index.php\/category\/nezarazene\/\"  class=\"button color5 link \">Neza\u0159azen\u00e9<\/a><span class='has-more-categories'>[&hellip;]<\/span>\t\t\t\t<\/div>\n\t\t\t\n\t\t\t<h4 class=\"latest-news-item-title\">\n\t\t\t\t<a href=\"https:\/\/copernicus.chmi.cz\/index.php\/2025\/07\/25\/cams-general-assembly2025\/\" rel=\"bookmark\">\n\t\t\t\t\tCAMS General Assembly v Praze!\t\t\t\t<\/a>\n\t\t\t<\/h4>\n\n\t\t\t\n\t\t\t<div class=\"latest-news-item-excerpt\">\n\t\t\t\t<p>\ud83c\udf0d CAMS General Assembly v Praze!\ufe0f, 3.\u20135. z\u00e1\u0159\u00ed 2025! M\u00e1me jedine\u010dnou p\u0159\u00edle\u017eitost \u2013 9. ro\u010dn\u00edk[&hellip;]<\/p>\n\t\t\t<\/div>\n\n\n\t\t<\/div>\n\t\t\t\t\t\t\t<div class=\"mdc-card__actions box-padding-lr-small text-dark\">\n\t\t\t\t<div class=\"mdc-card__action-icons col-xs-12 text-dark col-sm-fit no-padding-left\">\n\t\t\t\t\t\t<a class=\"post-footer-link\" href=\"https:\/\/copernicus.chmi.cz\/index.php\/2025\/07\/25\/cams-general-assembly2025\/\">\n\t\t<i class=\"mdi small mdi-comment-outline mdc-card__action mdc-card__action--icon color-darkgray\" title=\"Comments\"><\/i>\n\t\t<span class=\"post-footer-value\">0<\/span>\n\t<\/a>\n\t<a class=\"post-footer-link\" href=\"https:\/\/copernicus.chmi.cz\/index.php\/2025\/07\/25\/cams-general-assembly2025\/\">\n\t\t<i class=\"mdi small mdi-clock mdc-card__action mdc-card__action--icon color-darkgray\" title=\"Post Time\"><\/i>\n\t\t<span class=\"post-footer-value\">25.7.2025<\/span>\n\t<\/a>\n\t\t\t\t\t<\/div>\n\t\t\t\t<div class=\"mdc-card__action-buttons col-xs-12 col-sm-fit no-padding\">\n\t\t\t\t\t<a href=\"https:\/\/copernicus.chmi.cz\/index.php\/2025\/07\/25\/cams-general-assembly2025\/\" class=\"button color2 link\">Read more<\/a>\n\t\t\t\t<\/div>\n\t\t\t<\/div>\n\t\t\t<\/div>\n\t\t\t\t<\/div>\n\t\t\t\t\t\t<div id=\"post-4901\" class=\"col-sm-6 col-md-4 space-bottom space-bottom-xs\">\n\t\t\t\t\t<div class=\"post-content no-padding  mdc-card overflow-hidden mdc-elevation--z2 latest-news-layout-cards\">\n\t\t\t\t\t<div class=\"\">\n\t\t\t\t    <div class=\"post-thumbnail\">\n        <a href=\"https:\/\/copernicus.chmi.cz\/index.php\/2025\/06\/27\/novinka-od-copernicus-land-monitoring-service\/\" class=\"post-list-item-thumb \">\n            <img decoding=\"async\" width=\"1232\" height=\"693\" src=\"https:\/\/copernicus.chmi.cz\/wp-content\/uploads\/2025\/06\/1750926894718-1232x693.jpg\" class=\"attachment-post-thumbnail size-post-thumbnail wp-post-image\" alt=\"\" srcset=\"https:\/\/copernicus.chmi.cz\/wp-content\/uploads\/2025\/06\/1750926894718-1232x693.jpg 1232w, https:\/\/copernicus.chmi.cz\/wp-content\/uploads\/2025\/06\/1750926894718-300x169.jpg 300w, https:\/\/copernicus.chmi.cz\/wp-content\/uploads\/2025\/06\/1750926894718-1024x576.jpg 1024w, https:\/\/copernicus.chmi.cz\/wp-content\/uploads\/2025\/06\/1750926894718-768x432.jpg 768w, https:\/\/copernicus.chmi.cz\/wp-content\/uploads\/2025\/06\/1750926894718.jpg 1280w\" sizes=\"(max-width: 1232px) 100vw, 1232px\" \/>        <\/a>\n    <\/div>\n    \t\t\t<\/div>\n\t\t\n\t\t<div class=\"post-content-body col-padding  \">\n\t\t\t\t\t\t\t<div class=\"space-bottom-small\">\n\t\t\t\t\t<a href=\"https:\/\/copernicus.chmi.cz\/index.php\/category\/novinky-2025\/\"  class=\"button color5 link \">Novinky 2025<\/a>\t\t\t\t<\/div>\n\t\t\t\n\t\t\t<h4 class=\"latest-news-item-title\">\n\t\t\t\t<a href=\"https:\/\/copernicus.chmi.cz\/index.php\/2025\/06\/27\/novinka-od-copernicus-land-monitoring-service\/\" rel=\"bookmark\">\n\t\t\t\t\tNovinka od Copernicus Land Monitoring Service\t\t\t\t<\/a>\n\t\t\t<\/h4>\n\n\t\t\t\n\t\t\t<div class=\"latest-news-item-excerpt\">\n\t\t\t\t<p>Co je nov\u00e9ho? Glob\u00e1ln\u00ed mapa pokryvu p\u016fdy (10 m) \u2013 s ro\u010dn\u00edmi aktualizacemi od roku[&hellip;]<\/p>\n\t\t\t<\/div>\n\n\n\t\t<\/div>\n\t\t\t\t\t\t\t<div class=\"mdc-card__actions box-padding-lr-small text-dark\">\n\t\t\t\t<div class=\"mdc-card__action-icons col-xs-12 text-dark col-sm-fit no-padding-left\">\n\t\t\t\t\t\t<a class=\"post-footer-link\" href=\"https:\/\/copernicus.chmi.cz\/index.php\/2025\/06\/27\/novinka-od-copernicus-land-monitoring-service\/\">\n\t\t<i class=\"mdi small mdi-comment-outline mdc-card__action mdc-card__action--icon color-darkgray\" title=\"Comments\"><\/i>\n\t\t<span class=\"post-footer-value\">0<\/span>\n\t<\/a>\n\t<a class=\"post-footer-link\" href=\"https:\/\/copernicus.chmi.cz\/index.php\/2025\/06\/27\/novinka-od-copernicus-land-monitoring-service\/\">\n\t\t<i class=\"mdi small mdi-clock mdc-card__action mdc-card__action--icon color-darkgray\" title=\"Post Time\"><\/i>\n\t\t<span class=\"post-footer-value\">27.6.2025<\/span>\n\t<\/a>\n\t\t\t\t\t<\/div>\n\t\t\t\t<div class=\"mdc-card__action-buttons col-xs-12 col-sm-fit no-padding\">\n\t\t\t\t\t<a href=\"https:\/\/copernicus.chmi.cz\/index.php\/2025\/06\/27\/novinka-od-copernicus-land-monitoring-service\/\" class=\"button color2 link\">Read more<\/a>\n\t\t\t\t<\/div>\n\t\t\t<\/div>\n\t\t\t<\/div>\n\t\t\t\t<\/div>\n\t\t\t\t\t\t<div id=\"post-4835\" class=\"col-sm-6 col-md-4 space-bottom space-bottom-xs\">\n\t\t\t\t\t<div class=\"post-content no-padding  mdc-card overflow-hidden mdc-elevation--z2 latest-news-layout-cards\">\n\t\t\t\t\t<div class=\"\">\n\t\t\t\t    <div class=\"post-thumbnail\">\n        <a href=\"https:\/\/copernicus.chmi.cz\/index.php\/2025\/03\/28\/4835\/\" class=\"post-list-item-thumb \">\n            <img decoding=\"async\" width=\"640\" height=\"426\" src=\"https:\/\/copernicus.chmi.cz\/wp-content\/uploads\/2025\/03\/daaf9c96-4cd9-4df2-b9fb-797966b8398b.webp\" class=\"attachment-post-thumbnail size-post-thumbnail wp-post-image\" alt=\"\" srcset=\"https:\/\/copernicus.chmi.cz\/wp-content\/uploads\/2025\/03\/daaf9c96-4cd9-4df2-b9fb-797966b8398b.webp 640w, https:\/\/copernicus.chmi.cz\/wp-content\/uploads\/2025\/03\/daaf9c96-4cd9-4df2-b9fb-797966b8398b-300x200.webp 300w\" sizes=\"(max-width: 640px) 100vw, 640px\" \/>        <\/a>\n    <\/div>\n    \t\t\t<\/div>\n\t\t\n\t\t<div class=\"post-content-body col-padding  \">\n\t\t\t\t\t\t\t<div class=\"space-bottom-small\">\n\t\t\t\t\t<a href=\"https:\/\/copernicus.chmi.cz\/index.php\/category\/novinky-2025\/\"  class=\"button color5 link \">Novinky 2025<\/a>\t\t\t\t<\/div>\n\t\t\t\n\t\t\t<h4 class=\"latest-news-item-title\">\n\t\t\t\t<a href=\"https:\/\/copernicus.chmi.cz\/index.php\/2025\/03\/28\/4835\/\" rel=\"bookmark\">\n\t\t\t\t\t\u010cesk\u00e1 cesta do vesm\u00edru &#8211; Zero G let\t\t\t\t<\/a>\n\t\t\t<\/h4>\n\n\t\t\t\n\t\t\t<div class=\"latest-news-item-excerpt\">\n\t\t\t\t<p>Unik\u00e1tn\u00ed projekt Zero-G umo\u017en\u00ed dvaceti \u010desk\u00fdm student\u016fm za\u017e\u00edt stav bezt\u00ed\u017ee b\u011bhem parabolick\u00e9ho letu! \ud83d\udef0\ufe0f\u2708\ufe0f Pod[&hellip;]<\/p>\n\t\t\t<\/div>\n\n\n\t\t<\/div>\n\t\t\t\t\t\t\t<div class=\"mdc-card__actions box-padding-lr-small text-dark\">\n\t\t\t\t<div class=\"mdc-card__action-icons col-xs-12 text-dark col-sm-fit no-padding-left\">\n\t\t\t\t\t\t<a class=\"post-footer-link\" href=\"https:\/\/copernicus.chmi.cz\/index.php\/2025\/03\/28\/4835\/\">\n\t\t<i class=\"mdi small mdi-comment-outline mdc-card__action mdc-card__action--icon color-darkgray\" title=\"Comments\"><\/i>\n\t\t<span class=\"post-footer-value\">0<\/span>\n\t<\/a>\n\t<a class=\"post-footer-link\" href=\"https:\/\/copernicus.chmi.cz\/index.php\/2025\/03\/28\/4835\/\">\n\t\t<i class=\"mdi small mdi-clock mdc-card__action mdc-card__action--icon color-darkgray\" title=\"Post Time\"><\/i>\n\t\t<span class=\"post-footer-value\">28.3.2025<\/span>\n\t<\/a>\n\t\t\t\t\t<\/div>\n\t\t\t\t<div class=\"mdc-card__action-buttons col-xs-12 col-sm-fit no-padding\">\n\t\t\t\t\t<a href=\"https:\/\/copernicus.chmi.cz\/index.php\/2025\/03\/28\/4835\/\" class=\"button color2 link\">Read more<\/a>\n\t\t\t\t<\/div>\n\t\t\t<\/div>\n\t\t\t<\/div>\n\t\t\t\t<\/div>\n\t\t\t\t\t\t<div id=\"post-4782\" class=\"col-sm-6 col-md-4 space-bottom space-bottom-xs\">\n\t\t\t\t\t<div class=\"post-content no-padding  mdc-card overflow-hidden mdc-elevation--z2 latest-news-layout-cards\">\n\t\t\t\t\t<div class=\"\">\n\t\t\t\t    <div class=\"post-thumbnail\">\n        <a href=\"https:\/\/copernicus.chmi.cz\/index.php\/2024\/09\/25\/ceske-uzivatelske-forum-copernicus-a-dalkovy-pruzkum-zeme\/\" class=\"post-list-item-thumb \">\n            <img loading=\"lazy\" decoding=\"async\" width=\"1232\" height=\"696\" src=\"https:\/\/copernicus.chmi.cz\/wp-content\/uploads\/2024\/09\/ceske_uz_forum_2024-1232x696.jpg\" class=\"attachment-post-thumbnail size-post-thumbnail wp-post-image\" alt=\"\u010cesk\u00e9 u\u017eivatelsk\u00e9 f\u00f3rum Copernicus a D\u00e1lkov\u00fd pr\u016fzkum Zem\u011b\" srcset=\"https:\/\/copernicus.chmi.cz\/wp-content\/uploads\/2024\/09\/ceske_uz_forum_2024-1232x696.jpg 1232w, https:\/\/copernicus.chmi.cz\/wp-content\/uploads\/2024\/09\/ceske_uz_forum_2024-300x169.jpg 300w, https:\/\/copernicus.chmi.cz\/wp-content\/uploads\/2024\/09\/ceske_uz_forum_2024-1024x578.jpg 1024w, https:\/\/copernicus.chmi.cz\/wp-content\/uploads\/2024\/09\/ceske_uz_forum_2024-768x434.jpg 768w, https:\/\/copernicus.chmi.cz\/wp-content\/uploads\/2024\/09\/ceske_uz_forum_2024-1536x868.jpg 1536w, https:\/\/copernicus.chmi.cz\/wp-content\/uploads\/2024\/09\/ceske_uz_forum_2024.jpg 1811w\" sizes=\"(max-width: 1232px) 100vw, 1232px\" \/>        <\/a>\n    <\/div>\n    \t\t\t<\/div>\n\t\t\n\t\t<div class=\"post-content-body col-padding  \">\n\t\t\t\t\t\t\t<div class=\"space-bottom-small\">\n\t\t\t\t\t<a href=\"https:\/\/copernicus.chmi.cz\/index.php\/category\/novinky-2024\/\"  class=\"button color5 link \">Novinky 2024<\/a>\t\t\t\t<\/div>\n\t\t\t\n\t\t\t<h4 class=\"latest-news-item-title\">\n\t\t\t\t<a href=\"https:\/\/copernicus.chmi.cz\/index.php\/2024\/09\/25\/ceske-uzivatelske-forum-copernicus-a-dalkovy-pruzkum-zeme\/\" rel=\"bookmark\">\n\t\t\t\t\t\u010cesk\u00e9 u\u017eivatelsk\u00e9 f\u00f3rum Copernicus a D\u00e1lkov\u00fd pr\u016fzkum zem\u011b\t\t\t\t<\/a>\n\t\t\t<\/h4>\n\n\t\t\t\n\t\t\t<div class=\"latest-news-item-excerpt\">\n\t\t\t\t<p>R\u00e1di bychom V\u00e1m ozn\u00e1mili term\u00edn ka\u017edoro\u010dn\u00ed konference, kter\u00fd letos ponese n\u00e1zev: \u010cesk\u00e9 u\u017eivatelsk\u00e9 f\u00f3rum a[&hellip;]<\/p>\n\t\t\t<\/div>\n\n\n\t\t<\/div>\n\t\t\t\t\t\t\t<div class=\"mdc-card__actions box-padding-lr-small text-dark\">\n\t\t\t\t<div class=\"mdc-card__action-icons col-xs-12 text-dark col-sm-fit no-padding-left\">\n\t\t\t\t\t\t<a class=\"post-footer-link\" href=\"https:\/\/copernicus.chmi.cz\/index.php\/2024\/09\/25\/ceske-uzivatelske-forum-copernicus-a-dalkovy-pruzkum-zeme\/\">\n\t\t<i class=\"mdi small mdi-comment-outline mdc-card__action mdc-card__action--icon color-darkgray\" title=\"Comments\"><\/i>\n\t\t<span class=\"post-footer-value\">0<\/span>\n\t<\/a>\n\t<a class=\"post-footer-link\" href=\"https:\/\/copernicus.chmi.cz\/index.php\/2024\/09\/25\/ceske-uzivatelske-forum-copernicus-a-dalkovy-pruzkum-zeme\/\">\n\t\t<i class=\"mdi small mdi-clock mdc-card__action mdc-card__action--icon color-darkgray\" title=\"Post Time\"><\/i>\n\t\t<span class=\"post-footer-value\">25.9.2024<\/span>\n\t<\/a>\n\t\t\t\t\t<\/div>\n\t\t\t\t<div class=\"mdc-card__action-buttons col-xs-12 col-sm-fit no-padding\">\n\t\t\t\t\t<a href=\"https:\/\/copernicus.chmi.cz\/index.php\/2024\/09\/25\/ceske-uzivatelske-forum-copernicus-a-dalkovy-pruzkum-zeme\/\" class=\"button color2 link\">Read more<\/a>\n\t\t\t\t<\/div>\n\t\t\t<\/div>\n\t\t\t<\/div>\n\t\t\t\t<\/div>\n\t\t\t\t\t\t<div id=\"post-4756\" class=\"col-sm-6 col-md-4 space-bottom space-bottom-xs\">\n\t\t\t\t\t<div class=\"post-content no-padding  mdc-card overflow-hidden mdc-elevation--z2 latest-news-layout-cards\">\n\t\t\t\t\t<div class=\"\">\n\t\t\t\t    <div class=\"post-thumbnail\">\n        <a href=\"https:\/\/copernicus.chmi.cz\/index.php\/2023\/11\/20\/copernicus-thematic-hubs\/\" class=\"post-list-item-thumb \">\n            <img loading=\"lazy\" decoding=\"async\" width=\"1232\" height=\"682\" src=\"https:\/\/copernicus.chmi.cz\/wp-content\/uploads\/2023\/11\/artic-1232x682.png\" class=\"attachment-post-thumbnail size-post-thumbnail wp-post-image\" alt=\"\" srcset=\"https:\/\/copernicus.chmi.cz\/wp-content\/uploads\/2023\/11\/artic-1232x682.png 1232w, https:\/\/copernicus.chmi.cz\/wp-content\/uploads\/2023\/11\/artic-300x166.png 300w, https:\/\/copernicus.chmi.cz\/wp-content\/uploads\/2023\/11\/artic-1024x567.png 1024w, https:\/\/copernicus.chmi.cz\/wp-content\/uploads\/2023\/11\/artic-768x425.png 768w, https:\/\/copernicus.chmi.cz\/wp-content\/uploads\/2023\/11\/artic-1536x851.png 1536w, https:\/\/copernicus.chmi.cz\/wp-content\/uploads\/2023\/11\/artic.png 1905w\" sizes=\"(max-width: 1232px) 100vw, 1232px\" \/>        <\/a>\n    <\/div>\n    \t\t\t<\/div>\n\t\t\n\t\t<div class=\"post-content-body col-padding  \">\n\t\t\t\t\t\t\t<div class=\"space-bottom-small\">\n\t\t\t\t\t<a href=\"https:\/\/copernicus.chmi.cz\/index.php\/category\/novinky-2023\/\"  class=\"button color5 link \">Novinky 2023<\/a>\t\t\t\t<\/div>\n\t\t\t\n\t\t\t<h4 class=\"latest-news-item-title\">\n\t\t\t\t<a href=\"https:\/\/copernicus.chmi.cz\/index.php\/2023\/11\/20\/copernicus-thematic-hubs\/\" rel=\"bookmark\">\n\t\t\t\t\tCopernicus Thematic Hubs\t\t\t\t<\/a>\n\t\t\t<\/h4>\n\n\t\t\t\n\t\t\t<div class=\"latest-news-item-excerpt\">\n\t\t\t\t<p>Za\u010d\u00e1tkem tohoto m\u011bs\u00edce b\u011bhem EUSW byly spu\u0161t\u011bny \u010dty\u0159i nov\u00e1 tematick\u00e1 centra programu Copernicus EU. Tato[&hellip;]<\/p>\n\t\t\t<\/div>\n\n\n\t\t<\/div>\n\t\t\t\t\t\t\t<div class=\"mdc-card__actions box-padding-lr-small text-dark\">\n\t\t\t\t<div class=\"mdc-card__action-icons col-xs-12 text-dark col-sm-fit no-padding-left\">\n\t\t\t\t\t\t<a class=\"post-footer-link\" href=\"https:\/\/copernicus.chmi.cz\/index.php\/2023\/11\/20\/copernicus-thematic-hubs\/\">\n\t\t<i class=\"mdi small mdi-comment-outline mdc-card__action mdc-card__action--icon color-darkgray\" title=\"Comments\"><\/i>\n\t\t<span class=\"post-footer-value\">0<\/span>\n\t<\/a>\n\t<a class=\"post-footer-link\" href=\"https:\/\/copernicus.chmi.cz\/index.php\/2023\/11\/20\/copernicus-thematic-hubs\/\">\n\t\t<i class=\"mdi small mdi-clock mdc-card__action mdc-card__action--icon color-darkgray\" title=\"Post Time\"><\/i>\n\t\t<span class=\"post-footer-value\">20.11.2023<\/span>\n\t<\/a>\n\t\t\t\t\t<\/div>\n\t\t\t\t<div class=\"mdc-card__action-buttons col-xs-12 col-sm-fit no-padding\">\n\t\t\t\t\t<a href=\"https:\/\/copernicus.chmi.cz\/index.php\/2023\/11\/20\/copernicus-thematic-hubs\/\" class=\"button color2 link\">Read more<\/a>\n\t\t\t\t<\/div>\n\t\t\t<\/div>\n\t\t\t<\/div>\n\t\t\t\t<\/div>\n\t\t\t\t\t\t<div id=\"post-4751\" class=\"col-sm-6 col-md-4 space-bottom space-bottom-xs\">\n\t\t\t\t\t<div class=\"post-content no-padding  mdc-card overflow-hidden mdc-elevation--z2 latest-news-layout-cards\">\n\t\t\t\t\t<div class=\"\">\n\t\t\t\t    <div class=\"post-thumbnail\">\n        <a href=\"https:\/\/copernicus.chmi.cz\/index.php\/2023\/10\/20\/ohlednuti-za-egms-seminarem\/\" class=\"post-list-item-thumb \">\n            <img loading=\"lazy\" decoding=\"async\" width=\"1232\" height=\"924\" src=\"https:\/\/copernicus.chmi.cz\/wp-content\/uploads\/2023\/10\/MicrosoftTeams-image-7-1232x924.jpg\" class=\"attachment-post-thumbnail size-post-thumbnail wp-post-image\" alt=\"\" srcset=\"https:\/\/copernicus.chmi.cz\/wp-content\/uploads\/2023\/10\/MicrosoftTeams-image-7-1232x924.jpg 1232w, https:\/\/copernicus.chmi.cz\/wp-content\/uploads\/2023\/10\/MicrosoftTeams-image-7-300x225.jpg 300w, https:\/\/copernicus.chmi.cz\/wp-content\/uploads\/2023\/10\/MicrosoftTeams-image-7-1024x768.jpg 1024w, https:\/\/copernicus.chmi.cz\/wp-content\/uploads\/2023\/10\/MicrosoftTeams-image-7-768x576.jpg 768w, https:\/\/copernicus.chmi.cz\/wp-content\/uploads\/2023\/10\/MicrosoftTeams-image-7-1536x1152.jpg 1536w, https:\/\/copernicus.chmi.cz\/wp-content\/uploads\/2023\/10\/MicrosoftTeams-image-7-2048x1536.jpg 2048w, https:\/\/copernicus.chmi.cz\/wp-content\/uploads\/2023\/10\/MicrosoftTeams-image-7-1440x1080.jpg 1440w\" sizes=\"(max-width: 1232px) 100vw, 1232px\" \/>        <\/a>\n    <\/div>\n    \t\t\t<\/div>\n\t\t\n\t\t<div class=\"post-content-body col-padding  \">\n\t\t\t\t\t\t\t<div class=\"space-bottom-small\">\n\t\t\t\t\t<a href=\"https:\/\/copernicus.chmi.cz\/index.php\/category\/novinky-2023\/\"  class=\"button color5 link \">Novinky 2023<\/a>\t\t\t\t<\/div>\n\t\t\t\n\t\t\t<h4 class=\"latest-news-item-title\">\n\t\t\t\t<a href=\"https:\/\/copernicus.chmi.cz\/index.php\/2023\/10\/20\/ohlednuti-za-egms-seminarem\/\" rel=\"bookmark\">\n\t\t\t\t\tOhl\u00e9dnut\u00ed za EGMS semin\u00e1\u0159em\t\t\t\t<\/a>\n\t\t\t<\/h4>\n\n\t\t\t\n\t\t\t<div class=\"latest-news-item-excerpt\">\n\t\t\t\t<p>V\u010dera \u00fasp\u011b\u0161n\u011b prob\u011bhl semin\u00e1\u0159 od od technologick\u00e9ho a telekomunika\u010dn\u00edho centra Catalunya (Centre Tecnol\u00f2gic de&#8230;Posted by[&hellip;]<\/p>\n\t\t\t<\/div>\n\n\n\t\t<\/div>\n\t\t\t\t\t\t\t<div class=\"mdc-card__actions box-padding-lr-small text-dark\">\n\t\t\t\t<div class=\"mdc-card__action-icons col-xs-12 text-dark col-sm-fit no-padding-left\">\n\t\t\t\t\t\t<a class=\"post-footer-link\" href=\"https:\/\/copernicus.chmi.cz\/index.php\/2023\/10\/20\/ohlednuti-za-egms-seminarem\/\">\n\t\t<i class=\"mdi small mdi-comment-outline mdc-card__action mdc-card__action--icon color-darkgray\" title=\"Comments\"><\/i>\n\t\t<span class=\"post-footer-value\">0<\/span>\n\t<\/a>\n\t<a class=\"post-footer-link\" href=\"https:\/\/copernicus.chmi.cz\/index.php\/2023\/10\/20\/ohlednuti-za-egms-seminarem\/\">\n\t\t<i class=\"mdi small mdi-clock mdc-card__action mdc-card__action--icon color-darkgray\" title=\"Post Time\"><\/i>\n\t\t<span class=\"post-footer-value\">20.10.2023<\/span>\n\t<\/a>\n\t\t\t\t\t<\/div>\n\t\t\t\t<div class=\"mdc-card__action-buttons col-xs-12 col-sm-fit no-padding\">\n\t\t\t\t\t<a href=\"https:\/\/copernicus.chmi.cz\/index.php\/2023\/10\/20\/ohlednuti-za-egms-seminarem\/\" class=\"button color2 link\">Read more<\/a>\n\t\t\t\t<\/div>\n\t\t\t<\/div>\n\t\t\t<\/div>\n\t\t\t\t<\/div>\n\t\t\t\t<\/div>\n\t<\/div><\/div> <div  class=\"row\"><div  class=\"col-xs-12 text-center\"> <a  class=\"button mdc-ripple-upgraded big mdc-elevation--z3 color1\" data-attr-shortcode=\"href:materialis_blog_link\" href=\"https:\/\/copernicus.chmi.cz\/index.php\/novinky\/blog\/\" data-icon=\"\">Archiv novinek<\/a><\/div> <\/div><\/div><\/div><div  data-label=\"Content\" data-id=\"content--1\" data-export-id=\"content-5-materialis\" data-category=\"content\" class=\"content-5m content-section-spacing-large content-section dark-text\" id=\"content-1\" style=\"background-color: rgb(245, 250, 253); background-image: none;\"><div  class=\"gridContainer\"> <div  class=\"row\"><div  class=\"col-xs-12 col-sm-8 col-sm-offset-2 space-bottom text-center col-padding-small-xs\" data-type=\"column\"> <\/div> <div  class=\"col-xs-12 text-center large\" data-type=\"column\"><h2  class=\"space-bottom\">Copernicus Newsletter<\/h2> <p  class=\"lead\" style=\"text-align: justify;\">N\u00e1rodn\u00ed sekretari\u00e1t GEO\/Copernicus vyd\u00e1val \u010dtvrtletn\u011b elektronick\u00fd zpravodaj, kter\u00fd shrnoval nejd\u016fle\u017eit\u011bj\u0161\u00ed zpr\u00e1vy a akce za uplynul\u00e9 \u010dtvrtlet\u00ed, kter\u00e9 se v oblasti Copernicus, GEO a DPZ odehr\u00e1ly. Od roku 2016 jsou v\u0161echny zpr\u00e1vy dostupn\u00e9 v Archivu novinek.<\/p> <a class=\"button mdc-ripple-upgraded big mdc-elevation--z3 color1\" href=\"https:\/\/copernicus.chmi.cz\/index.php\/neswletter\" target=\"_self\" data-cp-link=\"1\" data-icon=\"\" rel=\"noopener noreferrer\">Newsletter<\/a><\/div> <\/div><\/div> <\/div>","protected":false},"excerpt":{"rendered":"","protected":false},"author":6,"featured_media":0,"parent":0,"menu_order":0,"comment_status":"closed","ping_status":"closed","template":"pro\/page-templates\/full-width-page.php","meta":{"footnotes":""},"class_list":["post-19","page","type-page","status-publish","hentry"],"_links":{"self":[{"href":"https:\/\/copernicus.chmi.cz\/index.php\/wp-json\/wp\/v2\/pages\/19","targetHints":{"allow":["GET"]}}],"collection":[{"href":"https:\/\/copernicus.chmi.cz\/index.php\/wp-json\/wp\/v2\/pages"}],"about":[{"href":"https:\/\/copernicus.chmi.cz\/index.php\/wp-json\/wp\/v2\/types\/page"}],"author":[{"embeddable":true,"href":"https:\/\/copernicus.chmi.cz\/index.php\/wp-json\/wp\/v2\/users\/6"}],"replies":[{"embeddable":true,"href":"https:\/\/copernicus.chmi.cz\/index.php\/wp-json\/wp\/v2\/comments?post=19"}],"version-history":[{"count":13,"href":"https:\/\/copernicus.chmi.cz\/index.php\/wp-json\/wp\/v2\/pages\/19\/revisions"}],"predecessor-version":[{"id":4157,"href":"https:\/\/copernicus.chmi.cz\/index.php\/wp-json\/wp\/v2\/pages\/19\/revisions\/4157"}],"wp:attachment":[{"href":"https:\/\/copernicus.chmi.cz\/index.php\/wp-json\/wp\/v2\/media?parent=19"}],"curies":[{"name":"wp","href":"https:\/\/api.w.org\/{rel}","templated":true}]}}