

{"id":1675,"date":"2020-07-24T15:32:04","date_gmt":"2020-07-24T13:32:04","guid":{"rendered":"https:\/\/copernicus.chmi.cz\/?page_id=1675"},"modified":"2022-03-16T13:57:36","modified_gmt":"2022-03-16T12:57:36","slug":"uzivatele-programu-copernicus","status":"publish","type":"page","link":"https:\/\/copernicus.chmi.cz\/index.php\/o-copernicu\/uzivatele-programu-copernicus\/","title":{"rendered":"U\u017eivatel\u00e9 programu Copernicus"},"content":{"rendered":"<div  data-label=\"Content\" data-id=\"content--1\" data-export-id=\"content-5-materialis\" data-category=\"content\" class=\"content-5m content-section-spacing-large content-section dark-text\" id=\"content-1\" style=\"background-color: rgb(255, 255, 255);\"><div  class=\"gridContainer\"> <div  class=\"row\"><div  class=\"col-xs-12 col-sm-8 col-sm-offset-2 space-bottom text-center col-padding-small-xs\" data-type=\"column\"> <\/div> <div  class=\"col-xs-12 text-center large\" data-type=\"column\"><h2  class=\"space-bottom\">U\u017eivatel\u00e9 programu Copernicus<\/h2> <p  class=\"lead\" style=\"text-align: justify;\"><b >Evropa<\/b><br >\nJedn\u00edm z d\u016fvod\u016f, pro\u010d byl programu Copernicus vytvo\u0159en, je podpora evropsk\u00fdch politik t\u00fdkaj\u00edc\u00edch se \u017eivotn\u00edho prost\u0159ed\u00ed a bezpe\u010dnosti. Copernicus je vlastn\u00ed evropskou kapacitou pro pozorov\u00e1n\u00ed Zem\u011b, Evropa m\u00e1 tak jedine\u010dn\u00fd a nez\u00e1visl\u00fd zdroj rychl\u00fdch a p\u0159esn\u00fdch informac\u00ed, co\u017e je d\u016fle\u017eit\u00e9 i ze strategick\u00e9ho hlediska. Vy\u0161\u0161\u00ed bezpe\u010dnost, kterou Copernicus ob\u010dan\u016fm EU p\u0159in\u00e1\u0161\u00ed, znamen\u00e1 nap\u0159. lep\u0161\u00ed ostrahu hranic, podporu zahrani\u010dn\u00edch mis\u00ed nebo omezov\u00e1n\u00ed neleg\u00e1ln\u00edch p\u0159eshrani\u010dn\u00edch aktivit, kter\u00e9 nen\u00ed v kapacit\u00e1ch jednotliv\u00fdch \u010dlensk\u00fdch st\u00e1t\u016f. Bezplatn\u00e9 zp\u0159\u00edstupn\u011bn\u00ed dat z dru\u017eic Sentinel z\u00e1rove\u0148 podporuje vytv\u00e1\u0159en\u00ed nov\u00fdch pracovn\u00edch m\u00edst a vytv\u00e1\u0159en\u00ed nov\u00fdch technologi\u00ed jak v oblasti po\u0159izov\u00e1n\u00ed, tak pro zpracov\u00e1n\u00ed samotn\u00fdch dat. Slu\u017eby Copernicus jsou vyu\u017e\u00edv\u00e1ny i dal\u0161\u00edmi mezin\u00e1rodn\u00edmi organizacemi (p\u0159. FAO, UNESCO), a to v neziskov\u00e9m sektoru.<br >\n<br ><b >\nSt\u00e1tn\u00ed spr\u00e1va (kraje, regiony)<\/b><br >\nSt\u00e1tn\u00ed spr\u00e1v\u011b m\u016f\u017ee Copernicus p\u0159isp\u011bt zejm\u00e9na pro jednodu\u0161\u0161\u00ed, rychlej\u0161\u00ed a efektivn\u011bj\u0161\u00ed vykon\u00e1v\u00e1n\u00ed sv\u00e9 agendy. Rychle dostupn\u00e9 informace za rozs\u00e1hl\u00e1 \u00fazem\u00ed zv\u00fd\u0161\u00ed jistotu rozhodovac\u00edch proces\u016f (nap\u0159. v\u010dasn\u00e9 a aktu\u00e1ln\u00ed informace o rozsahu povodn\u00ed pro z\u00e1chran\u00e1\u0159e, ov\u011b\u0159ov\u00e1n\u00ed spr\u00e1vnosti dotac\u00ed pro zatrav\u0148ovan\u00e9 plochy, monitorov\u00e1n\u00ed sol\u00e1rn\u00edch panel\u016f a boomu sol\u00e1rn\u00ed energetiky a dal\u0161\u00ed mo\u017enosti kontroly prov\u00e1d\u011bn\u00ed a napl\u0148ov\u00e1n\u00ed n\u00e1rodn\u00ed legislativy). Copernicus sv\u00fdmi daty a slu\u017ebami p\u0159isp\u011bje k lep\u0161\u00edmu sledov\u00e1n\u00ed spravovan\u00e9ho \u00fazem\u00ed, \u017eivotn\u00edho prost\u0159ed\u00ed a kritick\u00e9 infrastruktury a umo\u017en\u00ed lep\u0161\u00ed ochranu obyvatel a majetku. Nov\u00e1 data a technologie rovn\u011b\u017e postupn\u011b p\u0159isp\u011bje k vytv\u00e1\u0159en\u00ed nov\u00fdch pracovn\u00edch m\u00edst, v\u010detn\u011b t\u011bch vysoce kvalifikovan\u00fdch. Nezanedbatelnou polo\u017ekou pak budou i vy\u0161\u0161\u00ed p\u0159\u00edjmy st\u00e1tu v podob\u011b dan\u00ed nap\u0159. z navazuj\u00edc\u00edch slu\u017eeb vytv\u00e1\u0159en\u00fdch nad daty z dru\u017eic Sentinel. Ekonomick\u00e9 p\u0159\u00ednosy otev\u0159en\u00e9 datov\u00e9 politiky Copernicus shrnuje mimo jin\u00e9 tato studie.<br >\nDal\u0161\u00ed v\u00fdznamnou skupinou potenci\u00e1ln\u00edch u\u017eivatel\u016f jsou kraje a regiony. R\u016fzn\u00e9 mo\u017enosti region\u016fm nab\u00edz\u00ed sdru\u017een\u00ed EURISY (sdru\u017een\u00ed organizac\u00ed z oblasti kosmick\u00fdch aplikac\u00ed) a NEREUS (Sdru\u017een\u00ed Evropsk\u00fdch region\u016f vyu\u017e\u00edvaj\u00edc\u00edch kosmick\u00e9 technologie). Konkr\u00e9tn\u00ed p\u0159\u00edklady vyu\u017eit\u00ed Copernicus v regionech naleznete v t\u00e9to publikaci.<\/p> <a class=\"button null mdc-ripple-upgraded color1\" href=\"\/\/www.cenia.cz\/\/var\/lib\/wordpress\/wp-content\/uploads\/2022\/02\/DPZ_listy_final_dvojstran.pdf\" target=\"_blank\" data-cp-link=\"1\" data-icon=\"\" rel=\"noopener\">Anal\u00fdza vyu\u017eit\u00ed DPZ na M\u017dP<\/a><p  class=\"lead\" style=\"text-align: left;\"><b >Soukrom\u00fd sektor<\/b><br >\nVoln\u011b dostupn\u00e1 data z dru\u017eic Sentinel maj\u00ed velk\u00fd potenci\u00e1l pro rozvoj trhu slu\u017eeb nad t\u011bmito daty. Z\u00e1kladn\u00ed slu\u017eby programu a jeho n\u011bkter\u00e9 dal\u0161\u00ed aspekty (nap\u0159. zapojen\u00ed u\u017eivatel\u016f, vyu\u017e\u00edv\u00e1n\u00ed dat) jsou vyv\u00edjeny prost\u0159ednictv\u00edm projekt\u016f, do kter\u00fdch se soukrom\u00e9 subjekty mohou zapojovat.<br >\nAkademick\u00e1 a v\u00fdzkumn\u00e1 sf\u00e9ra<br >\nNed\u00edlnou sou\u010d\u00e1st\u00ed u\u017eivatelsk\u00e9 komunity dat Copernicus je akademick\u00e1 a v\u00fdzkumn\u00e1 af\u00e9ra, kter\u00e1 v prost\u0159ed\u00ed \u010cesk\u00e9 republiky vyu\u017e\u00edv\u00e1 a zpracov\u00e1v\u00e1 data Copernicus \u010dast\u011bji, ne\u017e je tomu v p\u0159\u00edpad\u011b soukrom\u00fdch firem. Zp\u0159\u00edstupn\u011bn\u00edm sn\u00edmk\u016f dru\u017eic Sentinel univerzity a v\u00fdzkumn\u00e9 organizace z\u00edskaj\u00ed zdroj dat pro v\u011bdeck\u00e9 i studentsk\u00e9 pr\u00e1ce a experimenty a mohou se, stejn\u011b jako soukrom\u00fd sektor, pod\u00edlet na \u0159ad\u011b v\u011bdeckov\u00fdzkumn\u00fdch projekt\u016f z oblasti Copernicus. P\u0159\u00edle\u017eitost\u00ed pro studenty je sout\u011b\u017e Copernicus Masters, kter\u00e1 pom\u00e1h\u00e1 projekt\u016fm a aplikac\u00edm z oblasti d\u00e1lkov\u00e9ho pr\u016fzkumu Zem\u011b s komer\u010dn\u00ed realizac\u00ed zaj\u00edmav\u00fdch n\u00e1pad\u016f.\n<br ><br ><b >\n\u0160irok\u00e1 ve\u0159ejnost<\/b><br >\nVe\u0159ejnost m\u016f\u017ee t\u011b\u017eit p\u0159edev\u0161\u00edm ze slu\u017eeb vytv\u00e1\u0159en\u00fdch nad daty Copernicus pro ka\u017edodenn\u00ed vyu\u017eit\u00ed, kter\u00e9 m\u00e1 nap\u0159. ve form\u011b aplikace ve sv\u00e9m chytr\u00e9m telefonu. Ob\u010dan se tak velmi rychle dozv\u00ed nap\u0159. zda je voda v jeho obl\u00edben\u00e9 p\u0159ehrad\u011b dnes vhodn\u00e1 ke koup\u00e1n\u00ed, zda je pro astmatiky v dan\u00fd den doporu\u010deno kv\u016fli vysok\u00e9 koncentraci smogu vych\u00e1zet ven, apod. D\u00edky funguj\u00edc\u00edm z\u00e1kladn\u00edm slu\u017eb\u00e1m Copernicus m\u00e1 sou\u010dasn\u011b lep\u0161\u00ed p\u0159\u00edstup k informac\u00edm o \u017eivotn\u00edm prost\u0159ed\u00ed v lokalit\u011b, kde \u017eije, i vy\u0161\u0161\u00ed bezpe\u010dnost (nap\u0159. d\u00edky slu\u017eb\u011b krizov\u00e9ho \u0159\u00edzen\u00ed Copernicus).<\/p><\/div> <\/div><\/div> <\/div>","protected":false},"excerpt":{"rendered":"","protected":false},"author":6,"featured_media":0,"parent":15,"menu_order":0,"comment_status":"closed","ping_status":"closed","template":"pro\/page-templates\/full-width-page.php","meta":{"footnotes":""},"class_list":["post-1675","page","type-page","status-publish","hentry"],"_links":{"self":[{"href":"https:\/\/copernicus.chmi.cz\/index.php\/wp-json\/wp\/v2\/pages\/1675","targetHints":{"allow":["GET"]}}],"collection":[{"href":"https:\/\/copernicus.chmi.cz\/index.php\/wp-json\/wp\/v2\/pages"}],"about":[{"href":"https:\/\/copernicus.chmi.cz\/index.php\/wp-json\/wp\/v2\/types\/page"}],"author":[{"embeddable":true,"href":"https:\/\/copernicus.chmi.cz\/index.php\/wp-json\/wp\/v2\/users\/6"}],"replies":[{"embeddable":true,"href":"https:\/\/copernicus.chmi.cz\/index.php\/wp-json\/wp\/v2\/comments?post=1675"}],"version-history":[{"count":13,"href":"https:\/\/copernicus.chmi.cz\/index.php\/wp-json\/wp\/v2\/pages\/1675\/revisions"}],"predecessor-version":[{"id":3438,"href":"https:\/\/copernicus.chmi.cz\/index.php\/wp-json\/wp\/v2\/pages\/1675\/revisions\/3438"}],"up":[{"embeddable":true,"href":"https:\/\/copernicus.chmi.cz\/index.php\/wp-json\/wp\/v2\/pages\/15"}],"wp:attachment":[{"href":"https:\/\/copernicus.chmi.cz\/index.php\/wp-json\/wp\/v2\/media?parent=1675"}],"curies":[{"name":"wp","href":"https:\/\/api.w.org\/{rel}","templated":true}]}}