

{"id":15,"date":"2020-05-06T12:36:27","date_gmt":"2020-05-06T10:36:27","guid":{"rendered":"https:\/\/copernicus.chmi.cz\/?page_id=15"},"modified":"2022-04-13T13:09:23","modified_gmt":"2022-04-13T11:09:23","slug":"o-copernicu","status":"publish","type":"page","link":"https:\/\/copernicus.chmi.cz\/index.php\/o-copernicu\/","title":{"rendered":"Program Copernicus"},"content":{"rendered":"<div  data-label=\"Content\" data-id=\"content--2\" data-export-id=\"content-5-materialis\" data-category=\"content\" class=\"content-5m content-section-spacing-large content-section dark-text\" id=\"content-2\" style=\"background-color: rgba(255, 255, 255, 0); background-image: none;\"><div  class=\"gridContainer\"> <div  class=\"row\"><div  class=\"col-xs-12 col-sm-8 col-sm-offset-2 space-bottom text-center col-padding-small-xs\" data-type=\"column\"> <\/div> <div  class=\"col-xs-12 text-center large\" data-type=\"column\"><h2  class=\"space-bottom\">Program Copernicus<\/h2> <p  class=\"lead\" style=\"text-align: justify;\">Evropsk\u00fd program Copernicus vytv\u00e1\u0159\u00ed modern\u00ed a efektivn\u00ed infrastrukturu pro pozorov\u00e1n\u00ed Zem\u011b a jej\u00edho prost\u0159ed\u00ed. Nab\u00edz\u00ed informa\u010dn\u00ed slu\u017eby, kter\u00e9 jsou vytv\u00e1\u0159eny na z\u00e1klad\u011b&nbsp;<a href=\"https:\/\/copernicus.chmi.cz\/index.php\/kosmicka-komponenta\" target=\"_blank\" data-mce-selected=\"inline-boundary\" rel=\"noopener noreferrer\">dru\u017eicov\u00fdch dat<\/a>&nbsp;a&nbsp;<a href=\"https:\/\/copernicus.chmi.cz\/index.php\/in-situ-komponenta\" target=\"_blank\" data-mce-selected=\"inline-boundary\" rel=\"noopener noreferrer\">pozemn\u00edch m\u011b\u0159en\u00edch (tzv. in-situ data)<\/a>.\n<br ><br >\nProgram koordinuje a \u0159\u00edd\u00ed Evropsk\u00e1 komise ve spolupr\u00e1ci s \u010dlensk\u00fdmi st\u00e1ty, Evropskou kosmickou agenturou (ESA), Evropskou organizac\u00ed pro vyu\u017e\u00edv\u00e1n\u00ed meteorologick\u00fdch satelit\u016f (EUMETSAT), Evropsk\u00fdm st\u0159ediskem pro st\u0159edn\u011bdob\u00e9 p\u0159edpov\u011bdi po\u010das\u00ed (ECMWF), agenturami EU a Mercator Ocean.<br ><br ><a href=\"https:\/\/copernicus.chmi.cz\/index.php\/sluzby\" target=\"_blank\" data-mce-selected=\"inline-boundary\" rel=\"noopener noreferrer\">Slu\u017eby&nbsp; <\/a>a informace, je\u017e program Copernicus poskytuje, vyu\u017e\u00edvaj\u00ed nejen exekutiva a org\u00e1ny ve\u0159ejn\u00e9 spr\u00e1vy, kter\u00e9 mohou na z\u00e1klad\u011b t\u011bchto informac\u00ed \u010dinit lep\u0161\u00ed rozhodnut\u00ed a p\u0159ij\u00edmat efektivn\u011bj\u0161\u00ed opat\u0159en\u00ed, ale tak\u00e9 akademick\u00e1 a v\u00fdzkumn\u00e1 sf\u00e9ra, stejn\u011b jako soukrom\u00e9 firmy a \u0161irok\u00e1 ve\u0159ejnost.<br ><br >\nV\u0161ichni u\u017eivatel\u00e9 maj\u00ed p\u0159\u00edm\u00fd, bezplatn\u00fd a neomezen\u00fd p\u0159\u00edstup ke v\u0161em informac\u00edm i slu\u017eb\u00e1m, kter\u00e9 program Copernicus nab\u00edz\u00ed.<br ><br >\nCopernicus m\u00e1 zna\u010dn\u00fd potenci\u00e1l pro tvorbu nov\u00fdch pracovn\u00edch m\u00edst a podporu ekonomick\u00e9ho r\u016fstu a inovac\u00ed. V prosinci 2017 Evropsk\u00e1 komise dokon\u010dila rozs\u00e1hlou studii, kter\u00e1 analyzovala hospod\u00e1\u0159sk\u00e9, spole\u010densk\u00e9 a environment\u00e1ln\u00ed p\u0159\u00ednosy programu Copernicus v z\u00e1vislosti na r\u016fzn\u00fdch v\u00fdvojov\u00fdch sc\u00e9n\u00e1\u0159\u00edch. Studie se zam\u011b\u0159ila pouze na Evropu a zahrnovala obdob\u00ed 2017\u20132035. Jej\u00edm c\u00edlem bylo stanovit ekonomickou hodnotu v\u0161ech benefit\u016f, kter\u00e9 program Copernicus nab\u00edz\u00ed, za \u00fa\u010delem odhadu n\u00e1vratnosti investic. V\u00fdsledky t\u00e9to studie potvrzuj\u00ed obrovsk\u00fd rozsah ji\u017e d\u0159\u00edve prok\u00e1zan\u00e9ho potenci\u00e1lu programu v oblastech inovac\u00ed, ekonomick\u00e9ho r\u016fstu a tvorby nov\u00fdch pracovn\u00edch m\u00edst.<\/p> <\/div> <\/div><\/div> <\/div><div  data-label=\"Content\" data-id=\"content--3\" data-export-id=\"content-11\" data-category=\"content\" class=\"content-11 content-section content-section-spacing-large\" id=\"content-3\" style=\"background-color: rgba(255, 255, 255, 0); background-image: none;\"><div  class=\"gridContainer\"> <div  class=\"row text-center\"><div  class=\"section-title-col\" data-type=\"column\">  <\/div> <\/div> <div  class=\"row center-xs middle-xs\"> <div  class=\"col-sm-9\"> <div  class=\"border-radius-8 lightbox-video lightbox-video-tall dark-overlay mdc-elevation--z10 flexbox middle-xs center-xs\" data-type=\"group\" data-bg=\"image\" style=\"background-image: url(&quot;https:\/\/copernicus.chmi.cz\/wp-content\/uploads\/2020\/05\/23511184_1934661349882930_2607925136536322896_o.jpg&quot;);\"> <a  data-fancybox=\"\" data-video-lightbox=\"true\" href=\"https:\/\/www.youtube.com\/watch?time_continue=1&amp;v=MGJss4lDaBo&amp;feature=emb_title\" class=\"\"> <i  data-cp-mdi=\"true\" class=\"mdi icon video-icon mdi-play-circle color7\"><\/i><\/a> <\/div><\/div> <\/div><\/div> <\/div>","protected":false},"excerpt":{"rendered":"","protected":false},"author":6,"featured_media":0,"parent":0,"menu_order":0,"comment_status":"closed","ping_status":"closed","template":"pro\/page-templates\/full-width-page.php","meta":{"footnotes":""},"class_list":["post-15","page","type-page","status-publish","hentry"],"_links":{"self":[{"href":"https:\/\/copernicus.chmi.cz\/index.php\/wp-json\/wp\/v2\/pages\/15","targetHints":{"allow":["GET"]}}],"collection":[{"href":"https:\/\/copernicus.chmi.cz\/index.php\/wp-json\/wp\/v2\/pages"}],"about":[{"href":"https:\/\/copernicus.chmi.cz\/index.php\/wp-json\/wp\/v2\/types\/page"}],"author":[{"embeddable":true,"href":"https:\/\/copernicus.chmi.cz\/index.php\/wp-json\/wp\/v2\/users\/6"}],"replies":[{"embeddable":true,"href":"https:\/\/copernicus.chmi.cz\/index.php\/wp-json\/wp\/v2\/comments?post=15"}],"version-history":[{"count":21,"href":"https:\/\/copernicus.chmi.cz\/index.php\/wp-json\/wp\/v2\/pages\/15\/revisions"}],"predecessor-version":[{"id":3500,"href":"https:\/\/copernicus.chmi.cz\/index.php\/wp-json\/wp\/v2\/pages\/15\/revisions\/3500"}],"wp:attachment":[{"href":"https:\/\/copernicus.chmi.cz\/index.php\/wp-json\/wp\/v2\/media?parent=15"}],"curies":[{"name":"wp","href":"https:\/\/api.w.org\/{rel}","templated":true}]}}