

{"id":1448,"date":"2020-07-22T15:50:42","date_gmt":"2020-07-22T13:50:42","guid":{"rendered":"https:\/\/copernicus.chmi.cz\/?page_id=1448"},"modified":"2020-11-18T11:24:56","modified_gmt":"2020-11-18T10:24:56","slug":"dias","status":"publish","type":"page","link":"https:\/\/copernicus.chmi.cz\/index.php\/pristup-k-datum\/dias\/","title":{"rendered":"DIAS"},"content":{"rendered":"<div class=\"breadcrumbs align  wp-block-bcn-breadcrumb-trail has-text-color has-background\" vocab=\"https:\/\/schema.org\/\" typeof=\"BreadcrumbList\">\n\t<span><\/span>\n\t<span property=\"itemListElement\" typeof=\"ListItem\"><a property=\"item\" typeof=\"WebPage\" title=\"P\u0159ej\u00edt na Copernicus CR.\" href=\"https:\/\/copernicus.chmi.cz\" class=\"home\" ><span property=\"name\">Copernicus CR<\/span><\/a><meta property=\"position\" content=\"1\"><\/span> &gt; <span property=\"itemListElement\" typeof=\"ListItem\"><a property=\"item\" typeof=\"WebPage\" title=\"P\u0159ej\u00edt na Novinky.\" href=\"https:\/\/copernicus.chmi.cz\/index.php\/novinky\/\" class=\"post post-page\" ><span property=\"name\">Novinky<\/span><\/a><meta property=\"position\" content=\"2\"><\/span> &gt; <span property=\"itemListElement\" typeof=\"ListItem\"><a property=\"item\" typeof=\"WebPage\" title=\"P\u0159ej\u00edt na Blog.\" href=\"https:\/\/copernicus.chmi.cz\/index.php\/novinky\/blog\/\" class=\"post-root post post-post\" aria-current=\"page\"><span property=\"name\">Blog<\/span><\/a><meta property=\"position\" content=\"3\"><\/span><\/div>\n\n\n\n<div data-label=\"Content\" data-id=\"content--2\" data-export-id=\"content-6-materialis\" data-category=\"content\" class=\"content-6m content-section-spacing-large content-section dark-text\" id=\"content-2\" style=\"background-color: rgba(255, 255, 255, 0); background-image: none;\"><div class=\"gridContainer\"> <div class=\"row\"><div class=\"section-title-col large\" data-type=\"column\"> <h2 class=\"space-bottom\">DIAS<\/h2> <p class=\"lead\" style=\"text-align: justify;\">S c\u00edlem usnadnit a standardizovat p\u0159\u00edstup k dat\u016fm financuje Evropsk\u00e1 komise v\u00fdvoj p\u011bti cloudov\u00fdch platforem poskytuj\u00edc\u00edch centralizovan\u00fd p\u0159\u00edstup k dat\u016fm a informac\u00edm z programu Copernicus a k n\u00e1stroj\u016fm pro jejich zpracov\u00e1n\u00ed. Tyto platformy jsou zn\u00e1my pod zkratkou DIAS, \u010dili slu\u017eby p\u0159\u00edstupu k dat\u016fm a informac\u00edm (Data and Information Access Services).<br>\nP\u011bt online platforem DIAS umo\u017e\u0148uje u\u017eivatel\u016fm objevovat, upravovat, zpracov\u00e1vat a stahovat data a informace z programu Copernicus. V\u0161echny platformy DIAS poskytuj\u00ed p\u0159\u00edstup k dat\u016fm z dru\u017eic Sentinel programu Copernicus a k informa\u010dn\u00edm produkt\u016fm z \u0161esti opera\u010dn\u00edch slu\u017eeb programu spolu s cloudov\u00fdmi n\u00e1stroji (s otev\u0159en\u00fdm zdrojov\u00fdm k\u00f3dem a\/nebo za poplatek za pou\u017eit\u00ed).<br>\nKa\u017ed\u00e1 z t\u011bchto p\u011bti konkuren\u010dn\u00edch platforem rovn\u011b\u017e poskytuje jednak p\u0159\u00edstup ke komer\u010dn\u00edm dat\u016fm z dru\u017eic \u010di \u00fadaj\u016fm nesouvisej\u00edc\u00edm s vesm\u00edrem, jednak pr\u00e9miov\u00e9 nab\u00eddky podpory \u010di prioritn\u00edho zach\u00e1zen\u00ed. D\u00edky jednomu m\u00edstu p\u0159\u00edstupu k ve\u0161ker\u00fdm dat\u016fm a informac\u00edm z programu Copernicus umo\u017e\u0148uj\u00ed platformy DIAS u\u017eivatel\u016fm vyvinout a spravovat vlastn\u00ed aplikace v cloudu. Odpad\u00e1 tak nutnost stahovat objemn\u00e9 soubory z r\u016fzn\u00fdch server\u016f a zpracov\u00e1vat je lok\u00e1ln\u011b.<\/p><\/div> <\/div> <div class=\"row\"> <div class=\"col-xs-12 col-sm-8 col-sm-offset-2 space-bottom text-center\" data-type=\"column\"> <img decoding=\"async\" class=\"mdc-elevation--z13 rounded\" src=\"https:\/\/copernicus.chmi.cz\/wp-content\/uploads\/2020\/07\/DIAS-Pozn\u00e1mka-2020-07-22-154931.png\"><\/div> <div class=\"col-xs-12 space-top text-center\" data-type=\"column\"><a class=\"button null color1 mdc-ripple-upgraded\" href=\"\/\/wekeo.eu\" target=\"_self\" data-cp-link=\"1\" data-icon=\"\" rel=\"noopener noreferrer\">WEkEO<\/a><a class=\"button null color1 mdc-ripple-upgraded\" href=\"\/\/mundiwebservices.com\" target=\"_self\" data-cp-link=\"1\" data-icon=\"\" rel=\"noopener noreferrer\">Mundi Web Services<\/a><a class=\"button null color1 mdc-ripple-upgraded\" href=\"\/\/sobloo.eu\" target=\"_self\" data-cp-link=\"1\" data-icon=\"\" rel=\"noopener noreferrer\">Sobloo Services<\/a><a class=\"button null color1 mdc-ripple-upgraded\" href=\"\/\/creodias.eu\" target=\"_self\" data-cp-link=\"1\" data-icon=\"\" rel=\"noopener noreferrer\">CREO DIAS<\/a><a class=\"button null color1 mdc-ripple-upgraded\" href=\"\/\/www.onda-dias.eu\/cms\" target=\"_self\" data-cp-link=\"1\" data-icon=\"\" rel=\"noopener noreferrer\">ONDA DIAS<\/a><a class=\"button null mdc-ripple-upgraded color1\" href=\"\/\/copernicus.chmi.cz\/wp-content\/uploads\/2020\/07\/Copernicus_DIAS_Factsheet_June2018.pdf\" target=\"_self\" data-cp-link=\"1\" data-icon=\"\" rel=\"noopener noreferrer\">V\u00edce informac\u00ed<\/a><\/div> <\/div><\/div> <\/div>\n","protected":false},"excerpt":{"rendered":"","protected":false},"author":6,"featured_media":0,"parent":18,"menu_order":0,"comment_status":"closed","ping_status":"closed","template":"pro\/page-templates\/full-width-page.php","meta":{"footnotes":""},"class_list":["post-1448","page","type-page","status-publish","hentry"],"_links":{"self":[{"href":"https:\/\/copernicus.chmi.cz\/index.php\/wp-json\/wp\/v2\/pages\/1448","targetHints":{"allow":["GET"]}}],"collection":[{"href":"https:\/\/copernicus.chmi.cz\/index.php\/wp-json\/wp\/v2\/pages"}],"about":[{"href":"https:\/\/copernicus.chmi.cz\/index.php\/wp-json\/wp\/v2\/types\/page"}],"author":[{"embeddable":true,"href":"https:\/\/copernicus.chmi.cz\/index.php\/wp-json\/wp\/v2\/users\/6"}],"replies":[{"embeddable":true,"href":"https:\/\/copernicus.chmi.cz\/index.php\/wp-json\/wp\/v2\/comments?post=1448"}],"version-history":[{"count":6,"href":"https:\/\/copernicus.chmi.cz\/index.php\/wp-json\/wp\/v2\/pages\/1448\/revisions"}],"predecessor-version":[{"id":2225,"href":"https:\/\/copernicus.chmi.cz\/index.php\/wp-json\/wp\/v2\/pages\/1448\/revisions\/2225"}],"up":[{"embeddable":true,"href":"https:\/\/copernicus.chmi.cz\/index.php\/wp-json\/wp\/v2\/pages\/18"}],"wp:attachment":[{"href":"https:\/\/copernicus.chmi.cz\/index.php\/wp-json\/wp\/v2\/media?parent=1448"}],"curies":[{"name":"wp","href":"https:\/\/api.w.org\/{rel}","templated":true}]}}