

{"id":1287,"date":"2020-07-21T16:30:06","date_gmt":"2020-07-21T14:30:06","guid":{"rendered":"https:\/\/copernicus.chmi.cz\/?page_id=1287"},"modified":"2023-03-22T08:50:37","modified_gmt":"2023-03-22T07:50:37","slug":"7-ceske-uzivatelske-forum-copernicus","status":"publish","type":"page","link":"https:\/\/copernicus.chmi.cz\/index.php\/uzivatelske-a-konference-a-seminare\/7-ceske-uzivatelske-forum-copernicus\/","title":{"rendered":"7. \u010cESK\u00c9 U\u017dIVATELSK\u00c9 F\u00d3RUM COPERNICUS"},"content":{"rendered":"<div class=\"breadcrumbs align  wp-block-bcn-breadcrumb-trail has-text-color has-background\" vocab=\"https:\/\/schema.org\/\" typeof=\"BreadcrumbList\">\n\t<span><\/span>\n\t<span property=\"itemListElement\" typeof=\"ListItem\"><a property=\"item\" typeof=\"WebPage\" title=\"P\u0159ej\u00edt na Copernicus CR.\" href=\"https:\/\/copernicus.chmi.cz\" class=\"home\" ><span property=\"name\">Copernicus CR<\/span><\/a><meta property=\"position\" content=\"1\"><\/span> &gt; <span property=\"itemListElement\" typeof=\"ListItem\"><a property=\"item\" typeof=\"WebPage\" title=\"P\u0159ej\u00edt na Novinky.\" href=\"https:\/\/copernicus.chmi.cz\/index.php\/novinky\/\" class=\"post post-page\" ><span property=\"name\">Novinky<\/span><\/a><meta property=\"position\" content=\"2\"><\/span> &gt; <span property=\"itemListElement\" typeof=\"ListItem\"><a property=\"item\" typeof=\"WebPage\" title=\"P\u0159ej\u00edt na Blog.\" href=\"https:\/\/copernicus.chmi.cz\/index.php\/novinky\/blog\/\" class=\"post-root post post-post\" aria-current=\"page\"><span property=\"name\">Blog<\/span><\/a><meta property=\"position\" content=\"3\"><\/span><\/div>\n\n\n\n<div data-label=\"Content\" data-id=\"content--1\" data-export-id=\"content-5-materialis\" data-category=\"content\" class=\"content-5m content-section-spacing-large content-section dark-text\" id=\"content-1\" style=\"background-color: rgb(255, 255, 255);\"><div class=\"gridContainer\"> <div class=\"row\"><div class=\"col-xs-12 col-sm-8 col-sm-offset-2 space-bottom text-center col-padding-small-xs\" data-type=\"column\"> <img decoding=\"async\" class=\"rounded mdc-elevation--z0\" src=\"https:\/\/copernicus.chmi.cz\/wp-content\/uploads\/2020\/07\/konference7-Pozn\u00e1mka-2020-07-21-163727.png\"><\/div> <div class=\"col-xs-12 text-center large\" data-type=\"column\"><h2 class=\"space-bottom\">7. \u010cESK\u00c9 U\u017dIVATELSK\u00c9 F\u00d3RUM COPERNICUS<\/h2> <p class=\"lead\" style=\"text-align: justify;\">Ministerstvo \u017eivotn\u00edho prost\u0159ed\u00ed \u010cR ve spolupr\u00e1ci s Ministerstvem dopravy \u010cR a ESA BIC Prague uspo\u0159\u00e1dalo 7. ro\u010dn\u00edk \u010desk\u00e9ho u\u017eivatelsk\u00e9ho f\u00f3ra Copernicus. Konference se konala ve dnech 7. \u2013 8. \u010dervna 2018 v budov\u011b Agentury pro evropsk\u00fd GNSS Praha. Leto\u0161n\u00ed ro\u010dn\u00edk u\u017eivatelsk\u00e9ho f\u00f3ra byl zam\u011b\u0159en na In situ data v pozorov\u00e1n\u00ed Zem\u011b s c\u00edlem na:<br>\u2013 vyu\u017eit\u00ed dru\u017eicov\u00fdch a In situ dat v pozorov\u00e1n\u00ed Zem\u011b, jejich vz\u00e1jemn\u00e1 komparace<br>\u2013 p\u0159edstaven\u00ed institucion\u00e1ln\u00edho r\u00e1mce v oblasti mezin\u00e1rodn\u00ed spolupr\u00e1ce, role in situ dat vybran\u00fdch mezin\u00e1rodn\u00edch subjekt\u016f<br>\u2013 vyu\u017e\u00edv\u00e1n\u00ed dru\u017eicov\u00fdch a in situ dat nap\u0159\u00ed\u010d z\u00e1kladn\u00edmi sektory ekonomiky na n\u00e1rodn\u00ed \u00farovni: st\u00e1tn\u00ed spr\u00e1va, pr\u016fmysl, akademick\u00fd sektor<br>\u2013 praktick\u00e9 uk\u00e1zky vyu\u017eit\u00ed dru\u017eicov\u00fdch a in situ dat, jejich kalibrace a validace<br>\u2013 implementace programu Copernicus v \u010cesk\u00e9 republice,<br>\u2013 rozvoj u\u017eivatelsk\u00e9 komunity, sb\u011br u\u017eivatelsk\u00fdch po\u017eadavk\u016f na data a slu\u017eby programu Copernicus\n<br><br><b>\nZ\u00e1kladn\u00ed informace<\/b><br><b>\nT\u00e9ma konference: <\/b>              In situ data v pozorov\u00e1n\u00ed Zem\u011b: Copernicus for Users, Business and Academy<br><b>\nOrganiz\u00e1to\u0159i:<\/b>                        Ministerstvo \u017eivotn\u00edho prost\u0159ed\u00ed \u010cR, Ministerstvo dopravy \u010cR, ESA BIC Prague<br><b>\nDatum:<\/b>                                  7. \u010dervna 2018, resp. 8. \u010dervna 2018<br><b>\nM\u00edsto kon\u00e1n\u00ed: <\/b>                      Agentura pro evropsk\u00fd GNSS, Janovsk\u00e9ho 438\/2 \u2013 Praha 7, Hole\u0161ovice<br><b>\nKonferen\u010dn\u00ed poplatky:<\/b>        NE<br><b>\nJednac\u00ed jazyk:<\/b>                     anglick\u00fd\/\u010desk\u00fd<\/p> <a class=\"button null big color1 mdc-ripple-upgraded\" href=\"\/\/copernicus.chmi.cz\/wp-content\/uploads\/2020\/07\/Konference-7-brozura_Copernicus_V2_WEB.pdf\" target=\"_self\" data-cp-link=\"1\" data-icon=\"\" rel=\"noopener noreferrer\">Program<\/a><a class=\"button null big color1 mdc-ripple-upgraded\" href=\"\/\/owl.mzp.cz\/index.php\/apps\/gallery\/s\/e2IhbkS6tzDtmsf\" target=\"_self\" data-cp-link=\"1\" data-icon=\"\" rel=\"noopener noreferrer\">Fotografie<\/a><\/div> <\/div><\/div> <\/div>\n\n\n\n<div data-label=\"Content\" data-id=\"content--2\" data-export-id=\"content-15-materialis\" data-category=\"content\" class=\"content-15m content-section content-section-spacing-large\" id=\"content-2\" style=\"background-color: rgba(46, 134, 211, 0.114); background-image: none;\"><div class=\"gridContainer\"> <div class=\"row middle-sm\"><div class=\"col-md-6 col-xs-12 col-sm-6 content-left-sm\" data-type=\"column\"> <div class=\"row\"><div class=\"col-xs-12\" data-type=\"column\"> <h2 class=\"space-bottom\">Prezentace<\/h2> <h4 class=\"\">Prezentace z prvn\u00edho dne, 7.6. 2018<\/h4><\/div> <\/div> <div class=\"row space-top spaced-cols\" data-type=\"row\" data-max-items=\"3\"> <div class=\"col-sm-6 col-xs-12 col-md-12\" data-type=\"column\"> <h5 class=\"\">GSA<\/h5> <p class=\"\"><a href=\"https:\/\/copernicus.chmi.cz\/wp-content\/uploads\/2020\/07\/konference-7-101_GSA_Calini_E-GNSS-and-Copernicus-Working-Together-for-SD.pdf\" cp_node_45\"=\"\" \"=\"\" copernicus-dev.cenia.cz=\"\" wp-content=\"\" uploads=\"\" 2020=\"\" 07=\"\" konference-7-101_gsa_calini_e-gnss-and-copernicus-working-together-for-sd.pdf\"=\"\" target=\"_blank\" data-mce-selected=\"inline-boundary\" data-cp-link=\"1\" class=\"\">\ufeffGian Gherardo Calini, E-GNSS and Copernicus: Working Together for Sustainable Development<\/a><\/p><\/div> <div class=\"col-sm-6 col-xs-12 col-md-12\" data-type=\"column\"><h5 class=\"\">EEA<\/h5> <p class=\"\"><a href=\"https:\/\/copernicus.chmi.cz\/wp-content\/uploads\/2020\/07\/Konference-7-102_EEA_Bruyninckx_Copernicus-and-Insitu-Data.pdf\" target=\"_blank\" data-mce-selected=\"inline-boundary\" rel=\"noopener noreferrer\" class=\"\">Hans Bruyninckx, Copernicus and In Situ Data<\/a><\/p><\/div> <div class=\"col-sm-6 col-xs-12 col-md-12\" data-type=\"column\"><h5 class=\"\">EC<\/h5> <p class=\"\"><a href=\"https:\/\/copernicus.chmi.cz\/wp-content\/uploads\/2020\/07\/konference-7-103_EC_Bamps_Insitu-Component-in-Copernicus-Services.pdf\" target=\"_blank\" data-mce-selected=\"inline-boundary\" rel=\"noopener noreferrer\" class=\"\">Catharina Bamps, In Situ Component in Copernicus Services<\/a><\/p><\/div> <div class=\"col-sm-6 col-xs-12 col-md-12\" data-type=\"column\"><h5 class=\"\">ESA<\/h5> <p class=\"\"><a href=\"https:\/\/copernicus.chmi.cz\/wp-content\/uploads\/2020\/07\/Konference-7-104_ESA_Jutz_Importance-of-CalVal-in-EO.pdf\" target=\"_blank\" data-mce-selected=\"inline-boundary\" rel=\"noopener noreferrer\" class=\"\">Simon Jutz, Importance of Calibration and Validation in EO<\/a><\/p><\/div> <div class=\"col-sm-6 col-xs-12 col-md-12\" data-type=\"column\"> <h5 class=\"\">EUMETSAT<\/h5> <p class=\"\"><a href=\"https:\/\/copernicus.chmi.cz\/wp-content\/uploads\/2020\/07\/konference-7-105_EUMETSAT_Montagner_Operational-Use-of-Insitu-Data.pdf\" target=\"_blank\" data-mce-selected=\"inline-boundary\" rel=\"noopener noreferrer\" class=\"\">Fran\u00e7ois Montagner, EUMETSAT Operational Use of In Situ Data<\/a><\/p><\/div><div class=\"col-sm-6 col-xs-12 col-md-12\" data-type=\"column\"> <h5 class=\"\">ECMWF<\/h5> <p class=\"\"><a href=\"https:\/\/copernicus.chmi.cz\/wp-content\/uploads\/2020\/07\/Konference-7-106_ECMWF_Thepaut_Insitu-Data-and-Copernicus-C3S.pdf\" target=\"_blank\" data-mce-selected=\"inline-boundary\" rel=\"noopener noreferrer\" class=\"\">Jean No\u00ebl Th\u00e9paut, In Situ Data and Copernicus C3S Service<\/a><\/p><\/div><div class=\"col-sm-6 col-xs-12 col-md-12\" data-type=\"column\"> <h5 class=\"\">ECMWF<\/h5> <p class=\"\"><a href=\"https:\/\/copernicus.chmi.cz\/wp-content\/uploads\/2020\/07\/107_ECMWF_Vermoote_Insitu-Data-and-Copernicus-CAMS.pdf\" target=\"_blank\" data-mce-selected=\"inline-boundary\" rel=\"noopener noreferrer\" class=\"\">Stijn Vermoote, In Situ Data and Copernicus CAMS Service\ufeff<\/a><\/p><\/div><div class=\"col-sm-6 col-xs-12 col-md-12\" data-type=\"column\"> <h5 class=\"\">WINDY<\/h5> <p class=\"\"><a href=\"https:\/\/copernicus.chmi.cz\/wp-content\/uploads\/2020\/07\/108_WINDY_Slavkovsky_Windy-App-Based-on-European-ECMWF-Model-Data.pdf\" target=\"_blank\" data-mce-selected=\"inline-boundary\" data-cp-link=\"1\" rel=\"noopener noreferrer\" class=\"\">\ufeffTom\u00e1\u0161 Slavkovsk\u00fd, Windy App Based on European ECMWF Model Data<\/a><\/p><\/div><div class=\"col-sm-6 col-xs-12 col-md-12\" data-type=\"column\"> <h5 class=\"\">GEO<\/h5> <p class=\"\"><a href=\"https:\/\/copernicus.chmi.cz\/wp-content\/uploads\/2020\/07\/109_GEO_Ramage_A-Few-Observations.pdf\" target=\"_blank\" data-mce-selected=\"inline-boundary\" rel=\"noopener noreferrer\" class=\"\"> Steven Ramage, A Few Observations<\/a><\/p><\/div><div class=\"col-sm-6 col-xs-12 col-md-12\" data-type=\"column\"> <h5 class=\"\">CSO<\/h5> <p class=\"\"><a href=\"https:\/\/copernicus.chmi.cz\/wp-content\/uploads\/2020\/07\/110_EC-CSO_Ourevitch_New-User-Uptake-Iniciatives-DIAS.pdf\" target=\"_blank\" data-mce-selected=\"inline-boundary\" rel=\"noopener noreferrer\" class=\"\">  St\u00e9phane Ourevitch, New User Uptake Iniciativest<\/a><br><a href=\"https:\/\/copernicus.chmi.cz\/index.php\/7-ceske-uzivatelske-forum-copernicus\/%3Ca%20=\" target=\"_blank\" data-mce-selected=\"inline-boundary\" rel=\"noopener noreferrer\"><\/a><\/p><\/div><div class=\"col-sm-6 col-xs-12 col-md-12\" data-type=\"column\"> <h5 class=\"\">MD<\/h5> <p class=\"\"><a href=\"https:\/\/copernicus.chmi.cz\/wp-content\/uploads\/2020\/07\/111_MoT_\u0160v\u00e1b_Sentinel-CollGS-in-CZ.pdf\" target=\"_blank\" data-mce-selected=\"inline-boundary\" rel=\"noopener noreferrer\" class=\"\">Ond\u0159ej \u0160v\u00e1b, Sentinel Collaborative Ground Segment in Czech Republic<\/a><br><a href=\"https:\/\/copernicus.chmi.cz\/index.php\/7-ceske-uzivatelske-forum-copernicus\/%3Ca%20=\" target=\"_blank\" data-mce-selected=\"inline-boundary\" rel=\"noopener noreferrer\"><\/a><\/p><\/div><div class=\"col-sm-6 col-xs-12 col-md-12\" data-type=\"column\"> <h5 class=\"\">ESA ESERO<\/h5> <p class=\"\"><a href=\"https:\/\/copernicus.chmi.cz\/wp-content\/uploads\/2020\/07\/112_ESERO_Mare\u0161_Conspiro_Comparation-Insitu-and-Sentinel-Satellites-Data.pdf\" target=\"_blank\" data-mce-selected=\"inline-boundary\" rel=\"noopener noreferrer\" class=\"\">Petr Mare\u0161 Conspiro: Comparation In Situ and Sentinel Satellites Data<\/a><\/p><\/div><div class=\"col-sm-6 col-xs-12 col-md-12\" data-type=\"column\"> <h5 class=\"\">Jiho\u010desk\u00e1 univerzita v \u010cesk\u00fdch Bud\u011bjovic\u00edch<\/h5> <p class=\"\"><a href=\"https:\/\/copernicus.chmi.cz\/wp-content\/uploads\/2020\/07\/113_University-of-SB_Brom_RemoteGuard.pdf\" target=\"_blank\" data-mce-selected=\"inline-boundary\" rel=\"noopener noreferrer\" class=\"\">Jakub Brom, RemoteGuard: Tool for Analysis of Water Quality in Shallow Waters Using Remotely Sensed Data&nbsp;<\/a><a href=\"https:\/\/copernicus.chmi.cz\/wp-content\/uploads\/2020\/07\/konference-7-101_GSA_Calini_E-GNSS-and-Copernicus-Working-Together-for-SD.pdf\" cp_node_45\"=\"\" \"=\"\" copernicus-dev.cenia.cz=\"\" wp-content=\"\" uploads=\"\" 2020=\"\" 07=\"\" konference-7-101_gsa_calini_e-gnss-and-copernicus-working-together-for-sd.pdf\"=\"\" target=\"_blank\" data-mce-selected=\"inline-boundary\" data-cp-link=\"1\" class=\"\"><\/a><\/p><\/div><div class=\"col-sm-6 col-xs-12 col-md-12\" data-type=\"column\"> <h5 class=\"\">CzechGlobe<\/h5> <p class=\"\"><a href=\"https:\/\/copernicus.chmi.cz\/wp-content\/uploads\/2020\/07\/114_CzechGlobe_Luke\u0161_Importance-of-Insitu-Data-for-Vegetation.pdf\" target=\"_blank\" data-mce-selected=\"inline-boundary\" rel=\"noopener noreferrer\" class=\"\">Petr Luke\u0161, Importance of In Situ Data for Vegetation Status Assessment&nbsp;<\/a><a href=\"https:\/\/copernicus.chmi.cz\/wp-content\/uploads\/2020\/07\/konference-7-101_GSA_Calini_E-GNSS-and-Copernicus-Working-Together-for-SD.pdf\" cp_node_45\"=\"\" \"=\"\" copernicus-dev.cenia.cz=\"\" wp-content=\"\" uploads=\"\" 2020=\"\" 07=\"\" konference-7-101_gsa_calini_e-gnss-and-copernicus-working-together-for-sd.pdf\"=\"\" target=\"_blank\" data-mce-selected=\"inline-boundary\" data-cp-link=\"1\" class=\"\"><\/a><\/p><\/div><div class=\"col-sm-6 col-xs-12 col-md-12\" data-type=\"column\"> <h5 class=\"\">CGS<\/h5> <p class=\"\"><a href=\"https:\/\/copernicus.chmi.cz\/wp-content\/uploads\/2020\/07\/115_CGS_Kopa\u010dkov\u00e1_Hyperspectral-Satellite-Data-and-Sensors.pdf\" target=\"_blank\" data-mce-selected=\"inline-boundary\" rel=\"noopener noreferrer\" class=\"\">Veronika Kopa\u010dkov\u00e1 \tHyperspectral Satellite Data and Sensors: Current State and Future Perspectives&nbsp;<\/a><a href=\"https:\/\/copernicus.chmi.cz\/wp-content\/uploads\/2020\/07\/konference-7-101_GSA_Calini_E-GNSS-and-Copernicus-Working-Together-for-SD.pdf\" cp_node_45\"=\"\" \"=\"\" copernicus-dev.cenia.cz=\"\" wp-content=\"\" uploads=\"\" 2020=\"\" 07=\"\" konference-7-101_gsa_calini_e-gnss-and-copernicus-working-together-for-sd.pdf\"=\"\" target=\"_blank\" data-mce-selected=\"inline-boundary\" data-cp-link=\"1\" class=\"\"><\/a><\/p><\/div><div class=\"col-sm-6 col-xs-12 col-md-12\" data-type=\"column\"> <h5 class=\"\">\u010cHM\u00da<\/h5> <p class=\"\"><a href=\"https:\/\/copernicus.chmi.cz\/wp-content\/uploads\/2020\/07\/116_\u010cHM\u00da_\u010eoubalov\u00e1_SAMIRA_Combined-Use-of-Insitu-EO-Data-in-Air-Quality.pdf\" target=\"_blank\" data-mce-selected=\"inline-boundary\" rel=\"noopener noreferrer\" class=\"\">Jana \u010eoubalov\u00e1, SAMIRA<\/a><br><a href=\"https:\/\/copernicus.chmi.cz\/wp-content\/uploads\/2020\/07\/konference-7-101_GSA_Calini_E-GNSS-and-Copernicus-Working-Together-for-SD.pdf\" cp_node_45\"=\"\" \"=\"\" copernicus-dev.cenia.cz=\"\" wp-content=\"\" uploads=\"\" 2020=\"\" 07=\"\" konference-7-101_gsa_calini_e-gnss-and-copernicus-working-together-for-sd.pdf\"=\"\" target=\"_blank\" data-mce-selected=\"inline-boundary\" data-cp-link=\"1\" class=\"\"><\/a><\/p><\/div><div class=\"col-sm-6 col-xs-12 col-md-12\" data-type=\"column\"> <h5 class=\"\">GISAT<\/h5> <p class=\"\"><a href=\"https:\/\/copernicus.chmi.cz\/wp-content\/uploads\/2020\/07\/117_GISAT_Mi\u0161urec_Insitu-Data-Collection-for-Crop-Production.pdf\" target=\"_blank\" data-mce-selected=\"inline-boundary\" rel=\"noopener noreferrer\" class=\"\">Jan Mi\u0161urec, In Situ Data Collection for Modeling of Biophysics and Crop Production Characteristics and their Use in Products with Sentinel<\/a><a href=\"https:\/\/copernicus.chmi.cz\/wp-content\/uploads\/2020\/07\/konference-7-101_GSA_Calini_E-GNSS-and-Copernicus-Working-Together-for-SD.pdf\" cp_node_45\"=\"\" \"=\"\" copernicus-dev.cenia.cz=\"\" wp-content=\"\" uploads=\"\" 2020=\"\" 07=\"\" konference-7-101_gsa_calini_e-gnss-and-copernicus-working-together-for-sd.pdf\"=\"\" target=\"_blank\" data-mce-selected=\"inline-boundary\" data-cp-link=\"1\" class=\"\"><\/a><\/p><\/div><div class=\"col-sm-6 col-xs-12 col-md-12\" data-type=\"column\"> <h5 class=\"\">Mapradix<\/h5> <p class=\"\"><a href=\"https:\/\/copernicus.chmi.cz\/wp-content\/uploads\/2020\/07\/Konference-7-118_Mapradix_Brodsk\u00fd_Insitu-Data-in-land-Monitoring.pdf\" target=\"_blank\" data-mce-selected=\"inline-boundary\" rel=\"noopener noreferrer\" class=\"\">Luk\u00e1\u0161 Brodsk\u00fd,\tIn Situ Data Use in Operational Land Monitoring<\/a><a href=\"https:\/\/copernicus.chmi.cz\/wp-content\/uploads\/2020\/07\/konference-7-101_GSA_Calini_E-GNSS-and-Copernicus-Working-Together-for-SD.pdf\" cp_node_45\"=\"\" \"=\"\" copernicus-dev.cenia.cz=\"\" wp-content=\"\" uploads=\"\" 2020=\"\" 07=\"\" konference-7-101_gsa_calini_e-gnss-and-copernicus-working-together-for-sd.pdf\"=\"\" target=\"_blank\" data-mce-selected=\"inline-boundary\" data-cp-link=\"1\" class=\"\"><\/a><\/p><\/div><div class=\"col-sm-6 col-xs-12 col-md-12\" data-type=\"column\"> <h5 class=\"\">ENKI<\/h5> <p class=\"\"><a href=\"https:\/\/copernicus.chmi.cz\/wp-content\/uploads\/2020\/07\/119_ENKI_Hesslerov\u00e1_CalVal-of-Aerial-Imaging-Thermal-Data.pdf\" target=\"_blank\" data-mce-selected=\"inline-boundary\" rel=\"noopener noreferrer\" class=\"\">Petra Hesslerov\u00e1, Calibration and Validation of Aerial Imaging of Thermal Data<\/a><a href=\"https:\/\/copernicus.chmi.cz\/wp-content\/uploads\/2020\/07\/konference-7-101_GSA_Calini_E-GNSS-and-Copernicus-Working-Together-for-SD.pdf\" cp_node_45\"=\"\" \"=\"\" copernicus-dev.cenia.cz=\"\" wp-content=\"\" uploads=\"\" 2020=\"\" 07=\"\" konference-7-101_gsa_calini_e-gnss-and-copernicus-working-together-for-sd.pdf\"=\"\" target=\"_blank\" data-mce-selected=\"inline-boundary\" data-cp-link=\"1\" class=\"\"><\/a>\n<br>\n<br>\n<\/p><\/div><\/div> <div class=\"row\"> <div class=\"col-xs-12\" data-type=\"column\"><h4 class=\"\">Prezentace z druh\u00e9ho konferen\u010dn\u00edho dne jsou zve\u0159ejn\u011bny na&nbsp;<u><a href=\"http:\/\/www.esa-bic.cz\/2018\/06\/13\/7-ceske-uzivatelske-forum-copernicus\" target=\"_blank\" data-mce-selected=\"inline-boundary\" rel=\"noopener noreferrer\" class=\"\">webu ESA BIC Prague.<\/a><span id=\"_mce_caret\" data-mce-bogus=\"1\" data-mce-type=\"format-caret\"><span style=\"color: rgb(54, 158, 250);\">\ufeff<\/span><\/span><\/u><span id=\"_mce_caret\" data-mce-bogus=\"1\" data-mce-type=\"format-caret\"><span style=\"text-decoration: underline;\">\ufeff<\/span><\/span><\/h4> <\/div> <\/div><\/div> <div class=\"col-md-6 col-xs-12 col-sm-6\"> <img decoding=\"async\" class=\"mdc-elevation--z9 rounded\" src=\"https:\/\/copernicus.chmi.cz\/wp-content\/uploads\/2020\/07\/cropped-joao-cruz-IkEpl3JkVqU-unsplash-scaled-2.jpg\"><\/div> <\/div><\/div> <\/div>\n\n\n\n<div data-label=\"Content\" data-id=\"content--3\" data-export-id=\"content-14-materialis\" data-category=\"content\" class=\"content-14m content-section-spacing-large content-section dark-text\" id=\"content-3\" style=\"background-color: rgba(255, 255, 255, 0); background-image: none;\"><div class=\"gridContainer\"> <div class=\"row middle-xs space-bottom-large\"><div class=\"col-md-5 col-xs-12 col-sm-6 content-left-sm space-bottom-xs-large\" data-type=\"column\"> <h2 class=\"\">\u0158ekli o n\u00e1s\u2026<\/h2> <p class=\"\" style=\"text-align: justify;\">\u010cesk\u00e1 televize, redakce V\u011bda 24 byla p\u0159\u00edtomn\u00e1 slavnostn\u00edho zah\u00e1jen\u00ed konference na vysok\u00e9 \u00farovni. D\u011bkujeme!<br><br>\nZ\u00e1znam naleznete&nbsp;<a href=\"http:\/\/www.ceskatelevize.cz\/porady\/10101491767-studio-ct24\/218411058320611\" target=\"_blank\" data-mce-selected=\"inline-boundary\" rel=\"noopener noreferrer\" class=\"\">v archivu \u010cT zde.<\/a><\/p><\/div> <div class=\"col-md-6 col-md-offset-1 col-xs-12 col-sm-6\"> <img decoding=\"async\" class=\"mdc-elevation--z9\" src=\"https:\/\/copernicus.chmi.cz\/wp-content\/uploads\/2020\/07\/cropped-sam-mcghee-KieCLNzKoBo-unsplash-scaled-1.jpg\"><\/div> <\/div> <div class=\"row middle-xs top-sm spaced-cols content-left-sm\" data-type=\"row\"> <div class=\"col-md-3 col-sm-6 col-xs-12 border-top-color1 padding-first-el\" data-type=\"column\"> <h5 class=\"\">Tiskov\u00e9 odd\u011blen\u00ed M\u017dP<\/h5> <a class=\"button null small color1 mdc-ripple-upgraded\" href=\"\/\/www.env.cz\/cz\/news_180611_EEA\" target=\"_self\" data-cp-link=\"1\" data-icon=\"\" rel=\"noopener noreferrer\">V\u00edce informac\u00ed<\/a><\/div>    <div class=\"col-md-3 col-sm-6 col-xs-12 border-top-color1 padding-first-el\" data-type=\"column\"> <h5 class=\"\">\u010cTK<\/h5> <a class=\"button null small color1 mdc-ripple-upgraded\" href=\"\/\/www.ceskenoviny.cz\/zpravy\/data-z-druzic-sentinel-pomohou-zjistit-pohyb-skodlivin-ve-vzduchu\/1629701\" target=\"_self\" data-cp-link=\"1\" data-icon=\"\" rel=\"noopener noreferrer\">V\u00edce informac\u00ed<\/a><\/div><div class=\"col-md-3 col-sm-6 col-xs-12 border-top-color1 padding-first-el\" data-type=\"column\"> <h5 class=\"\">T\u00fdden<\/h5> <a class=\"button small null color1 mdc-ripple-upgraded\" href=\"\/\/www.tyden.cz\/rubriky\/veda\/o-data-z-druzic-je-v-cesku-zajem-letos-je-chtelo-30-zadatelu_483492.html\" target=\"_self\" data-cp-link=\"1\" data-icon=\"\" rel=\"noopener noreferrer\">V\u00edce informac\u00ed<\/a><\/div><div class=\"col-md-3 col-sm-6 col-xs-12 border-top-color1 padding-first-el\" data-type=\"column\"> <h5 class=\"\">Ekolist<\/h5> <a class=\"button small null color1 mdc-ripple-upgraded\" href=\"\/\/ekolist.cz\/cz\/zpravodajstvi\/zpravy\/zacalo-forum-evropskeho-programu-pro-pozorovani-zeme-copernicus\" target=\"_self\" data-cp-link=\"1\" data-icon=\"\" rel=\"noopener noreferrer\">Vice informac\u00ed<\/a><\/div><div class=\"col-md-3 col-sm-6 col-xs-12 border-top-color1 padding-first-el\" data-type=\"column\"> <h5 class=\"\">ITBIZ<\/h5> <a class=\"button small null color1 mdc-ripple-upgraded\" href=\"\/\/www.itbiz.cz\/clanky\/copernicus-user-forum-2018\" target=\"_self\" data-cp-link=\"1\" data-icon=\"\" rel=\"noopener noreferrer\">Vice informac\u00ed<\/a><\/div><div class=\"col-md-3 col-sm-6 col-xs-12 border-top-color1 padding-first-el\" data-type=\"column\"> <h5 class=\"\">WirelessInfo<\/h5> <a class=\"button small null color1 mdc-ripple-upgraded\" href=\"\/\/www.wirelessinfo.cz\/cs\/7th-czech-national-copernicus-user-forum\" target=\"_self\" data-cp-link=\"1\" data-icon=\"\" rel=\"noopener noreferrer\">Vice informac\u00ed<\/a><\/div><div class=\"col-md-3 col-sm-6 col-xs-12 border-top-color1 padding-first-el\" data-type=\"column\"> <h5 class=\"\">Plan4all<\/h5> <a class=\"button null small color1 mdc-ripple-upgraded\" href=\"\/\/www.plan4all.eu\/2018\/05\/7th-czech-national-copernicus-user-forum\" target=\"_self\" data-cp-link=\"1\" data-icon=\"\" rel=\"noopener noreferrer\">V\u00edce informac\u00ed<\/a><\/div><div class=\"col-md-3 col-sm-6 col-xs-12 border-top-color1 padding-first-el\" data-type=\"column\"> <h5 class=\"\">Lesprojekt<\/h5> <a class=\"button null small color1 mdc-ripple-upgraded\" href=\"\/\/www.lesprojekt.cz\/2018\/05\/30\/7th-czech-national-copernicus-user-forum\" target=\"_self\" data-cp-link=\"1\" data-icon=\"\" rel=\"noopener noreferrer\">V\u00edce informac\u00ed<\/a><\/div><\/div> <div class=\"row row-last\"> <div class=\"col-xs-12\" data-type=\"column\"> <\/div> <\/div><\/div> <\/div>\n","protected":false},"excerpt":{"rendered":"","protected":false},"author":6,"featured_media":0,"parent":909,"menu_order":0,"comment_status":"closed","ping_status":"closed","template":"pro\/page-templates\/full-width-page.php","meta":{"footnotes":""},"class_list":["post-1287","page","type-page","status-publish","hentry"],"_links":{"self":[{"href":"https:\/\/copernicus.chmi.cz\/index.php\/wp-json\/wp\/v2\/pages\/1287","targetHints":{"allow":["GET"]}}],"collection":[{"href":"https:\/\/copernicus.chmi.cz\/index.php\/wp-json\/wp\/v2\/pages"}],"about":[{"href":"https:\/\/copernicus.chmi.cz\/index.php\/wp-json\/wp\/v2\/types\/page"}],"author":[{"embeddable":true,"href":"https:\/\/copernicus.chmi.cz\/index.php\/wp-json\/wp\/v2\/users\/6"}],"replies":[{"embeddable":true,"href":"https:\/\/copernicus.chmi.cz\/index.php\/wp-json\/wp\/v2\/comments?post=1287"}],"version-history":[{"count":19,"href":"https:\/\/copernicus.chmi.cz\/index.php\/wp-json\/wp\/v2\/pages\/1287\/revisions"}],"predecessor-version":[{"id":2219,"href":"https:\/\/copernicus.chmi.cz\/index.php\/wp-json\/wp\/v2\/pages\/1287\/revisions\/2219"}],"up":[{"embeddable":true,"href":"https:\/\/copernicus.chmi.cz\/index.php\/wp-json\/wp\/v2\/pages\/909"}],"wp:attachment":[{"href":"https:\/\/copernicus.chmi.cz\/index.php\/wp-json\/wp\/v2\/media?parent=1287"}],"curies":[{"name":"wp","href":"https:\/\/api.w.org\/{rel}","templated":true}]}}