

{"id":1262,"date":"2020-07-21T15:43:46","date_gmt":"2020-07-21T13:43:46","guid":{"rendered":"https:\/\/copernicus.chmi.cz\/?page_id=1262"},"modified":"2023-03-22T08:50:37","modified_gmt":"2023-03-22T07:50:37","slug":"6-ceske-uzivatelske-forum-copernicus","status":"publish","type":"page","link":"https:\/\/copernicus.chmi.cz\/index.php\/uzivatelske-a-konference-a-seminare\/6-ceske-uzivatelske-forum-copernicus\/","title":{"rendered":"6. \u010cESK\u00c9 U\u017dIVATELSK\u00c9 F\u00d3RUM COPERNICUS"},"content":{"rendered":"<div class=\"breadcrumbs align  wp-block-bcn-breadcrumb-trail has-text-color has-background\" vocab=\"https:\/\/schema.org\/\" typeof=\"BreadcrumbList\">\n\t<span><\/span>\n\t<span property=\"itemListElement\" typeof=\"ListItem\"><a property=\"item\" typeof=\"WebPage\" title=\"P\u0159ej\u00edt na Copernicus CR.\" href=\"https:\/\/copernicus.chmi.cz\" class=\"home\" ><span property=\"name\">Copernicus CR<\/span><\/a><meta property=\"position\" content=\"1\"><\/span> &gt; <span property=\"itemListElement\" typeof=\"ListItem\"><a property=\"item\" typeof=\"WebPage\" title=\"P\u0159ej\u00edt na Novinky.\" href=\"https:\/\/copernicus.chmi.cz\/index.php\/novinky\/\" class=\"post post-page\" ><span property=\"name\">Novinky<\/span><\/a><meta property=\"position\" content=\"2\"><\/span> &gt; <span property=\"itemListElement\" typeof=\"ListItem\"><a property=\"item\" typeof=\"WebPage\" title=\"P\u0159ej\u00edt na Blog.\" href=\"https:\/\/copernicus.chmi.cz\/index.php\/novinky\/blog\/\" class=\"post-root post post-post\" aria-current=\"page\"><span property=\"name\">Blog<\/span><\/a><meta property=\"position\" content=\"3\"><\/span><\/div>\n\n\n\n<div data-label=\"Content\" data-id=\"content--1\" data-export-id=\"content-5-materialis\" data-category=\"content\" class=\"content-5m content-section-spacing-large content-section dark-text\" id=\"content-1\" style=\"background-color: rgb(255, 255, 255);\"><div class=\"gridContainer\"> <div class=\"row\"><div class=\"col-xs-12 col-sm-8 col-sm-offset-2 space-bottom text-center col-padding-small-xs\" data-type=\"column\"><img decoding=\"async\" class=\"custom-image\" src=\"https:\/\/copernicus.chmi.cz\/wp-content\/uploads\/2020\/07\/konference-6-Pozn\u00e1mka-2020-07-21-154713.png\"> <\/div> <div class=\"col-xs-12 text-center large\" data-type=\"column\"><h2 class=\"space-bottom\">6. \u010cESK\u00c9 U\u017dIVATELSK\u00c9 F\u00d3RUM COPERNICUS<\/h2> <p class=\"lead\" style=\"text-align: justify;\"><b>Datum:<\/b> 25. kv\u011btna 2017<br><b>\nM\u00edsto kon\u00e1n\u00ed:<\/b> European GNSS Agency, Janovsk\u00e9ho 438\/2, 170 00 Praha 7 \u2013 Hole\u0161ovice<br><b>\nT\u00e9ma konference:<\/b>&nbsp;Vyu\u017eit\u00ed dru\u017eicov\u00fdch dat v oblasti \u00fazemn\u00edho rozvoje<br><b>\nOrganiz\u00e1to\u0159i:<\/b> Ministerstvo \u017eivotn\u00edho prost\u0159ed\u00ed, Ministerstvo dopravy<br><b>\nJazyk:<\/b> \u010ce\u0161tina, angli\u010dtina<br><b>\nPoplatek:<\/b> Po p\u0159edchoz\u00ed registraci je vstup na konferenci zdarma\n<br>\n<br>\nMinisterstvo \u017eivotn\u00edho prost\u0159ed\u00ed ve spolupr\u00e1ci s Ministerstvem dopravy si V\u00e1s dovoluje pozvat na 6. ro\u010dn\u00edk \u010desk\u00e9ho u\u017eivatelsk\u00e9ho f\u00f3ra Copernicus, kter\u00fd se tematicky zam\u011b\u0159\u00ed na vyu\u017e\u00edv\u00e1n\u00ed dru\u017eicov\u00fdch dat v oblasti \u00fazemn\u00edho rozvoje.&nbsp;\n<br><br><b>\n T\u00e9mata a c\u00edle konference:<\/b><br>\u2013 vyu\u017eit\u00ed dru\u017eicov\u00fdch \u010di leteck\u00fdch dat (se zam\u011b\u0159en\u00edm na data z dru\u017eic Sentinel) v oblasti \u00fazemn\u00edho rozvoje,<br>\u2013 zpracov\u00e1n\u00ed dat z dru\u017eic Sentinel,<br>\u2013 vyu\u017e\u00edv\u00e1n\u00ed dru\u017eicov\u00fdch dat ve st\u00e1tn\u00ed spr\u00e1v\u011b a v projektech,<br>\u2013 vyu\u017e\u00edv\u00e1n\u00ed slu\u017eeb Copernicus,<br>\u2013 implementace programu Copernicus v \u010cesk\u00e9 republice,<br>\u2013 rozvoj u\u017eivatelsk\u00e9 komunity, sb\u011br po\u017eadavk\u016f u\u017eivatel\u016f na data a slu\u017eby programu Copernicus.\n<br><br>\nZ\u00e1rove\u0148 si V\u00e1s dovolujeme upozornit na akci Copernicus InfoSession, po\u0159\u00e1danou N\u00e1rodn\u00edm sekretari\u00e1tem GEO\/Copernicus ve spolupr\u00e1ci s Evropskou komis\u00ed \u2013 DG GROW, kter\u00e1 prob\u011bhne 24. 5. 2017 (tedy den p\u0159ed \u010desk\u00fdm u\u017eivatelsk\u00fdm f\u00f3rem).&nbsp;<\/p> <a class=\"button big mdc-elevation--z3 color1 mdc-ripple-upgraded\" href=\"\/\/copernicus.chmi.cz\/wp-content\/uploads\/2020\/07\/konference-6-Program-Copernicus-2017_C_web.pdf\" target=\"_self\" data-cp-link=\"1\" data-icon=\"\" rel=\"noopener noreferrer\">Program<\/a><\/div> <\/div><\/div> <\/div>\n\n\n\n<div data-label=\"Content\" data-id=\"content--2\" data-export-id=\"content-15-materialis\" data-category=\"content\" class=\"content-15m content-section content-section-spacing-large\" id=\"content-2\" style=\"background-color: rgb(245, 250, 253);\"><div class=\"gridContainer\"> <div class=\"row middle-sm\"><div class=\"col-md-6 col-xs-12 col-sm-6 content-left-sm\" data-type=\"column\"> <div class=\"row\"><div class=\"col-xs-12\" data-type=\"column\"> <h2 class=\"space-bottom\">Prezentace<\/h2> <\/div> <\/div> <div class=\"row space-top spaced-cols\" data-type=\"row\" data-max-items=\"3\"> <div class=\"col-sm-6 col-xs-12 col-md-12\" data-type=\"column\"> <h5 class=\"\">Sekce 1<\/h5> <p class=\"\"><a href=\"https:\/\/copernicus.chmi.cz\/wp-content\/uploads\/2020\/07\/konference-6-01-Agnieszka-Lukaszczyk.pdf\" target=\"_blank\" data-mce-selected=\"inline-boundary\" rel=\"noopener noreferrer\" class=\"\">Agnieszka Lukaszczyk \u2013 Copernicus General Overview<\/a><\/p><\/div> <div class=\"col-sm-6 col-xs-12 col-md-12\" data-type=\"column\"> <p class=\"\"><a href=\"https:\/\/copernicus.chmi.cz\/wp-content\/uploads\/2020\/07\/konference-6-02-Agnieszka-Lukaszczyk.pdf\" target=\"_blank\" data-mce-selected=\"inline-boundary\" rel=\"noopener noreferrer\" class=\"\">Agnieszka Lukaszczyk \u2013 Copernicus User Uptake\ufeff<\/a><\/p><\/div>  <div class=\"col-sm-6 col-xs-12 col-md-12\" data-type=\"column\"> <p class=\"\"><a href=\"https:\/\/copernicus.chmi.cz\/wp-content\/uploads\/2020\/07\/konference-6-03-Simon-Jutz.pdf\" target=\"_blank\" data-mce-selected=\"inline-boundary\" rel=\"noopener noreferrer\">Simon Jutz \u2013 What Does Sentinel-2 Offer for Regional Development<\/a><\/p><\/div> <div class=\"col-sm-6 col-xs-12 col-md-12\" data-type=\"column\">  <p class=\"\"><a href=\"https:\/\/copernicus.chmi.cz\/wp-content\/uploads\/2020\/07\/konference-6-04-Jean-No\u00ebl-Th\u00e9paut.pdf\" target=\"_blank\" data-mce-selected=\"inline-boundary\" rel=\"noopener noreferrer\">Jean-No\u00ebl Th\u00e9paut \u2013 CAMS: Support to Regional Air Quality and Solar Radiation Monitoring and Forecasting<\/a><\/p><\/div><div class=\"col-sm-6 col-xs-12 col-md-12\" data-type=\"column\">  <p class=\"\"><a href=\"https:\/\/copernicus.chmi.cz\/wp-content\/uploads\/2020\/07\/Konference-6-05-Jean-No\u00ebl-Th\u00e9paut.pdf\" target=\"_blank\" data-mce-selected=\"inline-boundary\" data-cp-link=\"1\" rel=\"noopener noreferrer\">\ufeffJean-No\u00ebl Th\u00e9paut \u2013 C3S: Climate Information for Regional and Sectoral Applications<\/a><\/p><\/div><div class=\"col-sm-6 col-xs-12 col-md-12\" data-type=\"column\">  <p class=\"\"><a href=\"https:\/\/copernicus.chmi.cz\/wp-content\/uploads\/2020\/07\/Konfernce-6-06-St\u00e9phane-Ourevitch.pdf\" target=\"_blank\" data-mce-selected=\"inline-boundary\" data-cp-link=\"1\" rel=\"noopener noreferrer\">\ufeffSt\u00e9phane Ourevitch \u2013 Regional Aspects of Copernicus Emergency Management Service<\/a><\/p><\/div><div class=\"col-sm-6 col-xs-12 col-md-12\" data-type=\"column\"> <h5 class=\"\">Sekce 2<\/h5> <p class=\"\"><a href=\"https:\/\/copernicus.chmi.cz\/wp-content\/uploads\/2020\/07\/konference-6-07-Ond\u0159ej-\u0160v\u00e1b.pdf\" target=\"_blank\" data-mce-selected=\"inline-boundary\" rel=\"noopener noreferrer\">Ond\u0159ej \u0160v\u00e1b \u2013 Nov\u00e9 trendy v pozorov\u00e1n\u00ed Zem\u011b<\/a><\/p><\/div><div class=\"col-sm-6 col-xs-12 col-md-12\" data-type=\"column\">  <p class=\"\"><a href=\"https:\/\/copernicus.chmi.cz\/wp-content\/uploads\/2020\/07\/konference-6-08-Marek-Aldorf.pdf\" target=\"_blank\" data-mce-selected=\"inline-boundary\" data-cp-link=\"1\" rel=\"noopener noreferrer\">Marek Aldorf \u2013 Mo\u017enosti podnikatelsk\u00e9ho inkub\u00e1toru ESA BIC Prague pro regiony<\/a><\/p><\/div><div class=\"col-sm-6 col-xs-12 col-md-12\" data-type=\"column\">  <p class=\"\"><a href=\"https:\/\/copernicus.chmi.cz\/wp-content\/uploads\/2020\/07\/konference-6-09-P\u0159emysl-\u0160tych.pdf\" target=\"_blank\" data-mce-selected=\"inline-boundary\" data-cp-link=\"1\" rel=\"noopener noreferrer\">P\u0159emysl \u0160tych \u2013 Posouzen\u00ed stavu a zm\u011bn vyu\u017eit\u00ed krajiny pomoc\u00ed d\u00e1lkov\u00e9ho pr\u016fzkumu Zem\u011b<\/a><\/p><\/div><div class=\"col-sm-6 col-xs-12 col-md-12\" data-type=\"column\">  <p class=\"\"><a href=\"https:\/\/copernicus.chmi.cz\/wp-content\/uploads\/2020\/07\/konference-6-10-Inka-Tesa\u0159ov\u00e1.pdf\" target=\"_blank\" data-mce-selected=\"inline-boundary\" rel=\"noopener noreferrer\">Inka Tesa\u0159ov\u00e1 \u2013 Mo\u017enosti vzd\u00e1len\u00fdch rastrov\u00fdch anal\u00fdz<\/a><\/p><\/div><div class=\"col-sm-6 col-xs-12 col-md-12\" data-type=\"column\">  <p class=\"\"><a href=\"https:\/\/copernicus.chmi.cz\/wp-content\/uploads\/2020\/07\/konference-6-11-Michal-Gallay.pdf\" target=\"_blank\" data-mce-selected=\"inline-boundary\" rel=\"noopener noreferrer\">Michal Gallay \u2013 Vliv vegetace na m\u011bstsk\u00fd tepeln\u00fd ostrov pomoc\u00ed dat ze Sentinel-2<\/a><\/p><\/div><div class=\"col-sm-6 col-xs-12 col-md-12\" data-type=\"column\"> <h5 class=\"\">Sekce 3<\/h5> <p class=\"\"><a href=\"https:\/\/copernicus.chmi.cz\/wp-content\/uploads\/2020\/07\/konference-6-12-Tom\u00e1\u0161-Soukup.pdf\" target=\"_blank\" data-mce-selected=\"inline-boundary\" rel=\"noopener noreferrer\">Tom\u00e1\u0161 Soukup \u2013 Prezentace projekt\u016f Urban TEP a URBIS<\/a><\/p><\/div><div class=\"col-sm-6 col-xs-12 col-md-12\" data-type=\"column\">  <p class=\"\"><a href=\"https:\/\/copernicus.chmi.cz\/wp-content\/uploads\/2020\/07\/Konference-6-13-Ji\u0159\u00ed-\u010ctyrok\u00fd.pdf\" target=\"_blank\" data-mce-selected=\"inline-boundary\" rel=\"noopener noreferrer\">Ji\u0159\u00ed \u010ctyrok\u00fd \u2013 Vyu\u017eit\u00ed dru\u017eicov\u00fdch dat v rozvoji m\u011bst<\/a><\/p><\/div><div class=\"col-sm-6 col-xs-12 col-md-12\" data-type=\"column\">  <p class=\"\"><a href=\"https:\/\/copernicus.chmi.cz\/wp-content\/uploads\/2020\/07\/Konference-6-14-Jakub-Svat\u00fd.pdf\" target=\"_blank\" data-mce-selected=\"inline-boundary\" data-cp-link=\"1\" rel=\"noopener noreferrer\">\ufeffJakub Svat\u00fd \u2013 Vyu\u017eit\u00ed multispektr\u00e1ln\u00edch dat pro monitorov\u00e1n\u00ed stavu rozvoje \u00fazem\u00ed<\/a><\/p><\/div><div class=\"col-sm-6 col-xs-12 col-md-12\" data-type=\"column\">  <p class=\"\"><a href=\"https:\/\/copernicus.chmi.cz\/wp-content\/uploads\/2020\/07\/Konference-6-15-Milan-Lazeck\u00fd.pdf\" target=\"_blank\" data-mce-selected=\"inline-boundary\" rel=\"noopener noreferrer\">Milan Lazeck\u00fd \u2013 N\u00e1rodn\u00ed syst\u00e9m pro identifikaci pohyb\u016f p\u016fdy a staveb interferometri\u00ed z dat Sentinel-1\ufeff<\/a><\/p><\/div><\/div> <div class=\"row\"> <div class=\"col-xs-12\" data-type=\"column\"> <\/div> <\/div><\/div> <div class=\"col-md-6 col-xs-12 col-sm-6\"> <img decoding=\"async\" class=\"mdc-elevation--z9 rounded\" src=\"https:\/\/copernicus.chmi.cz\/wp-content\/uploads\/2020\/07\/cropped-onlineprinters-s9e3Syb1NU4-unsplash-scaled-2.jpg\"><\/div> <\/div><\/div> <\/div>\n","protected":false},"excerpt":{"rendered":"","protected":false},"author":6,"featured_media":0,"parent":909,"menu_order":0,"comment_status":"closed","ping_status":"closed","template":"pro\/page-templates\/full-width-page.php","meta":{"footnotes":""},"class_list":["post-1262","page","type-page","status-publish","hentry"],"_links":{"self":[{"href":"https:\/\/copernicus.chmi.cz\/index.php\/wp-json\/wp\/v2\/pages\/1262","targetHints":{"allow":["GET"]}}],"collection":[{"href":"https:\/\/copernicus.chmi.cz\/index.php\/wp-json\/wp\/v2\/pages"}],"about":[{"href":"https:\/\/copernicus.chmi.cz\/index.php\/wp-json\/wp\/v2\/types\/page"}],"author":[{"embeddable":true,"href":"https:\/\/copernicus.chmi.cz\/index.php\/wp-json\/wp\/v2\/users\/6"}],"replies":[{"embeddable":true,"href":"https:\/\/copernicus.chmi.cz\/index.php\/wp-json\/wp\/v2\/comments?post=1262"}],"version-history":[{"count":7,"href":"https:\/\/copernicus.chmi.cz\/index.php\/wp-json\/wp\/v2\/pages\/1262\/revisions"}],"predecessor-version":[{"id":2218,"href":"https:\/\/copernicus.chmi.cz\/index.php\/wp-json\/wp\/v2\/pages\/1262\/revisions\/2218"}],"up":[{"embeddable":true,"href":"https:\/\/copernicus.chmi.cz\/index.php\/wp-json\/wp\/v2\/pages\/909"}],"wp:attachment":[{"href":"https:\/\/copernicus.chmi.cz\/index.php\/wp-json\/wp\/v2\/media?parent=1262"}],"curies":[{"name":"wp","href":"https:\/\/api.w.org\/{rel}","templated":true}]}}