

{"id":1139,"date":"2020-07-20T09:39:25","date_gmt":"2020-07-20T07:39:25","guid":{"rendered":"https:\/\/copernicus.chmi.cz\/?page_id=1139"},"modified":"2023-03-22T08:50:36","modified_gmt":"2023-03-22T07:50:36","slug":"2-narodni-uzivatelske-forum-gmes-copernicus","status":"publish","type":"page","link":"https:\/\/copernicus.chmi.cz\/index.php\/uzivatelske-a-konference-a-seminare\/2-narodni-uzivatelske-forum-gmes-copernicus\/","title":{"rendered":"2. n\u00e1rodn\u00ed u\u017eivatelsk\u00e9 f\u00f3rum GMES\/Copernicus"},"content":{"rendered":"<div class=\"breadcrumbs align  wp-block-bcn-breadcrumb-trail has-text-color has-background\" vocab=\"https:\/\/schema.org\/\" typeof=\"BreadcrumbList\">\n\t<span><\/span>\n\t<span property=\"itemListElement\" typeof=\"ListItem\"><a property=\"item\" typeof=\"WebPage\" title=\"P\u0159ej\u00edt na Copernicus CR.\" href=\"https:\/\/copernicus.chmi.cz\" class=\"home\" ><span property=\"name\">Copernicus CR<\/span><\/a><meta property=\"position\" content=\"1\"><\/span> &gt; <span property=\"itemListElement\" typeof=\"ListItem\"><a property=\"item\" typeof=\"WebPage\" title=\"P\u0159ej\u00edt na Novinky.\" href=\"https:\/\/copernicus.chmi.cz\/index.php\/novinky\/\" class=\"post post-page\" ><span property=\"name\">Novinky<\/span><\/a><meta property=\"position\" content=\"2\"><\/span> &gt; <span property=\"itemListElement\" typeof=\"ListItem\"><a property=\"item\" typeof=\"WebPage\" title=\"P\u0159ej\u00edt na Blog.\" href=\"https:\/\/copernicus.chmi.cz\/index.php\/novinky\/blog\/\" class=\"post-root post post-post\" aria-current=\"page\"><span property=\"name\">Blog<\/span><\/a><meta property=\"position\" content=\"3\"><\/span><\/div>\n\n\n\n<div data-label=\"Content\" data-id=\"content--1\" data-export-id=\"content-5-materialis\" data-category=\"content\" class=\"content-5m content-section-spacing-large content-section dark-text\" id=\"content-1\" style=\"background-color: rgb(255, 255, 255);\"><div class=\"gridContainer\"> <div class=\"row\"><div class=\"col-xs-12 col-sm-8 col-sm-offset-2 space-bottom text-center col-padding-small-xs\" data-type=\"column\"> <\/div> <div class=\"col-xs-12 text-center large\" data-type=\"column\"><h2 class=\"space-bottom\">2. n\u00e1rodn\u00ed u\u017eivatelsk\u00e9 f\u00f3rum GMES\/Copernicus<\/h2> <p class=\"lead\" style=\"text-align: justify;\">Na 29 th &#8211; 30 th kv\u011btna 2013 2 nd GMES \/ Kopernikus National User Forum byla organizov\u00e1na ve spolupr\u00e1ci s CENIA, \u010desk\u00e1 informa\u010dn\u00ed agentura \u017eivotn\u00edho prost\u0159ed\u00ed, Ministerstvo dopravy \u010cR, Ministerstvo \u017eivotn\u00edho prost\u0159ed\u00ed \u010cesk\u00e9 republiky a technologick\u00e9 centrum ASCR. Leto\u0161n\u00ed ro\u010dn\u00edk konference byl zam\u011b\u0159en na konkr\u00e9tn\u00ed t\u00e9mata slu\u017eeb Copernicus &#8211; krizov\u00e9 \u0159\u00edzen\u00ed, p\u016fda, atmosf\u00e9ra a zm\u011bna klimatu. Konference se z\u00fa\u010dastnilo t\u00e9m\u011b\u0159 100 n\u00e1v\u0161t\u011bvn\u00edk\u016f z vl\u00e1dn\u00edho sektoru, soukrom\u00e9ho sektoru a akademick\u00e9 sf\u00e9ry. Znovu jsme p\u0159iv\u00edtali z\u00e1stupce evropsk\u00fdch instituc\u00ed &#8211; Gener\u00e1ln\u00edho \u0159editelstv\u00ed pro podnik\u00e1n\u00ed a pr\u016fmysl, Evropsk\u00e9 kosmick\u00e9 agentury, Evropsk\u00e9 agentury pro \u017eivotn\u00ed prost\u0159ed\u00ed a Spole\u010dn\u00e9ho v\u00fdzkumn\u00e9ho st\u0159ediska Evropsk\u00e9 komise.\n\n<br><br>\nPrvn\u00ed konferen\u010dn\u00ed den byl v\u011bnov\u00e1n v\u00fdvoji situace programu Copernicus v \u010cesk\u00e9 republice z n\u00e1rodn\u00edho i evropsk\u00e9ho pohledu. Prezentace byly zam\u011b\u0159eny na sou\u010dasn\u00fd stav a novinky v oblasti programu Copernicus, na evropsk\u00e9 vesm\u00edrn\u00e9 aktivity, propojen\u00ed programu Copernicus s v\u00fdzkumem a v\u00fdvojem a p\u0159\u00ednosy program\u016f FP7 a Horizon2020. Evropsk\u00e1 komise vyzdvihla podporu \u010desk\u00fdch u\u017eivatel\u016f &#8211; Komise po\u017eaduje aktivn\u00ed p\u0159\u00edstup, \u00fa\u010dast a sd\u00edlen\u00ed u\u017eivatelsk\u00fdch n\u00e1pad\u016f. V roce 2014 vstoup\u00ed program Copernicus do provozn\u00ed f\u00e1ze spojen\u00e9 se zm\u011bnou financov\u00e1n\u00ed &#8211; program bude m\u00edt sv\u016fj vlastn\u00ed rozpo\u010det v r\u00e1mci v\u00edcelet\u00e9ho finan\u010dn\u00edho r\u00e1mce Evropsk\u00e9 unie. Druh\u00fd den konference byly vyslechnuty praktick\u00e9 prezentace o vyu\u017eit\u00ed satelitn\u00edch a in-situ dat.\n<br><br>\nPraktick\u00fd workshop krizov\u00e9ho \u0159\u00edzen\u00ed jako prvn\u00ed provozn\u00ed slu\u017eby Copernicus byl zam\u011b\u0159en na zaveden\u00ed sp\u011bchov\u00e9ho a nen\u00e1vratn\u00e9ho mapov\u00e1n\u00ed krizov\u00e9 situace v\u010detn\u011b n\u00e1cviku samotn\u00e9 aktivace. Mo\u017enosti \u00fa\u010dasti v evropsk\u00fdch asociac\u00edch a iniciativ\u00e1ch byly p\u0159edstaveny v paraleln\u00edm workshopu region\u00e1ln\u00edch aktivit GMES \/ Copernicus. Byla tak\u00e9 p\u0159edstavena evropsk\u00e1 sout\u011b\u017e Copernicus Masters 2013 a jej\u00edch 9 nov\u00fdch v\u00fdzev.\n\n<br><br>P\u0159echod programu Copernicus do provozn\u00ed f\u00e1ze tak\u00e9 p\u0159in\u00e1\u0161\u00ed nov\u00e9 p\u0159\u00edle\u017eitosti pro podnik\u00e1n\u00ed v oblasti d\u00e1lkov\u00e9ho pr\u016fzkumu Zem\u011b. Panelov\u00e1 diskuse v\u011bnovan\u00e1 tomuto t\u00e9matu p\u0159edstavila mo\u017enosti finan\u010dn\u00ed podpory a poradenstv\u00ed pro za\u010d\u00ednaj\u00edc\u00ed podniky. Zm\u011bna financov\u00e1n\u00ed programu Copernicus bude m\u00edt rovn\u011b\u017e dopad na vnitrost\u00e1tn\u00ed \u00farove\u0148. Panelov\u00e1 diskuse o p\u0159\u00edprav\u011b konceptu implementace GMES \/ Copernicus v \u010cesk\u00e9 republice p\u0159i\u0161la s n\u00e1vrhem \u0159e\u0161en\u00ed souvisej\u00edc\u00edch s existuj\u00edc\u00edmi granty a programy na n\u00e1rodn\u00ed a evropsk\u00e9 \u00farovni. Diskutovalo se tak\u00e9 o roz\u0161\u00ed\u0159en\u00ed N\u00e1rodn\u00edho sekretari\u00e1tu GEOSS \/ GMES o z\u00e1stupce Ministerstva zem\u011bd\u011blstv\u00ed a Ministerstva pr\u016fmyslu a obchodu \u010cesk\u00e9 republiky.<br>\nO\u010dek\u00e1van\u00e9 spu\u0161t\u011bn\u00ed prvn\u00edch satelit\u016f Sentinel v roce 2014 zp\u016fsob\u00ed v\u00fdznamn\u00fd posun v programu Copernicus. Tato konference prok\u00e1zala p\u0159ipravenost \u010desk\u00fdch u\u017eivatel\u016f na nov\u00e1 data a n\u00e1sledn\u00e9 slu\u017eby. Doporu\u010dujeme v\u00e1m rozv\u00edjet spolupr\u00e1ci nav\u00e1zanou na konferenci a douf\u00e1me, \u017ee se prom\u00edtne do nov\u00fdch projekt\u016f a p\u0159\u00edle\u017eitost\u00ed, kter\u00e9 p\u0159in\u00e1\u0161\u00ed Copernicus.<br>\nPro \u00fa\u010dely vytv\u00e1\u0159en\u00ed s\u00edt\u00ed byl vytvo\u0159en seznam \u00fa\u010dastn\u00edk\u016f konference se stru\u010dn\u00fdmi informacemi o jejich pracovn\u00edm rozsahu. Douf\u00e1me, \u017ee tento dokument usnadn\u00ed va\u0161i komunikaci v oblasti d\u00e1lkov\u00fdch pr\u016fzkum\u016f a prostorov\u00fdch dat a pom\u016f\u017ee nav\u00e1zat nov\u00e9 kontakty. D\u011bkujeme tak\u00e9 za ve\u0161kerou doru\u010denou zp\u011btnou vazbu .<\/p> <a class=\"button null color1\" href=\"\/\/copernicus-konference.rajce.idnes.cz\" target=\"_self\" data-cp-link=\"1\" data-icon=\"\" rel=\"noopener noreferrer\">Fotografie<\/a><\/div> <\/div><\/div> <\/div>\n\n\n\n<div data-label=\"Content\" data-id=\"content--3\" data-export-id=\"content-15-materialis\" data-category=\"content\" class=\"content-15m content-section content-section-spacing-large\" id=\"content-3\" style=\"background-color: rgb(245, 250, 253); background-image: none;\"><div class=\"gridContainer\"> <div class=\"row middle-sm\"><div class=\"col-md-6 col-xs-12 col-sm-6 content-left-sm\" data-type=\"column\"> <div class=\"row\"><div class=\"col-xs-12\" data-type=\"column\"> <h2 class=\"space-bottom\">Prezentace<\/h2> <\/div> <\/div> <div class=\"row space-top spaced-cols\" data-type=\"row\" data-max-items=\"3\"> <div class=\"col-sm-6 col-xs-12 col-md-12\" data-type=\"column\"> <h5 class=\"\">Sekce 1: Aktu\u00e1ln\u00ed stav a novinky o GMES \/ Copernicus<\/h5> <p class=\"\">Simona Losmanov\u00e1 (CENIA): Copernicus &#8211; nov\u00fd sm\u011br GMES?<\/p><\/div> <div class=\"col-sm-6 col-xs-12 col-md-12\" data-type=\"column\"> <p class=\"\">Ond\u0159ej \u0160v\u00e1b (Ministerstvo dopravy): C\u00edle a priority kosmick\u00fdch aktivit v Evrop\u011b<\/p><\/div> <div class=\"col-sm-6 col-xs-12 col-md-12\" data-type=\"column\"> <p class=\"\">Ond\u0159ej Mirovsk\u00fd (Ministerstvo \u0161kolstv\u00ed, ml\u00e1de\u017ee a t\u011blov\u00fdchovy): V\u00fdzkum a v\u00fdvoj v GMES \/ Copernicus<\/p><\/div> <div class=\"col-sm-6 col-xs-12 col-md-12\" data-type=\"column\"> <p class=\"\">Ond\u0159ej \u0160v\u00e1b (Ministerstvo dopravy): O\u010dek\u00e1van\u00e9 socioekonomick\u00e9 p\u0159\u00ednosy GMES \/ Copernicus a p\u0159\u00edle\u017eitosti pro pr\u016fmysl<\/p><\/div> <div class=\"col-sm-6 col-xs-12 col-md-12\" data-type=\"column\"> <h5 class=\"\">Sekce 2: Aktu\u00e1ln\u00ed stav GMES \/ Copernicus v EU<\/h5> <p class=\"\">Astrid-Christina Koch (EC &#8211; DG ENTR &#8211; Copernicus Unit): Pohled EK na GMES \/ Copernicus<\/p><\/div><div class=\"col-sm-6 col-xs-12 col-md-12\" data-type=\"column\">  <p class=\"\">Alessandra Tassa (ESA): GMES \/ Copernicus Space Component: stav a perspektivy<\/p><\/div><div class=\"col-sm-6 col-xs-12 col-md-12\" data-type=\"column\">  <p class=\"\">Richard Francis (EUMETSAT): Zapojen\u00ed EUMETSAT do programu GMES \/ Copernicus<\/p><\/div><div class=\"col-sm-6 col-xs-12 col-md-12\" data-type=\"column\">  <p class=\"\">Hans Dufourmont (EEA): \u010cinnosti EEA v GMES \/ Copernicus<\/p><\/div><div class=\"col-sm-6 col-xs-12 col-md-12\" data-type=\"column\"> <h5 class=\"\">Sekce 3: Slu\u017eby GMES \/ Copernicus &#8211; pozemky<\/h5> <p class=\"\">Ji\u0159\u00ed Kvapil (CENIA): Corine Land Cover 2012<\/p><\/div><div class=\"col-sm-6 col-xs-12 col-md-12\" data-type=\"column\">  <p class=\"\">Filip H\u00e1jek (\u00dastav lesn\u00edho hospod\u00e1\u0159stv\u00ed): Fotogrametrie a d\u00e1lkov\u00e9 sn\u00edm\u00e1n\u00ed ve 2. obdob\u00ed \u010desk\u00e9 n\u00e1rodn\u00ed inventarizace les\u016f<\/p><\/div><div class=\"col-sm-6 col-xs-12 col-md-12\" data-type=\"column\">  <p class=\"\">Veronika Kopa\u010dkov\u00e1 (\u010cesk\u00fd geologick\u00fd pr\u016fzkum): Geologick\u00e9 aplikace zalo\u017een\u00e9 na dru\u017eicov\u00fdch datech, dal\u0161\u00ed potenci\u00e1l dat GMES \/ Copernicus<\/p><\/div><div class=\"col-sm-6 col-xs-12 col-md-12\" data-type=\"column\">  <p class=\"\">Vil\u00e9m Pechanec (Univerzita Palack\u00e9ho): GMES \/ Copernicus v anal\u00fdze vlivu povrchov\u00e9 heterogenity na stanovi\u0161t\u011b<\/p><\/div><div class=\"col-sm-6 col-xs-12 col-md-12\" data-type=\"column\"> <h5 class=\"\">Sekce 4 &#8211; Ignite talks<\/h5> <p class=\"\">Martina Duerauer (IIASA) (Geo-Wiki.org): Webov\u00e9 n\u00e1stroje pro ov\u011b\u0159ov\u00e1n\u00ed \u00fadaj\u016f o krajinn\u00e9m pokryvu<\/p><\/div><div class=\"col-sm-6 col-xs-12 col-md-12\" data-type=\"column\">  <p class=\"\">Carlos Granja (\u010cVUT): Sledova\u010d \u010d\u00e1stic a detektor z\u00e1\u0159en\u00ed SATRAM v dru\u017eici ESA Proba-V a \u010d\u00e1sticov\u00e9m dalekohledu pro mikrosatel satelitu RISESAT<\/p><\/div><div class=\"col-sm-6 col-xs-12 col-md-12\" data-type=\"column\">  <p class=\"\">Vladim\u00edr Holubec (\u010cesk\u00e9 vysok\u00e9 u\u010den\u00ed technick\u00e9): Prezentace mezin\u00e1rodn\u00ed spole\u010dnosti pro fotogrammetrii a d\u00e1lkov\u00fd pr\u016fzkum Zem\u011b<\/p><\/div><div class=\"col-sm-6 col-xs-12 col-md-12\" data-type=\"column\">  <p class=\"\">Mikko Strahlendorff (finsk\u00fd meteorologick\u00fd \u00fastav): Rozhodnut\u00ed finsk\u00e9 vl\u00e1dy finan\u010dn\u011b podporovat politiku ve\u0159ejn\u00fdch a otev\u0159en\u00fdch dat pro ve\u0159ejn\u00e9 instituce<\/p><\/div><div class=\"col-sm-6 col-xs-12 col-md-12\" data-type=\"column\">  <p class=\"\">Jaroslav Val\u016fch (pohotovostn\u00ed pracovn\u00ed skupina): Ob\u010dan 2.0 &#8211; Participa\u010dn\u00ed mapov\u00e1n\u00ed a monitorov\u00e1n\u00ed<\/p><\/div><div class=\"col-sm-6 col-xs-12 col-md-12\" data-type=\"column\"> <h5 class=\"\">Sekce 5 &#8211; Panelov\u00e9 diskuse<\/h5> <p class=\"\">Simona Losmanov\u00e1 (CENIA): P\u0159\u00edprava koncepce implementace GMES \/ Copernicus v \u010cesk\u00e9 republice<\/p><\/div><div class=\"col-sm-6 col-xs-12 col-md-12\" data-type=\"column\">  <p class=\"\">Dana Slav\u00edkov\u00e1 (CzechTrade): Podpora podnik\u00e1n\u00ed v oblasti exportu<\/p><\/div><div class=\"col-sm-6 col-xs-12 col-md-12\" data-type=\"column\">  <p class=\"\">Ladislav Macka (\u010ceskomoravsk\u00e1 z\u00e1ru\u010dn\u00ed a rozvojov\u00e1 banka): St\u00e1tn\u00ed programy podpory MSP prost\u0159ednictv\u00edm finan\u010dn\u00edch n\u00e1stroj\u016f<\/p><\/div><div class=\"col-sm-6 col-xs-12 col-md-12\" data-type=\"column\">  <p class=\"\">Lubo\u0161 Ku\u010dera (GISAT): Copernicus v podnik\u00e1n\u00ed a aplikac\u00edch<\/p><\/div><div class=\"col-sm-6 col-xs-12 col-md-12\" data-type=\"column\"> <h5 class=\"\">Sekce 6: Slu\u017eby GMES \/ Copernicus &#8211; atmosf\u00e9ra a zm\u011bna klimatu<\/h5> <p class=\"\">Jan Hor\u00e1lek (\u010cesk\u00fd hydrometeorologick\u00fd \u00fastav): Poskytov\u00e1n\u00ed in-situ dat o kvalit\u011b ovzdu\u0161\u00ed a jejich vyu\u017eit\u00ed v kombinaci s modelovan\u00fdmi a satelitn\u00edmi daty<\/p><\/div><div class=\"col-sm-6 col-xs-12 col-md-12\" data-type=\"column\">  <p class=\"\">Jana Kontro\u0161ov\u00e1 (Ministerstvo \u017eivotn\u00edho prost\u0159ed\u00ed): Zm\u011bna klimatu na n\u00e1rodn\u00ed \u00farovni<\/p><\/div><div class=\"col-sm-6 col-xs-12 col-md-12\" data-type=\"column\">  <p class=\"\">Radim Tolasz (\u010cesk\u00fd hydrometeorologick\u00fd \u00fastav): Aktivity GEO a mo\u017enosti pro \u010ceskou republiku<\/p><\/div><\/div> <div class=\"row\"> <div class=\"col-xs-12\" data-type=\"column\"> <\/div> <\/div><\/div> <div class=\"col-md-6 col-xs-12 col-sm-6\"> <img decoding=\"async\" class=\"mdc-elevation--z9 rounded\" src=\"https:\/\/copernicus.chmi.cz\/wp-content\/uploads\/2020\/07\/cropped-kane-reinholdtsen-LETdkk7wHQk-unsplash-scaled-1.jpg\"><\/div> <\/div><\/div> <\/div>\n\n\n\n<div data-label=\"Content\" data-id=\"content--5\" data-export-id=\"content-15-materialis\" data-category=\"content\" class=\"content-15m content-section content-section-spacing-large\" id=\"content-5\" style=\"background-color: rgba(255, 255, 255, 0); background-image: none;\"><div class=\"gridContainer\"> <div class=\"row middle-sm\"><div class=\"col-md-6 col-xs-12 col-sm-6 content-left-sm\" data-type=\"column\"> <div class=\"row\"><div class=\"col-xs-12\" data-type=\"column\"> <h2 class=\"space-bottom\">Workshopy<\/h2> <\/div> <\/div> <div class=\"row space-top spaced-cols\" data-type=\"row\" data-max-items=\"3\"> <div class=\"col-sm-6 col-xs-12 col-md-12\" data-type=\"column\"> <h5 class=\"\">Spr\u00e1va nouzov\u00e9ho stavu Copernicus: p\u0159ehled slu\u017eeb<\/h5> <p class=\"\">Jan Ku\u010dera (JRC): GIO-EMS &#8211; Jeden rok provozu<\/p><\/div> <div class=\"col-sm-6 col-xs-12 col-md-12\" data-type=\"column\"> <p class=\"\">Agata Priolo, Domenico Grandoni (e-GEOS): Po\u010d\u00e1te\u010dn\u00ed operace GMES (GIO): Slu\u017eba nouzov\u00e9ho \u0159\u00edzen\u00ed &#8211; mapov\u00e1n\u00ed v re\u017eimu Rush<\/p><\/div> <div class=\"col-sm-6 col-xs-12 col-md-12\" data-type=\"column\"> <p class=\"\">Jan Kolomazn\u00edk (GISAT): Nouzov\u00e1 slu\u017eba NER-RUSH<\/p><\/div> <div class=\"col-sm-6 col-xs-12 col-md-12\" data-type=\"column\"> <p class=\"\">Pavel Sk\u00e1la (Geografick\u00e1 slu\u017eba Arm\u00e1dy \u010cesk\u00e9 republiky): Vojensk\u00e1 geoprostorov\u00e1 podpora v krizov\u00e9m \u0159\u00edzen\u00ed<\/p><\/div> <div class=\"col-sm-6 col-xs-12 col-md-12\" data-type=\"column\">  <p class=\"\">Old\u0159ich Ma\u0161\u00edn (Pardubick\u00fd kraj): RESTART 2013<\/p><\/div><div class=\"col-sm-6 col-xs-12 col-md-12\" data-type=\"column\"> <h5 class=\"\">Region\u00e1ln\u00ed aktivity GMES \/ Copernicus<\/h5> <p class=\"\">Lara Schaflinger (Anwendungszentrum GmbH Oberpfaffenhofen): Copernicus Masters 2013<\/p><\/div><div class=\"col-sm-6 col-xs-12 col-md-12\" data-type=\"column\">  <p class=\"\">Stefaan De Mey (EURISY): U\u017eivatelsk\u00fd program EURISY<\/p><\/div><div class=\"col-sm-6 col-xs-12 col-md-12\" data-type=\"column\">  <p class=\"\">Roya Ayazi (NEREUS): NEREUS<\/p><\/div><div class=\"col-sm-6 col-xs-12 col-md-12\" data-type=\"column\">  <p class=\"\">Lubo\u0161 Ku\u010dera (GISAT): GMES4REGIONS<\/p><\/div><\/div> <div class=\"row\"> <div class=\"col-xs-12\" data-type=\"column\"> <\/div> <\/div><\/div> <div class=\"col-md-6 col-xs-12 col-sm-6\"> <img decoding=\"async\" class=\"mdc-elevation--z9 rounded\" src=\"https:\/\/copernicus.chmi.cz\/wp-content\/uploads\/2020\/07\/cropped-onlineprinters-s9e3Syb1NU4-unsplash-scaled-1.jpg\"><\/div> <\/div><\/div> <\/div>\n","protected":false},"excerpt":{"rendered":"","protected":false},"author":6,"featured_media":0,"parent":909,"menu_order":0,"comment_status":"closed","ping_status":"closed","template":"pro\/page-templates\/full-width-page.php","meta":{"footnotes":""},"class_list":["post-1139","page","type-page","status-publish","hentry"],"_links":{"self":[{"href":"https:\/\/copernicus.chmi.cz\/index.php\/wp-json\/wp\/v2\/pages\/1139","targetHints":{"allow":["GET"]}}],"collection":[{"href":"https:\/\/copernicus.chmi.cz\/index.php\/wp-json\/wp\/v2\/pages"}],"about":[{"href":"https:\/\/copernicus.chmi.cz\/index.php\/wp-json\/wp\/v2\/types\/page"}],"author":[{"embeddable":true,"href":"https:\/\/copernicus.chmi.cz\/index.php\/wp-json\/wp\/v2\/users\/6"}],"replies":[{"embeddable":true,"href":"https:\/\/copernicus.chmi.cz\/index.php\/wp-json\/wp\/v2\/comments?post=1139"}],"version-history":[{"count":6,"href":"https:\/\/copernicus.chmi.cz\/index.php\/wp-json\/wp\/v2\/pages\/1139\/revisions"}],"predecessor-version":[{"id":2214,"href":"https:\/\/copernicus.chmi.cz\/index.php\/wp-json\/wp\/v2\/pages\/1139\/revisions\/2214"}],"up":[{"embeddable":true,"href":"https:\/\/copernicus.chmi.cz\/index.php\/wp-json\/wp\/v2\/pages\/909"}],"wp:attachment":[{"href":"https:\/\/copernicus.chmi.cz\/index.php\/wp-json\/wp\/v2\/media?parent=1139"}],"curies":[{"name":"wp","href":"https:\/\/api.w.org\/{rel}","templated":true}]}}