

{"id":1097,"date":"2020-07-16T14:23:05","date_gmt":"2020-07-16T12:23:05","guid":{"rendered":"https:\/\/copernicus.chmi.cz\/?page_id=1097"},"modified":"2020-11-18T14:18:14","modified_gmt":"2020-11-18T13:18:14","slug":"uzemni-planovani-mest","status":"publish","type":"page","link":"https:\/\/copernicus.chmi.cz\/index.php\/o-copernicu\/oblasti-a-priklady-vyuziti\/uzemni-planovani-mest\/","title":{"rendered":"\u00dazemn\u00ed pl\u00e1nov\u00e1n\u00ed m\u011bst"},"content":{"rendered":"<div class=\"breadcrumbs align  wp-block-bcn-breadcrumb-trail has-text-color has-background\" vocab=\"https:\/\/schema.org\/\" typeof=\"BreadcrumbList\">\n\t<span><\/span>\n\t<span property=\"itemListElement\" typeof=\"ListItem\"><a property=\"item\" typeof=\"WebPage\" title=\"P\u0159ej\u00edt na Copernicus CR.\" href=\"https:\/\/copernicus.chmi.cz\" class=\"home\" ><span property=\"name\">Copernicus CR<\/span><\/a><meta property=\"position\" content=\"1\"><\/span> &gt; <span property=\"itemListElement\" typeof=\"ListItem\"><a property=\"item\" typeof=\"WebPage\" title=\"P\u0159ej\u00edt na Novinky.\" href=\"https:\/\/copernicus.chmi.cz\/index.php\/novinky\/\" class=\"post post-page\" ><span property=\"name\">Novinky<\/span><\/a><meta property=\"position\" content=\"2\"><\/span> &gt; <span property=\"itemListElement\" typeof=\"ListItem\"><a property=\"item\" typeof=\"WebPage\" title=\"P\u0159ej\u00edt na Blog.\" href=\"https:\/\/copernicus.chmi.cz\/index.php\/novinky\/blog\/\" class=\"post-root post post-post\" aria-current=\"page\"><span property=\"name\">Blog<\/span><\/a><meta property=\"position\" content=\"3\"><\/span><\/div>\n\n\n\n<div data-label=\"Content\" data-id=\"content--1\" data-export-id=\"content-5-materialis\" data-category=\"content\" class=\"content-5m content-section-spacing-large content-section dark-text\" id=\"content-1\" style=\"background-color: rgb(255, 255, 255);\"><div class=\"gridContainer\"> <div class=\"row\"><div class=\"col-xs-12 col-sm-8 col-sm-offset-2 space-bottom text-center col-padding-small-xs\" data-type=\"column\"> <\/div> <div class=\"col-xs-12 text-center large\" data-type=\"column\"><h2 class=\"space-bottom\">\u00dazemn\u00ed pl\u00e1nov\u00e1n\u00ed m\u011bst<\/h2> <p class=\"lead\" style=\"text-align: justify;\">Vzhledem k tomu, \u017ee v\u00edce ne\u017e jedna \u010dtvrtina \u00fazem\u00ed Evropsk\u00e9 unie je p\u0159\u00edmo pokryta m\u011bstsk\u00fdmi pozemky, p\u0159edstavuje spr\u00e1va m\u011bstsk\u00fdch oblast\u00ed kl\u00ed\u010dovou sou\u010d\u00e1st ka\u017ed\u00e9 politiky udr\u017eiteln\u00e9ho rozvoje. V\u00fdznamnou odpov\u011bdnost v oblasti m\u011bstsk\u00e9ho pl\u00e1nov\u00e1n\u00ed nesou evropsk\u00e9 m\u00edstn\u00ed a region\u00e1ln\u00ed org\u00e1ny. Odpov\u00eddaj\u00ed zejm\u00e9na za \u00fasp\u011b\u0161n\u00e9 prov\u00e1d\u011bn\u00ed politik EU ovliv\u0148uj\u00edc\u00edch \u00fazemn\u00ed pl\u00e1nov\u00e1n\u00ed na m\u00edstn\u00ed a region\u00e1ln\u00ed \u00farovni.\n<br><br>\nEvropsk\u00e9 obce a regiony v\u0161ak \u010del\u00ed r\u016fzn\u00fdm v\u00fdzv\u00e1m v oblasti pl\u00e1nov\u00e1n\u00ed (nap\u0159\u00edklad nakl\u00e1d\u00e1n\u00ed s odpady, vyu\u017e\u00edv\u00e1n\u00ed energie z obnoviteln\u00fdch zdroj\u016f), kter\u00e9 mohou m\u00edt v\u00fdznamn\u00fd vliv na kvalitu \u017eivota ob\u010dan\u016f. Program Copernicus m\u016f\u017ee pomoci t\u011bmto v\u00fdzv\u00e1m \u010delit t\u00edm, \u017ee bude poskytovat informace o vyu\u017eit\u00ed p\u016fdy a o klasifikaci krajinn\u00e9ho pokryvu, o r\u016fstu m\u011bst, o m\u011bstsk\u00fdch zelen\u00fdch ploch\u00e1ch, o m\u011bstsk\u00fdch tepeln\u00fdch ostrovech apod.\n<br><br>\nProgram Copernicus m\u016f\u017ee tak\u00e9 pomoci p\u0159i monitorov\u00e1n\u00ed stability infrastruktur, posuzov\u00e1n\u00ed nov\u00fdch stavebn\u00edch projekt\u016f, posuzov\u00e1n\u00ed hustoty obyvatelstva apod.\n<br>\n<br>\n<b>P\u0159\u00edklad vyu\u017eit\u00ed:<\/b><\/p> <\/div> <\/div><\/div> <\/div>\n\n\n<!-- wp:image {\"id\":1103,\"width\":358,\"height\":267,\"sizeSlug\":\"large\"}--><div class=\"gridContainer\">\n<figure class=\"wp-block-image size-large is-resized\"><a href=\"https:\/\/copernicus.chmi.cz\/wp-content\/uploads\/2020\/07\/UseCase_UrbanPlanning_ConstructionMonitoring.pdf\"><img fetchpriority=\"high\" decoding=\"async\" src=\"https:\/\/copernicus.chmi.cz\/wp-content\/uploads\/2020\/07\/urban142810.png\" alt=\"\" class=\"wp-image-1103\" width=\"358\" height=\"267\" srcset=\"https:\/\/copernicus.chmi.cz\/wp-content\/uploads\/2020\/07\/urban142810.png 955w, https:\/\/copernicus.chmi.cz\/wp-content\/uploads\/2020\/07\/urban142810-300x224.png 300w, https:\/\/copernicus.chmi.cz\/wp-content\/uploads\/2020\/07\/urban142810-768x574.png 768w\" sizes=\"(max-width: 358px) 100vw, 358px\" \/><\/a><figcaption>Dokument se zobraz\u00ed po kliknut\u00ed.<\/figcaption><\/figure>\n<\/div><!-- \/wp:image-->\n\n<!-- wp:image {\"id\":1106,\"width\":363,\"height\":255,\"sizeSlug\":\"large\"}--><div class=\"gridContainer\">\n<figure class=\"wp-block-image size-large is-resized\"><a href=\"https:\/\/copernicus.chmi.cz\/wp-content\/uploads\/2020\/07\/praha.pdf.png\"><img decoding=\"async\" src=\"https:\/\/copernicus.chmi.cz\/wp-content\/uploads\/2020\/07\/praha.pdf-1-1024x719.png\" alt=\"\" class=\"wp-image-1106\" width=\"363\" height=\"255\" srcset=\"https:\/\/copernicus.chmi.cz\/wp-content\/uploads\/2020\/07\/praha.pdf-1-1024x719.png 1024w, https:\/\/copernicus.chmi.cz\/wp-content\/uploads\/2020\/07\/praha.pdf-1-300x211.png 300w, https:\/\/copernicus.chmi.cz\/wp-content\/uploads\/2020\/07\/praha.pdf-1-768x539.png 768w, https:\/\/copernicus.chmi.cz\/wp-content\/uploads\/2020\/07\/praha.pdf-1.png 1230w\" sizes=\"(max-width: 363px) 100vw, 363px\" \/><\/a><figcaption>Dokument se zobraz\u00ed po kliknut\u00ed.<\/figcaption><\/figure>\n<\/div><!-- \/wp:image-->","protected":false},"excerpt":{"rendered":"","protected":false},"author":6,"featured_media":0,"parent":940,"menu_order":0,"comment_status":"closed","ping_status":"closed","template":"pro\/page-templates\/full-width-page.php","meta":{"footnotes":""},"class_list":["post-1097","page","type-page","status-publish","hentry"],"_links":{"self":[{"href":"https:\/\/copernicus.chmi.cz\/index.php\/wp-json\/wp\/v2\/pages\/1097","targetHints":{"allow":["GET"]}}],"collection":[{"href":"https:\/\/copernicus.chmi.cz\/index.php\/wp-json\/wp\/v2\/pages"}],"about":[{"href":"https:\/\/copernicus.chmi.cz\/index.php\/wp-json\/wp\/v2\/types\/page"}],"author":[{"embeddable":true,"href":"https:\/\/copernicus.chmi.cz\/index.php\/wp-json\/wp\/v2\/users\/6"}],"replies":[{"embeddable":true,"href":"https:\/\/copernicus.chmi.cz\/index.php\/wp-json\/wp\/v2\/comments?post=1097"}],"version-history":[{"count":6,"href":"https:\/\/copernicus.chmi.cz\/index.php\/wp-json\/wp\/v2\/pages\/1097\/revisions"}],"predecessor-version":[{"id":2248,"href":"https:\/\/copernicus.chmi.cz\/index.php\/wp-json\/wp\/v2\/pages\/1097\/revisions\/2248"}],"up":[{"embeddable":true,"href":"https:\/\/copernicus.chmi.cz\/index.php\/wp-json\/wp\/v2\/pages\/940"}],"wp:attachment":[{"href":"https:\/\/copernicus.chmi.cz\/index.php\/wp-json\/wp\/v2\/media?parent=1097"}],"curies":[{"name":"wp","href":"https:\/\/api.w.org\/{rel}","templated":true}]}}