

{"id":1029,"date":"2020-07-15T15:18:31","date_gmt":"2020-07-15T13:18:31","guid":{"rendered":"https:\/\/copernicus.chmi.cz\/?page_id=1029"},"modified":"2020-11-18T14:16:07","modified_gmt":"2020-11-18T13:16:07","slug":"lesnictvi","status":"publish","type":"page","link":"https:\/\/copernicus.chmi.cz\/index.php\/o-copernicu\/oblasti-a-priklady-vyuziti\/lesnictvi\/","title":{"rendered":"Lesnictv\u00ed"},"content":{"rendered":"<div class=\"breadcrumbs align  wp-block-bcn-breadcrumb-trail has-text-color has-background\" vocab=\"https:\/\/schema.org\/\" typeof=\"BreadcrumbList\">\n\t<span><\/span>\n\t<span property=\"itemListElement\" typeof=\"ListItem\"><a property=\"item\" typeof=\"WebPage\" title=\"P\u0159ej\u00edt na Copernicus CR.\" href=\"https:\/\/copernicus.chmi.cz\" class=\"home\" ><span property=\"name\">Copernicus CR<\/span><\/a><meta property=\"position\" content=\"1\"><\/span> &gt; <span property=\"itemListElement\" typeof=\"ListItem\"><a property=\"item\" typeof=\"WebPage\" title=\"P\u0159ej\u00edt na Novinky.\" href=\"https:\/\/copernicus.chmi.cz\/index.php\/novinky\/\" class=\"post post-page\" ><span property=\"name\">Novinky<\/span><\/a><meta property=\"position\" content=\"2\"><\/span> &gt; <span property=\"itemListElement\" typeof=\"ListItem\"><a property=\"item\" typeof=\"WebPage\" title=\"P\u0159ej\u00edt na Blog.\" href=\"https:\/\/copernicus.chmi.cz\/index.php\/novinky\/blog\/\" class=\"post-root post post-post\" aria-current=\"page\"><span property=\"name\">Blog<\/span><\/a><meta property=\"position\" content=\"3\"><\/span><\/div>\n\n\n\n<div data-label=\"Content\" data-id=\"content--1\" data-export-id=\"content-5-materialis\" data-category=\"content\" class=\"content-5m content-section-spacing-large content-section dark-text\" id=\"content-1\" style=\"background-color: rgb(255, 255, 255);\"><div class=\"gridContainer\"> <div class=\"row\"><div class=\"col-xs-12 col-sm-8 col-sm-offset-2 space-bottom text-center col-padding-small-xs\" data-type=\"column\"> <\/div> <div class=\"col-xs-12 text-center large\" data-type=\"column\"><h2 class=\"space-bottom\">Lesnictv\u00ed<\/h2> <p class=\"lead\" style=\"text-align: justify;\">D\u00edky druhu dat a informac\u00ed, kter\u00e9 poskytuje, je program Copernicus schopen podporovat spr\u00e1vu les\u016f na cel\u00e9m sv\u011bt\u011b. V oblasti lesnictv\u00ed se data pozorov\u00e1n\u00ed Zem\u011b pou\u017e\u00edvaj\u00ed pro mapov\u00e1n\u00ed les\u016f a mapov\u00e1n\u00ed zm\u011bn les\u016f a pro vytv\u00e1\u0159en\u00ed map podporuj\u00edc\u00edch dokon\u010den\u00ed n\u00e1rodn\u00edch soupis\u016f les\u016f.\n<br><br>\nProgram tak\u00e9 umo\u017e\u0148uje tvorbu map les\u016f, p\u0159i n\u00ed\u017e se zohled\u0148uj\u00ed r\u016fzn\u00e9 typy parametr\u016f, jako jsou nap\u0159\u00edklad druhy strom\u016f nebo biofyzik\u00e1ln\u00ed prom\u011bnn\u00e9.<br>\nData pozorov\u00e1n\u00ed Zem\u011b se pou\u017e\u00edvaj\u00ed rovn\u011b\u017e pro monitorov\u00e1n\u00ed lesn\u00edch po\u017e\u00e1r\u016f (pro detekci a sledov\u00e1n\u00ed v re\u00e1ln\u00e9m \u010dase) nebo pro monitorov\u00e1n\u00ed nez\u00e1konn\u00e9 t\u011b\u017eby.\n<br>\n<br>\n<b>P\u0159\u00edklad vyu\u017eit\u00ed:<\/b><\/p> <\/div> <\/div><\/div> <\/div>\n\n\n<!-- wp:image {\"id\":1038,\"width\":406,\"height\":304,\"sizeSlug\":\"large\"}--><div class=\"gridContainer\">\n<figure class=\"wp-block-image size-large is-resized\"><a class=\"customize-unpreviewable\" href=\"https:\/\/copernicus.chmi.cz\/wp-content\/uploads\/2020\/07\/UseCase_Forestry_ForestMapping.pdf\"><img fetchpriority=\"high\" decoding=\"async\" src=\"https:\/\/copernicus.chmi.cz\/wp-content\/uploads\/2020\/07\/les-2020-07-15-153200.png\" alt=\"\" class=\"wp-image-1038\" width=\"406\" height=\"304\" srcset=\"https:\/\/copernicus.chmi.cz\/wp-content\/uploads\/2020\/07\/les-2020-07-15-153200.png 956w, https:\/\/copernicus.chmi.cz\/wp-content\/uploads\/2020\/07\/les-2020-07-15-153200-300x225.png 300w, https:\/\/copernicus.chmi.cz\/wp-content\/uploads\/2020\/07\/les-2020-07-15-153200-768x577.png 768w\" sizes=\"(max-width: 406px) 100vw, 406px\" \/><\/a><\/figure>\n<\/div><!-- \/wp:image-->\n\n<!-- wp:image {\"id\":1033,\"width\":404,\"height\":203,\"sizeSlug\":\"large\"}--><div class=\"gridContainer\">\n<figure class=\"wp-block-image size-large is-resized\"><a class=\"customize-unpreviewable\" href=\"https:\/\/land.copernicus.eu\/pan-european\/high-resolution-layers\/forests\/tree-cover-density\/status-maps\/2015\"><img decoding=\"async\" src=\"https:\/\/copernicus.chmi.cz\/wp-content\/uploads\/2020\/07\/lesnictv\u00ed-2020-07-15-152457-1024x516.png\" alt=\"\" class=\"wp-image-1033\" width=\"404\" height=\"203\" srcset=\"https:\/\/copernicus.chmi.cz\/wp-content\/uploads\/2020\/07\/lesnictv\u00ed-2020-07-15-152457-1024x516.png 1024w, https:\/\/copernicus.chmi.cz\/wp-content\/uploads\/2020\/07\/lesnictv\u00ed-2020-07-15-152457-300x151.png 300w, https:\/\/copernicus.chmi.cz\/wp-content\/uploads\/2020\/07\/lesnictv\u00ed-2020-07-15-152457-768x387.png 768w, https:\/\/copernicus.chmi.cz\/wp-content\/uploads\/2020\/07\/lesnictv\u00ed-2020-07-15-152457-1536x774.png 1536w, https:\/\/copernicus.chmi.cz\/wp-content\/uploads\/2020\/07\/lesnictv\u00ed-2020-07-15-152457-1232x621.png 1232w, https:\/\/copernicus.chmi.cz\/wp-content\/uploads\/2020\/07\/lesnictv\u00ed-2020-07-15-152457.png 1735w\" sizes=\"(max-width: 404px) 100vw, 404px\" \/><\/a><figcaption>Hustota zalesn\u011bn\u00ed, HRL 2015 (Slu\u017eba CLMS)<\/figcaption><\/figure>\n<\/div><!-- \/wp:image-->","protected":false},"excerpt":{"rendered":"","protected":false},"author":6,"featured_media":0,"parent":940,"menu_order":0,"comment_status":"closed","ping_status":"closed","template":"pro\/page-templates\/full-width-page.php","meta":{"footnotes":""},"class_list":["post-1029","page","type-page","status-publish","hentry"],"_links":{"self":[{"href":"https:\/\/copernicus.chmi.cz\/index.php\/wp-json\/wp\/v2\/pages\/1029","targetHints":{"allow":["GET"]}}],"collection":[{"href":"https:\/\/copernicus.chmi.cz\/index.php\/wp-json\/wp\/v2\/pages"}],"about":[{"href":"https:\/\/copernicus.chmi.cz\/index.php\/wp-json\/wp\/v2\/types\/page"}],"author":[{"embeddable":true,"href":"https:\/\/copernicus.chmi.cz\/index.php\/wp-json\/wp\/v2\/users\/6"}],"replies":[{"embeddable":true,"href":"https:\/\/copernicus.chmi.cz\/index.php\/wp-json\/wp\/v2\/comments?post=1029"}],"version-history":[{"count":7,"href":"https:\/\/copernicus.chmi.cz\/index.php\/wp-json\/wp\/v2\/pages\/1029\/revisions"}],"predecessor-version":[{"id":2244,"href":"https:\/\/copernicus.chmi.cz\/index.php\/wp-json\/wp\/v2\/pages\/1029\/revisions\/2244"}],"up":[{"embeddable":true,"href":"https:\/\/copernicus.chmi.cz\/index.php\/wp-json\/wp\/v2\/pages\/940"}],"wp:attachment":[{"href":"https:\/\/copernicus.chmi.cz\/index.php\/wp-json\/wp\/v2\/media?parent=1029"}],"curies":[{"name":"wp","href":"https:\/\/api.w.org\/{rel}","templated":true}]}}